Logo Wetterstation Wiehl

NOAA - Klima Report


Report for 2019 Nov
                   Monthly Climatological Summary for Nov 2019

Name: Wetterstation   City: Wiehl   State: German
Elevation: 198 m  Lat: N 50° 58' 21"   Lon: E 007° 29' 36"

                  Temperature (°C), Rain (mm), Wind Speed (km/h)

                                      Heat  Cool        Avg
    Mean                              Deg   Deg         Wind                 Dom
Day Temp  High   Time   Low    Time   Days  Days  Rain  Speed High   Time    Dir
----------------------------------------------------------------------------------
 1   5,9  10,5   23:57   0,6   03:46  12,4   0,0   0,0   0,6   7,2   12:53   ESE
 2  12,6  14,9   12:14  10,5   00:00   5,7   0,0   0,0   0,6  11,2   20:42   ESE
 3  11,8  14,5   14:21   9,9   04:17   6,5   0,0   0,0   1,3  12,2   14:25   ESE
 4  10,1  11,6   11:19   8,2   22:53   8,2   0,0   0,0   0,4  12,2   11:44   ESE
 5   9,3  12,0   13:18   7,4   23:50   9,0   0,0   0,0   0,2   6,1   01:26   ESE
 6   8,4  10,6   13:30   7,1   02:34   9,9   0,0   0,0   0,0   5,0   10:42   ESE
 7   7,7   9,9   11:03   4,2   23:57  10,6   0,0   0,0   1,0  14,8   11:13   ESE
 8   4,6   8,8   14:15   1,1   06:16  13,7   0,0   0,0   0,0   3,6   12:39    SE
 9   4,7   7,4   12:07   1,3   23:56  13,6   0,0   0,0   0,4   9,7   13:52   ESE
10   2,6   8,3   13:56  -1,1   07:37  15,7   0,0   0,0   0,3   8,6   21:57   ESE
11   4,2   6,4   13:19   2,4   01:24  14,1   0,0   0,0   2,0  15,8   11:39   ESE
12   4,2   7,1   14:28   0,2   23:23  14,1   0,0   0,0   1,2  19,4   09:37   ESE
13   3,6   6,0   13:04   0,3   04:31  14,7   0,0   0,0   0,6   8,6   08:21   ESE
14   5,4   8,6   14:26   2,0   23:40  12,9   0,0   0,0   1,3  13,3   10:09   ESE
15   3,7   7,3   15:17   0,5   03:54  14,6   0,0   0,0   0,3   7,2   15:45   ESE
16   3,8   7,1   13:16   0,0   23:44  14,5   0,0   0,0   0,3   8,6   10:49   ESE
----------------------------------------------------------------------------------
     6,4  14,9     2    -1,1    10   190,2   0,0   0,0   0,7  19,4    12     ESE

Max >=  27,0:  0
Max <=   0,0:  0
Min <=   0,0:  2
Min <= -18,0:  0
Max Rain: 0,0 on day 0
Days of Rain: 0 (>= 0,2 mm)  0 (>= 2,0 mm)  0 (>= 20,0 mm)
Heat Base: 18,3  Cool Base: 18,3  Method: Integration
 
  • Webcam

  • Webcam


  • Ihre Meinung

  • Wie gefällt Ihnen meine Website?
    sehr gut!
    gut
    geht so
    naja
    ungenügend
    möchte ich nicht sagen
    Archiv   Ergebnis
  • Status

  • Besucher
    Heute:
    479
    Gestern:
    513
    Gesamt:
    1.181.739

    Seitenzugriffe
    Heute:
    2.188
    Gestern:
    2.644
  • Benutzer & Gäste
    1 Benutzer registriert, davon online: 4 Gäste
 

Seite in 0.01572 Sekunden generiert