Logo Wetterstation Wiehl / Bielstein

NOAA - Klima Report


Report for 2024 Jun
                   Monthly Climatological Summary for Jun 2024

Name: Wetterstation   City: Wiehl   State: German
Elevation: 222 m  Lat: N 50° 57' 09"   Lon: E 007° 29' 22"

                  Temperature (°C), Rain (mm), Wind Speed (km/h)

                                      Heat  Cool        Avg
    Mean                              Deg   Deg         Wind                 Dom
Day Temp  High   Time   Low    Time   Days  Days  Rain  Speed High   Time    Dir
----------------------------------------------------------------------------------
01  16,9  21,7   18:31  14,0   04:35   1,8   0,4   0,0   0,3   8,6   10:59     N
02  15,5  17,4   16:37  13,1   23:59   2,8   0,0   0,0   0,4   9,7   00:18   NNW
03  13,8  16,7   16:11  11,0   04:51   4,5   0,0   0,0   0,1   7,2   12:30     N
04  16,9  22,2   18:07  12,3   05:15   2,4   1,0   0,0   0,6  13,3   11:51     E
05  15,1  18,4   17:19  10,8   23:31   3,2   0,0   4,8   0,1  11,2   13:58   NNE
06  15,5  49,6   12:10   7,9   06:07   3,6   0,8   0,0   0,7  13,3   08:51     N
07  16,1  23,1   09:36   7,1   05:38   3,5   1,3   0,0   0,2  11,2   15:02     N
08  17,0  24,1   11:51   7,4   05:33   3,3   2,0   0,0   0,6  15,8   12:14   NNE
09  16,8  24,1   09:01   9,5   05:29   2,8   1,3   0,0   0,0   7,2   16:24    NW
10  11,6  16,9   07:59   6,3   05:06   6,7   0,0   3,6   0,0  12,2   23:09   WNW
11  13,1  18,0   16:24   8,7   23:58   5,2   0,0   0,0   0,0  11,2   09:58    NW
12  11,9  18,3   09:59   4,8   05:21   6,4   0,0   0,0   0,0   0,0   00:00     N
13  14,7  20,7   09:19   6,4   04:24   3,9   0,3   0,0   0,0  44,3   21:03   ESE
14  15,6  19,0   16:55  12,2   05:43   2,7   0,0   0,0   0,0  18,4   11:16    SE
15  16,9  20,3   14:48  13,7   05:11   1,7   0,3   6,3   0,0  12,2   15:48    SE
16  16,2  19,9   12:41  13,2   23:56   2,2   0,1   0,6   0,6  18,4   17:59   ESE
17  17,1  22,8   10:55  13,2   00:00   1,7   0,5  13,5   0,2  14,8   10:35     E
18  18,8  26,5   10:16   7,0   20:58   1,6   2,1   5,4   0,3  14,8   15:56     E
19  17,1  21,9   16:42  12,6   23:56   1,8   0,6   3,9   0,0   9,7   14:34     E
20  18,0  23,7   18:27   9,8   05:27   2,4   2,0   0,9   0,4  15,8   14:23   ESE
21  19,7  25,2   14:59  14,2   22:36   0,6   2,0   0,0   1,0  19,4   15:22     E
22  17,1  22,5   16:09  11,1   05:29   2,2   0,9   0,0   0,4  11,2   17:04    NE
23  19,5  26,2   10:08  12,1   05:48   1,7   2,9   0,0   0,2   7,2   08:53    NE
----------------------------------------------------------------------------------
    16,1  49,6     6     4,8    12    68,8  18,6  39,0   0,3  44,3    13      NE

Max >=  27,0  1
Max <=   0,0  0
Min <=   0,0  0
Min <= -18,0  0
Max Rain: 13,5 on day 17
Days of Rain: 6 (>= 2,0 mm)  6 (>= 2,0 mm)  0 (>= 20,0 mm)
Heat Base: 18,3  Cool Base: 18,3  Method: Integration
 
  • Webcam

  • Webcam


  • Ihre Meinung

  • Was finden Sie auf meiner Website interessant?
    Artikel
    FAQ
    Links
    Downloads
    Forum
    etwas anderes
    Archiv   Ergebnis
  • Status

  • Besucher
    Heute:
    483
    Gestern:
    546
    Gesamt:
    1.800.617

    Seitenzugriffe
    Heute:
    8.116
    Gestern:
    12.464
  • Benutzer & Gäste
    1 Benutzer registriert, davon online: 4 Gäste
 

Seite in 0.06790 Sekunden generiert