Logo Wetterstation Wiehl / Bielstein

NOAA - Klima Report


Report for 2022 Jun
                   Monthly Climatological Summary for Jun 2022

Name: Wetterstation   City: Wiehl   State: German
Elevation: 222 m  Lat: N 50° 57' 09"   Lon: E 007° 29' 22"

                  Temperature (°C), Rain (mm), Wind Speed (km/h)

                                      Heat  Cool        Avg
    Mean                              Deg   Deg         Wind                 Dom
Day Temp  High   Time   Low    Time   Days  Days  Rain  Speed High   Time    Dir
----------------------------------------------------------------------------------
01  13,8  20,5   09:20   6,9   05:07   4,6   0,1   0,6   0,5  11,0   16:39   NNW
02  15,0  22,3   11:33   4,5   05:12   4,5   1,2   0,0   0,6  15,0   11:40     E
03  19,0  26,7   15:48   7,4   04:25   3,0   3,8   0,0   0,5  16,0   11:33     E
04  20,9  27,0   11:48  12,8   05:50   1,2   3,8   0,0   0,7  15,0   18:13   ESE
05  17,9  22,2   09:56  14,3   05:25   1,2   0,8   7,8   1,1  23,0   18:12   ESE
06  18,5  23,7   11:05  15,1   05:58   1,0   1,2   1,2   0,8  18,0   12:28    NE
07  17,0  23,0   10:25  10,2   05:29   2,2   1,0   9,0   0,6  15,0   09:10   ENE
08  16,3  23,0   11:51  12,7   05:24   2,5   0,5   6,3   1,0  16,0   11:10   ESE
09  15,6  21,0   13:23  11,8   23:52   2,9   0,2   1,5   0,3  18,0   13:33   NNW
10  17,8  23,8   16:16   8,4   05:40   2,8   2,3   0,0   0,6  18,0   17:18     E
11  21,2  26,2   14:21  16,2   05:09   0,5   3,4   0,0   0,5  15,0   12:28     E
12  19,8  28,1   09:16  12,3   05:31   1,5   3,0   0,0   0,5  15,0   12:22   NNW
13  15,9  21,6   15:09  10,7   04:45   2,9   0,5   0,3   0,6  13,0   13:13   NNW
14  17,0  24,1   11:00   6,4   05:21   3,5   2,3   0,0   0,4  11,0   12:12     E
15  21,4  30,0   11:44   9,5   05:43   2,2   5,4   0,0   0,2  11,0   14:20   NNE
16  20,8  27,9   10:44  14,3   05:59   1,0   3,5   0,0   0,4  13,0   11:24   NNW
17  21,1  28,6   15:45  10,5   05:54   2,0   4,8   0,0   0,9  15,0   12:17     E
18  25,7  33,6   15:35  14,4   04:18   0,8   8,2   0,0   0,7  12,0   13:36     E
19  22,5  27,0   08:44  17,4   23:57   0,0   4,2   0,0   0,8  17,0   13:16     N
20  16,1  21,2   15:53  11,6   23:56   2,6   0,5  17,4   0,3  12,0   18:12   NNW
21  17,9  24,6   16:07   7,4   05:15   3,0   2,6   0,0   0,4  12,0   11:32     E
22  21,2  29,3   12:07  10,2   05:34   1,9   4,9   0,0   0,4  11,0   12:14   ENE
23  24,1  30,7   17:05  13,3   04:55   1,1   6,9   0,0   1,3  19,0   11:18   ESE
24  21,4  25,0   16:25  17,9   23:47   0,0   3,1   4,8   0,8  18,0   10:43     E
25  21,3  26,6   10:33  13,9   05:33   0,9   4,0   0,0   0,8  17,0   13:22     E
26  19,1  23,6   13:40  15,6   05:33   0,5   1,3   0,0   0,1   9,0   01:48   NNW
27  17,6  22,5   16:44  13,0   23:58   1,4   0,7   1,2   0,2  12,0   17:42     N
28  18,9  25,0   16:11  12,0   05:45   2,2   2,8   0,0   0,6  15,0   14:44   ESE
29  19,9  27,5   18:07  13,1   05:28   1,3   3,0   0,0   0,3  10,0   16:48     E
----------------------------------------------------------------------------------
    19,1  33,6    18     4,5     2    55,2  80,0  50,1   0,6  23,0     5     ENE

Max >=  27,0 10
Max <=   0,0  0
Min <=   0,0  0
Min <= -18,0  0
Max Rain: 17,4 on day 20
Days of Rain: 5 (>= 2,0 mm)  5 (>= 2,0 mm)  0 (>= 20,0 mm)
Heat Base: 18,3  Cool Base: 18,3  Method: Integration
 
  • Webcam

  • Webcam


  • Ihre Meinung

  • Wie gefällt Ihnen meine Website?
    sehr gut!
    gut
    geht so
    naja
    ungenügend
    möchte ich nicht sagen
    Archiv   Ergebnis
  • Status

  • Besucher
    Heute:
    239
    Gestern:
    314
    Gesamt:
    1.564.363

    Seitenzugriffe
    Heute:
    2.937
    Gestern:
    6.273
  • Benutzer & Gäste
    1 Benutzer registriert, davon online: 5 Gäste
 

Seite in 0.02197 Sekunden generiert