Logo Wetterstation Wiehl

NOAA - Klima Report


Report for 2021 May
                   Monthly Climatological Summary for Mai 2021

Name: Wetterstation   City: Wiehl   State: German
Elevation: 222 m  Lat: N 50° 57' 09"   Lon: E 007° 29' 22"

                  Temperature (°C), Rain (mm), Wind Speed (km/h)

                                      Heat  Cool        Avg
    Mean                              Deg   Deg         Wind                 Dom
Day Temp  High   Time   Low    Time   Days  Days  Rain  Speed High   Time    Dir
----------------------------------------------------------------------------------
01   9,9  13,8   11:25   5,8   06:10   8,4   0,0   0,6   0,5  11,0   15:37   NNW
02   8,0  12,4   16:44   4,4   23:55  10,3   0,0   0,0   0,8  17,0   17:09   NNW
03   8,5  15,2   13:32  -0,7   05:33   9,8   0,0   0,0   1,5  22,0   11:29   ESE
04  10,7  15,3   16:10   0,0   13:48   7,6   0,0   3,3   4,0  27,0   04:20     E
05   7,3  11,5   15:05   3,4   23:47  11,0   0,0   1,5   1,4  22,0   16:18   NNW
06   7,2  13,8   15:12   2,3   04:40  11,1   0,0   2,7   0,5  15,0   11:39   ESE
07   6,9  11,6   16:16   3,5   11:12  11,4   0,0   6,9   0,6  17,0   15:38   NNW
08  10,2  17,0   18:24  -0,1   05:46   8,1   0,0   0,0   2,8  27,0   13:23   ESE
09  19,3  27,4   16:12   6,4   06:27   3,0   4,0   0,0   3,7  37,0   15:22    SE
----------------------------------------------------------------------------------
     9,8  27,4     9    -0,7     3    80,7   4,0  15,0   1,8  37,0     9       E

Max >=  27,0  1
Max <=   0,0  0
Min <=   0,0  3
Min <= -18,0  0
Max Rain: 6,9 on day 7
Days of Rain: 3 (>= 2,0 mm)  3 (>= 2,0 mm)  0 (>= 20,0 mm)
Heat Base: 18,3  Cool Base: 18,3  Method: Integration
 
  • Webcam

  • Webcam


  • Ihre Meinung

  • Was finden Sie auf meiner Website interessant?
    Artikel
    FAQ
    Links
    Downloads
    Forum
    etwas anderes
    Archiv   Ergebnis
  • Status

  • Besucher
    Heute:
    58
    Gestern:
    297
    Gesamt:
    1.426.110

    Seitenzugriffe
    Heute:
    217
    Gestern:
    4.817
  • Benutzer & Gäste
    1 Benutzer registriert, davon online: 5 Gäste
 

Seite in 0.01590 Sekunden generiert