Logo Wetterstation Wiehl / Bielstein

NOAA - Klima Report


Report for 2022 Jan
                   Monthly Climatological Summary for Jan 2022

Name: Wetterstation   City: Wiehl   State: German
Elevation: 222 m  Lat: N 50° 57' 09"   Lon: E 007° 29' 22"

                  Temperature (°C), Rain (mm), Wind Speed (km/h)

                                      Heat  Cool        Avg
    Mean                              Deg   Deg         Wind                 Dom
Day Temp  High   Time   Low    Time   Days  Days  Rain  Speed High   Time    Dir
----------------------------------------------------------------------------------
01  11,3  13,5   14:45   7,4   23:55   7,0   0,0   0,0   0,8  11,0   13:10     E
02   9,2  12,3   14:25   6,6   02:15   9,1   0,0  13,5   0,5  13,0   23:55    NE
03   9,1  10,3   12:05   7,8   17:35   9,2   0,0  25,8   1,0  17,0   02:25   NNW
04   6,5   8,2   00:00   4,5   23:55  11,8   0,0  18,9   0,2   7,0   18:00     N
05   2,9   4,5   00:00   1,2   07:45  15,4   0,0  10,8   1,1  12,0   08:50   NNW
06   2,8   4,4   13:25   0,1   20:40  15,5   0,0   0,3   0,4   7,0   05:35   ENE
07   1,8   3,5   15:28   0,4   00:00  16,2   0,0   7,2   1,8  12,0   04:35   ESE
08   2,0   3,3   13:08   0,9   01:04  16,3   0,0  14,7   2,7  21,0   19:17   ESE
09   4,0   5,4   13:36   2,9   05:04  14,3   0,0  13,5   1,6  22,0   00:11   ENE
10   1,9   4,9   12:38  -0,2   23:57  16,4   0,0   0,0   0,6  10,0   16:16   ESE
11   0,0   4,4   13:44  -2,6   08:36  18,3   0,0   0,0   0,2   7,0   00:45   ESE
12   1,2   3,8   14:41  -1,8   00:00  17,1   0,0   0,0   0,1   7,0   18:52     E
13   1,2   3,0   14:13  -0,9   23:26  17,1   0,0   0,0   0,4   7,0   08:46   ESE
14   0,6   3,6   15:08  -2,9   07:59  17,7   0,0   0,0   0,1   6,0   20:59     E
15   1,5   2,7   14:17   0,5   00:07  16,8   0,0   0,0   2,8  13,0   09:12   ESE
16   3,1   5,4   13:58   1,1   00:10  15,2   0,0   1,2   1,1  11,0   00:38   ESE
17   5,4   6,8   20:35   4,2   00:00  12,9   0,0   3,6   1,0  13,0   12:36   NNW
18   6,3   8,1   13:04   3,1   23:59  12,0   0,0   0,0   0,1  11,0   20:47   ESE
19   3,4   4,7   22:23   0,9   01:57  14,9   0,0   3,9   1,0  12,0   04:39     E
20   3,1   5,1   10:15   1,7   22:47  15,2   0,0   0,9   1,7  18,0   10:47   NNW
21   2,6   4,5   20:07   1,2   01:33  15,7   0,0   0,9   0,6  13,0   22:20     N
22   4,5   5,8   16:46   3,5   02:13  13,8   0,0   0,6   0,6  10,0   01:33     N
23   5,1   7,1   12:36   4,1   08:08  13,2   0,0   0,0   0,2  10,0   23:25     E
24   4,0   4,7   00:00   2,6   23:25  14,3   0,0   0,0   2,4  17,0   04:55   ESE
25   1,8   2,7   00:07   1,1   08:52  16,5   0,0   0,0   0,4  10,0   00:22     E
26   1,9   2,5   11:40   1,3   23:01  16,4   0,0   0,0   0,2   9,0   10:34    NE
----------------------------------------------------------------------------------
     3,7  13,5     1    -2,9    14   378,3   0,0 115,8   0,9  22,0     9       E

Max >=  27,0  0
Max <=   0,0  0
Min <=   0,0  5
Min <= -18,0  0
Max Rain: 25,8 on day 3
Days of Rain: 9 (>= 2,0 mm)  9 (>= 2,0 mm)  1 (>= 20,0 mm)
Heat Base: 18,3  Cool Base: 18,3  Method: Integration
 
  • Webcam

  • Webcam


  • Ihre Meinung

  • Wie gefällt Ihnen meine Website?
    sehr gut!
    gut
    geht so
    naja
    ungenügend
    möchte ich nicht sagen
    Archiv   Ergebnis
  • Status

  • Besucher
    Heute:
    34
    Gestern:
    345
    Gesamt:
    1.512.523

    Seitenzugriffe
    Heute:
    72
    Gestern:
    5.725
  • Benutzer & Gäste
    1 Benutzer registriert, davon online: 3 Gäste
 

Seite in 0.08275 Sekunden generiert