Logo Wetterstation Wiehl

NOAA - Klima Report


Report for 2019 Jul
                   Monthly Climatological Summary for Jul 2019

Name: Wetterstation   City: Wiehl   State: German
Elevation: 289 m  Lat: N 50° 57' 48"   Lon: E 007° 29' 22"

                  Temperature (°C), Rain (mm), Wind Speed (km/h)

                                      Heat  Cool        Avg
    Mean                              Deg   Deg         Wind                 Dom
Day Temp  High   Time   Low    Time   Days  Days  Rain  Speed High   Time    Dir
----------------------------------------------------------------------------------
 1  23,1  26,2   14:44  19,3   23:59   0,0   4,8   0,0   0,0   0,0   00:00   ---
 2  20,8  30,4   08:14  14,2   06:07   0,6   3,0   0,0   0,0   0,0   00:00   ---
 3  19,3  30,1   08:27  11,7   05:54   1,6   2,6   0,0   0,0   0,0   00:00   ---
 4  20,0  28,9   08:30  10,8   06:46   1,8   3,5   0,0   0,0   0,0   00:00   ---
 5  20,9  26,3   15:20  14,9   04:27   0,7   3,3   0,0   0,0   0,0   00:00   ---
 6  22,0  28,5   14:50  15,1   05:46   0,5   4,2   0,0   0,0   0,0   00:00   ---
 7  18,7  22,2   15:54  14,9   23:49   0,8   1,2   0,0   0,0   0,0   00:00   ---
 8  15,3  18,5   14:40  10,3   04:53   3,1   0,0   0,0   0,0   0,0   00:00   ---
 9  16,0  21,3   15:32  10,2   05:18   2,8   0,5   0,0   0,0   0,0   00:00   ---
10  17,9  25,0   16:56   9,1   06:40   2,7   2,3   0,0   0,0   0,0   00:00   ---
11  16,0  16,0   00:31  15,6   00:00   2,3   0,0   0,0   0,0   0,0   00:00   ---
12  16,0  16,0   00:00  16,0   00:00   2,3   0,0   0,0   0,0   0,0   00:00   ---
13  16,0  16,0   00:00  16,0   00:00   2,3   0,0   0,0   0,0   0,0   00:00   ---
14  16,0  16,0   00:00  16,0   00:00   2,3   0,0   0,0   0,0   0,0   00:00   ---
15  16,0  16,0   00:00  16,0   00:00   2,3   0,0   0,0   0,0   0,0   00:00   ---
16  16,0  17,8   20:23  14,1   23:39   2,3   0,0   0,0   0,0   0,0   00:00   ---
17  15,7  20,9   18:48  10,6   05:11   3,1   0,5   0,0   0,0   0,0   00:00   ---
18  19,9  26,9   14:36  12,1   05:49   1,6   3,3   0,0   0,0   0,0   00:00   ---
19  21,3  25,1   14:34  17,2   07:26   0,1   3,1   0,0   0,0   0,0   00:00   ---
----------------------------------------------------------------------------------
    18,3  30,4     2     9,1    10    33,2  32,3   0,0   0,0   0,0     0     ---

Max >=  27,0:  4
Max <=   0,0:  0
Min <=   0,0:  0
Min <= -18,0:  0
Max Rain: 0,0 on day 0
Days of Rain: 0 (>= 0,2 mm)  0 (>= 2,0 mm)  0 (>= 20,0 mm)
Heat Base: 18,3  Cool Base: 18,3  Method: Integration
 
  • Webcam

  • Webcam


  • Ihre Meinung

  • Was finden Sie auf meiner Website interessant?
    Artikel
    FAQ
    Links
    Downloads
    Forum
    etwas anderes
    Archiv   Ergebnis
  • Status

  • Besucher
    Heute:
    152
    Gestern:
    539
    Gesamt:
    1.124.049

    Seitenzugriffe
    Heute:
    311
    Gestern:
    2.406
  • Benutzer & Gäste
    1 Benutzer registriert, davon online: 5 Gäste
 

Seite in 0.01612 Sekunden generiert