Logo Wetterstation Wiehl / Bielstein

NOAA - Klima Report


Report for 2021 Oct
                   Monthly Climatological Summary for Okt 2021

Name: Wetterstation   City: Wiehl   State: German
Elevation: 222 m  Lat: N 50° 57' 09"   Lon: E 007° 29' 22"

                  Temperature (°C), Rain (mm), Wind Speed (km/h)

                                      Heat  Cool        Avg
    Mean                              Deg   Deg         Wind                 Dom
Day Temp  High   Time   Low    Time   Days  Days  Rain  Speed High   Time    Dir
----------------------------------------------------------------------------------
01  12,3  18,2   16:27   5,8   05:57   6,0   0,0   0,0   1,7  21,0   11:33   ESE
02  14,4  17,3   15:21  11,4   02:13   3,9   0,0   6,6   1,9  24,0   14:59   ESE
03  17,5  20,3   14:56  11,3   23:48   1,4   0,5   4,2   5,0  30,0   13:48   ESE
04  11,8  17,3   15:16   7,6   23:16   6,5   0,0   0,0   0,9  18,0   14:07   ESE
05  11,2  17,2   13:51   7,0   01:20   7,1   0,0   8,4   1,2  27,0   13:02   ESE
06  10,6  12,2   12:23   9,1   06:56   7,6   0,0  19,5   0,3  12,0   11:58     E
07  12,4  17,5   14:45   7,3   23:59   5,9   0,0   4,5   0,3   9,0   14:32     E
08  11,1  21,5   11:00   3,6   07:01   7,2   0,1   0,0   0,4  12,0   14:16     E
09  10,6  20,4   10:40   4,1   07:28   7,7   0,0   0,0   0,3  13,0   12:42   ESE
10   8,1  16,2   14:41   1,2   07:31  10,1   0,0   0,0   0,0   6,0   12:51     E
11   9,1  14,6   16:00   4,0   01:01   9,2   0,0   0,3   0,1   9,0   19:01   NNE
12   9,1  12,5   15:20   4,4   23:56   9,2   0,0  11,1   0,0   9,0   10:43     N
13   7,5  12,6   14:25   2,7   03:52  10,8   0,0   0,6   0,0   6,0   14:11   WNW
14  10,8  14,5   16:31   8,8   00:00   7,5   0,0   1,5   0,0   6,0   15:19     E
15  10,1  13,5   15:27   5,9   23:48   8,2   0,0   0,6   0,4  11,0   14:50   ESE
16   7,2  13,6   15:06   1,6   08:33  11,1   0,0   0,0   0,1   7,0   12:34     E
----------------------------------------------------------------------------------
    10,9  21,5     8     1,2    10   119,4   0,6  57,3   0,8  30,0     3     ESE

Max >=  27,0  0
Max <=   0,0  0
Min <=   0,0  0
Min <= -18,0  0
Max Rain: 19,5 on day 6
Days of Rain: 6 (>= 2,0 mm)  6 (>= 2,0 mm)  0 (>= 20,0 mm)
Heat Base: 18,3  Cool Base: 18,3  Method: Integration
 
  • Webcam

  • Webcam


  • Ihre Meinung

  • Wie gefällt Ihnen meine Website?
    sehr gut!
    gut
    geht so
    naja
    ungenügend
    möchte ich nicht sagen
    Archiv   Ergebnis
  • Status

  • Besucher
    Heute:
    262
    Gestern:
    318
    Gesamt:
    1.477.609

    Seitenzugriffe
    Heute:
    3.457
    Gestern:
    3.854
  • Benutzer & Gäste
    1 Benutzer registriert, davon online: 4 Gäste
 

Seite in 0.02492 Sekunden generiert