Logo Wetterstation Wiehl

NOAA - Klima Report


Report for 2020 Mar
                   Monthly Climatological Summary for Mrz 2020

Name: Wetterstation   City: Wiehl   State: German
Elevation: 198 m  Lat: N 50° 58' 21"   Lon: E 007° 29' 36"

                  Temperature (°C), Rain (mm), Wind Speed (km/h)

                                      Heat  Cool        Avg
    Mean                              Deg   Deg         Wind                 Dom
Day Temp  High   Time   Low    Time   Days  Days  Rain  Speed High   Time    Dir
----------------------------------------------------------------------------------
 1   6,8  10,9   13:06   3,5   03:07  11,5   0,0   4,5   1,3  20,9   12:15   NNE
 2   5,8   9,8   14:58   1,1   07:06  12,5   0,0   2,6   1,8  18,4   13:19     E
 3   4,8   8,1   15:08   0,6   23:57  13,6   0,0   1,0   0,6  20,9   01:40   NNE
 4   4,1   9,7   14:25   0,6   00:00  14,1   0,0   2,6   0,7  17,3   16:24   ENE
 5   4,7   6,5   13:25   1,2   00:00  13,6   0,0  10,6   2,9  17,3   14:58     E
 6   5,0   6,3   04:28   3,8   11:05  13,3   0,0   2,9   1,0  17,3   13:45     N
 7   5,6   8,5   12:36   3,5   07:25  12,7   0,0   0,0   0,6  13,3   04:31     N
 8   8,1  12,3   12:58   5,7   04:07  10,2   0,0   2,9   3,2  23,4   11:58     E
 9   7,2  10,6   14:47   5,2   23:58  11,1   0,0   1,0   0,5  15,8   14:48   NNE
10   8,5  12,2   19:28   5,1   06:07   9,8   0,0  24,7   2,4  19,4   04:13     E
11  11,9  12,9   11:51  11,4   21:39   6,4   0,0  16,1   1,4  25,6   06:13     N
12   9,7  12,0   12:07   3,5   22:44   8,6   0,0   2,6   1,6  28,1   09:27     N
13   7,1  10,8   13:34   4,6   00:00  11,2   0,0   0,0   1,5  17,3   11:02     N
14   6,9  11,9   14:37   2,5   08:07  11,4   0,0   0,0   2,2  18,4   14:41     E
15   9,4  14,6   15:28   4,2   23:59   8,9   0,0   0,0   3,8  25,6   12:43     E
16   9,6  17,3   14:25   0,7   06:43   8,7   0,0   0,0   0,5  13,3   13:36     E
17  10,8  16,7   10:19   4,8   23:55   7,5   0,0   0,0   0,6  15,8   14:38     N
18   9,6  17,4   14:53   1,3   05:33   8,7   0,0   0,0   0,8  14,8   11:15   ENE
19  11,2  16,9   10:23   5,0   05:53   7,1   0,0   0,0   0,7  11,2   10:58   NNE
20   9,4  12,4   07:56   5,2   23:08   8,9   0,0   0,0   2,4  30,6   21:43    NW
21   6,4  10,3   08:25   2,4   23:45  11,9   0,0   0,0   4,6  35,6   13:52   ENE
22   4,8   9,6   15:00   1,1   06:11  13,5   0,0   0,0   6,1  34,2   08:51     E
23   3,9   8,6   16:13  -0,3   05:33  14,4   0,0   0,0   5,5  31,7   07:50     E
24   4,0   9,5   13:59  -2,3   06:07  14,3   0,0   0,0   3,5  28,1   14:09     E
25   5,1  12,0   16:11  -4,2   06:16  13,2   0,0   0,0   3,3  30,6   13:26     E
26   5,8  11,3   14:49  -1,4   05:41  12,5   0,0   0,0   2,8  29,5   09:59     E
27   8,7  16,6   15:23  -0,7   05:46   9,6   0,0   0,0   1,8  22,0   13:22   ENE
28   9,7  19,7   09:37   1,8   06:18   8,6   0,0   0,0   3,0  19,4   11:14    NW
29   3,9   6,8   11:35   1,6   23:58  13,8   0,0   0,0   4,4  18,4   18:08    NW
30   3,5  10,0   11:39  -4,3   06:45  14,8   0,0   0,0   1,0  12,2   17:58    NW
----------------------------------------------------------------------------------
     7,1  19,7    28    -4,3    30   336,4   0,0  71,5   2,2  35,6    21     ENE

Max >=  27,0:  0
Max <=   0,0:  0
Min <=   0,0:  6
Min <= -18,0:  0
Max Rain: 24,7 on day 10
Days of Rain: 11 (>= 0,2 mm)  9 (>= 2,0 mm)  1 (>= 20,0 mm)
Heat Base: 18,3  Cool Base: 18,3  Method: Integration
 
  • Webcam

  • Webcam


  • Ihre Meinung

  • Was finden Sie auf meiner Website interessant?
    Artikel
    FAQ
    Links
    Downloads
    Forum
    etwas anderes
    Archiv   Ergebnis
  • Status

  • Besucher
    Heute:
    366
    Gestern:
    502
    Gesamt:
    1.252.863

    Seitenzugriffe
    Heute:
    1.673
    Gestern:
    4.291
  • Benutzer & Gäste
    1 Benutzer registriert, davon online: 1 Gast
 

Seite in 0.01907 Sekunden generiert