Logo Wetterstation Wiehl

NOAA - Klima Report


Report for 2018 Sep
                   Monthly Climatological Summary for Sep 2018

Name: Wetterstation   City: Wiehl   State: German
Elevation: 289 m  Lat: N 50° 58' 14"   Lon: E 007° 31' 15"

                  Temperature (°C), Rain (mm), Wind Speed (km/h)

                                      Heat  Cool        Avg
    Mean                              Deg   Deg         Wind                 Dom
Day Temp  High   Time   Low    Time   Days  Days  Rain  Speed High   Time    Dir
----------------------------------------------------------------------------------
 1  15,7  25,7   17:15   6,9   06:19   4,2   1,6   0,0   2,6  27,0   13:21     N
 2  17,6  28,5   15:37   8,1   06:16   3,2   2,5   0,0   4,8  28,1   13:35   NNE
 3  19,0  22,6   13:26  16,7   07:19   0,4   1,1   0,0   1,9  17,3   00:10   NNW
 4  20,0  30,1   13:58  13,7   06:56   1,0   2,7   0,6   1,4  15,8   14:11   NNE
 5  22,2  30,3   15:28  15,7   06:38   0,6   4,5   0,0   1,4  15,8   15:50   WNW
 6  18,4  21,7   15:10  15,7   05:41   0,6   0,7   1,6   1,3  12,2   10:29     W
 7  15,0  19,5   17:53   9,0   23:58   3,3   0,0   0,3   3,0  20,9   11:40     W
 8  14,1  23,4   17:09   5,3   06:07   4,9   0,7   0,0   2,5  19,4   11:50     W
 9  17,6  25,6   17:44  11,5   06:10   2,6   1,9   0,0   1,9  23,4   13:06   WSW
10  17,3  24,7   13:34  11,6   05:46   2,6   1,5   0,0   1,5  14,8   13:26     W
11  19,1  28,9   17:06  11,8   04:17   2,1   2,9   0,0   4,1  37,8   14:18     W
12  19,3  28,6   16:29  11,5   07:02   1,9   2,9   0,0   2,3  23,4   14:37   WNW
13  15,5  17,9   15:30  11,5   23:58   2,8   0,0   0,6   1,1  14,8   15:55   NNW
14  14,6  23,5   14:58   7,2   07:01   4,4   0,7   0,3   1,6  19,4   15:41     W
15  14,6  20,9   15:59   8,6   06:45   3,9   0,2   0,0   1,6  18,4   14:31     W
16  16,1  25,7   15:46   6,8   06:50   4,1   1,9   0,0   2,1  24,5   12:26    SW
17  17,9  29,3   17:19   8,0   07:14   3,5   3,1   0,0   1,8  19,4   12:37    SW
18  21,4  32,7   16:26  11,3   05:51   2,1   5,2   0,0   3,9  37,8   17:21   WSW
19  21,2  28,9   17:02  13,3   06:42   1,0   3,9   0,0   4,2  33,1   18:09   WSW
20  20,4  28,5   16:58  12,5   06:27   1,3   3,4   0,0   4,1  34,2   13:42     W
----------------------------------------------------------------------------------
    17,9  32,7    18     5,3     8    50,5  41,4   3,4   2,5  37,8    11       W

Max >=  27,0:  9
Max <=   0,0:  0
Min <=   0,0:  0
Min <= -18,0:  0
Max Rain: 1,6 on day 6
Days of Rain: 5 (>= 0,2 mm)  0 (>= 2,0 mm)  0 (>= 20,0 mm)
Heat Base: 18,3  Cool Base: 18,3  Method: Integration
 
  • Webcam

  • Webcam


  • Ihre Meinung

  • Wie gefällt Ihnen meine Website?
    sehr gut!
    gut
    geht so
    naja
    ungenügend
    möchte ich nicht sagen
    Archiv   Ergebnis
  • Status

  • Besucher
    Heute:
    19
    Gestern:
    111
    Gesamt:
    996.833

    Seitenzugriffe
    Heute:
    40
    Gestern:
    2.403
  • Benutzer & Gäste
    1 Benutzer registriert, davon online: 5 Gäste
 

Seite in 0.01748 Sekunden generiert