Logo Wetterstation Wiehl

NOAA - Klima Report


Report for 2020 Sep
                   Monthly Climatological Summary for Sep 2020

Name: Wetterstation   City: Wiehl   State: German
Elevation: 222 m  Lat: N 50° 57' 49"   Lon: E 007° 29' 22"

                  Temperature (°C), Rain (mm), Wind Speed (km/h)

                                      Heat  Cool        Avg
    Mean                              Deg   Deg         Wind                 Dom
Day Temp  High   Time   Low    Time   Days  Days  Rain  Speed High   Time    Dir
----------------------------------------------------------------------------------
 3  13,2  16,8   11:46   8,9   03:44   5,1   0,0  10,0   0,3  13,3   15:45   ESE
 4  18,6  22,3   14:52  15,1   00:00   0,7   1,0   3,2   0,1   6,1   10:40     E
 5  16,5  20,8   09:26  11,0   23:54   2,0   0,2   0,0   0,4   9,7   12:54     N
 6  13,6  22,6   11:27   5,8   07:01   5,0   0,3   0,0   0,2  11,2   12:25    NE
 7  14,3  22,9   10:38   6,1   06:49   4,9   0,9   0,0   0,2  11,2   12:55    NE
 8  16,2  23,4   11:13   7,2   06:07   3,9   1,8   0,0   0,4  12,2   11:36     N
 9  18,2  24,5   09:54  10,6   07:10   2,2   2,1   0,0   0,3  11,2   23:49   NNE
10  17,5  23,8   10:33  10,6   23:55   2,1   1,2   0,0   0,5  11,2   11:27   ENE
11  14,8  22,9   11:26   5,8   06:59   4,7   1,3   0,0   0,3  11,2   12:10     E
12  16,3  24,5   11:17   9,4   06:51   3,7   1,6   0,0   0,4  11,2   12:31   NNW
13  17,1  25,3   15:39   8,4   06:50   3,5   2,2   0,0   0,5  12,2   11:39     E
14  20,2  30,7   11:18  10,2   06:24   2,5   4,4   0,0   0,7  15,8   13:00   ESE
15  21,0  31,3   16:16  12,1   06:56   1,8   4,5   0,0   0,4  12,2   13:06   ESE
16  20,8  29,9   15:11  12,9   06:22   1,5   4,0   0,0   0,7  13,3   13:36   NNW
17  17,5  21,9   14:40  11,4   23:56   1,8   1,0   0,6   1,1  20,9   10:30   ENE
18  15,5  23,0   15:40   7,3   05:32   4,2   1,4   0,0   1,6  19,4   12:45   ESE
19  15,7  25,1   16:13   6,2   06:48   4,7   2,1   0,0   0,9  17,3   12:16     E
20  16,0  26,5   11:10   5,8   05:53   4,8   2,5   0,0   0,2  12,2   14:41     E
21  16,3  26,3   11:02   6,5   07:06   4,3   2,3   0,0   0,3  11,2   13:13     E
22  16,5  25,2   14:16   7,0   06:52   4,0   2,2   0,0   0,4  12,2   13:46     E
23  17,3  25,0   11:16   9,2   07:33   2,8   1,9   0,0   1,0  18,4   13:21   ESE
24  16,3  18,4   17:01  12,4   07:58   2,0   0,0   2,6   2,3  24,5   12:44   ESE
25  12,0  15,5   00:32   9,3   08:31   6,3   0,0   8,7   1,6  25,6   14:29   ESE
26  10,1  12,4   13:27   8,4   06:10   8,2   0,0  34,3   0,7  13,3   05:32   ESE
27  11,0  13,9   13:20   8,5   00:18   7,3   0,0  14,1   1,5  15,8   11:23   ESE
28  10,9  15,7   15:18   6,2   05:53   7,4   0,0   0,0   0,9  12,2   11:22   ESE
29  10,1  13,7   14:34   5,9   04:06   8,2   0,0   5,1   0,1   8,6   14:56     E
----------------------------------------------------------------------------------
    15,7  31,3    15     5,8     6   109,6  38,9  78,6   0,7  25,6    25       E

Max >=  27,0:  3
Max <=   0,0:  0
Min <=   0,0:  0
Min <= -18,0:  0
Max Rain: 34,3 on day 26
Days of Rain: 8 (>= 0,2 mm)  7 (>= 2,0 mm)  1 (>= 20,0 mm)
Heat Base: 18,3  Cool Base: 18,3  Method: Integration
 
  • Webcam

  • Webcam


  • Ihre Meinung

  • Wie gefällt Ihnen meine Website?
    sehr gut!
    gut
    geht so
    naja
    ungenügend
    möchte ich nicht sagen
    Archiv   Ergebnis
  • Status

  • Besucher
    Heute:
    481
    Gestern:
    530
    Gesamt:
    1.337.044

    Seitenzugriffe
    Heute:
    6.526
    Gestern:
    14.642
  • Benutzer & Gäste
    1 Benutzer registriert, davon online: 12 Gäste
 

Seite in 0.01508 Sekunden generiert