Logo Wetterstation Wiehl / Bielstein

NOAA - Klima Report


Report for 2022 Sep
                   Monthly Climatological Summary for Sep 2022

Name: Wetterstation   City: Wiehl   State: German
Elevation: 222 m  Lat: N 50° 57' 09"   Lon: E 007° 29' 22"

                  Temperature (°C), Rain (mm), Wind Speed (km/h)

                                      Heat  Cool        Avg
    Mean                              Deg   Deg         Wind                 Dom
Day Temp  High   Time   Low    Time   Days  Days  Rain  Speed High   Time    Dir
----------------------------------------------------------------------------------
01  19,0  26,8   11:01  11,3   06:42   2,2   2,9   0,0   1,1  17,0   13:28     E
02  18,7  26,3   11:00  12,0   07:02   2,2   2,6   0,0   1,5  19,0   11:29   ESE
03  17,8  24,8   16:07  11,0   05:05   2,5   2,0   0,0   1,7  17,0   10:53   ESE
04  20,0  28,0   15:50  11,6   06:22   1,8   3,6   0,0   0,5  16,0   12:33   ENE
05  21,9  31,8   10:38  13,3   06:47   1,3   4,9   0,0   0,6  15,0   12:08   ESE
06  23,0  30,8   11:27  14,4   07:09   0,8   5,5   0,9   0,7  13,0   10:26     E
07  20,9  25,4   10:38  15,0   06:59   0,5   3,1   7,8   0,4  15,0   01:52   ENE
08  16,7  21,3   14:29  13,9   23:49   2,0   0,5  22,5   0,3  11,0   15:53   ENE
09  16,3  28,3   11:51   7,3   11:40   2,7   0,7  11,1   1,0 111,0   09:22   ESE
10  15,7  19,5   13:10  13,8   01:45   2,7   0,1  14,4   0,2  10,0   12:19     E
11  17,2  22,6   16:52  12,7   23:58   1,8   0,8   0,0   0,1  10,0   13:48   NNW
12  17,0  24,0   16:20   9,2   06:56   3,2   1,8   0,0   0,8  15,0   14:08   ESE
13  18,9  25,3   15:29  11,2   23:41   1,9   2,5   2,4   0,2  10,0   12:41   ENE
14  17,5  19,8   14:59  15,5   23:59   0,9   0,0  38,4   0,0   5,0   05:21     E
15  14,8  18,5   14:10  11,7   06:25   3,5   0,0   0,0   0,1   9,0   13:29   NNW
16  12,3  16,9   13:09   9,8   23:51   6,0   0,0   1,8   0,3  12,0   11:46   NNW
17  11,1  16,2   13:21   8,5   21:20   7,2   0,0   5,7   0,7  22,0   16:54   NNE
18  10,5  13,2   12:24   7,3   06:16   7,8   0,0  18,9   0,5  17,0   13:56   NNW
19  11,7  16,7   10:53   8,7   00:17   6,6   0,0   0,9   0,6  18,0   14:27     N
20  11,1  16,7   10:48   7,0   04:45   7,2   0,0   1,5   0,1   7,0   10:28     N
21  11,3  21,1   11:18   4,3   07:42   7,0   0,1   0,0   0,0   3,0   03:47     N
22  11,2  22,3   11:15   3,3   06:58   7,2   0,1   0,0   0,5  13,0   13:30     E
23  11,8  19,5   10:48   4,4   06:55   6,5   0,0   0,0   0,3  10,0   12:41     E
24  12,8  19,7   12:34   8,7   05:54   5,5   0,0   2,1   0,0   5,0   13:27     N
25  12,6  16,9   14:44   6,6   23:42   5,7   0,0   5,7   0,1  12,0   14:17     N
26   9,6  13,2   15:02   6,1   01:59   8,7   0,0  27,9   2,2  15,0   10:30   ESE
27   9,6  12,5   14:08   7,4   22:12   8,7   0,0  14,7   0,5  11,0   04:38    NE
----------------------------------------------------------------------------------
    15,2  31,8     5     3,3    22   114,1  31,2 176,7   0,6 111,0     9       E

Max >=  27,0  4
Max <=   0,0  0
Min <=   0,0  0
Min <= -18,0  0
Max Rain: 38,4 on day 14
Days of Rain: 12 (>= 2,0 mm)  12 (>= 2,0 mm)  3 (>= 20,0 mm)
Heat Base: 18,3  Cool Base: 18,3  Method: Integration
 
  • Webcam

  • Webcam


  • Ihre Meinung

  • Wie gefällt Ihnen meine Website?
    sehr gut!
    gut
    geht so
    naja
    ungenügend
    möchte ich nicht sagen
    Archiv   Ergebnis
  • Status

  • Besucher
    Heute:
    85
    Gestern:
    336
    Gesamt:
    1.591.832

    Seitenzugriffe
    Heute:
    2.760
    Gestern:
    6.525
  • Benutzer & Gäste
    1 Benutzer registriert, davon online: 4 Gäste
 

Seite in 0.03628 Sekunden generiert