Logo Wetterstation Wiehl

NOAA - Klima Report

Select a Year or Month report

Report for 2019 Apr
                   Monthly Climatological Summary for Apr 2019

Name: Wetterstation   City: Wiehl   State: German
Elevation: 289 m  Lat: N 50° 58' 14"   Lon: E 007° 31' 15"

                  Temperature (°C), Rain (mm), Wind Speed (km/h)

                                      Heat  Cool        Avg
    Mean                              Deg   Deg         Wind                 Dom
Day Temp  High   Time   Low    Time   Days  Days  Rain  Speed High   Time    Dir
----------------------------------------------------------------------------------
 1  10,5  19,8   15:52   0,8   07:08   7,8   0,0   0,0   5,2  25,6   12:21   NNE
 2  10,4  15,4   17:52   4,5   05:46   7,9   0,0   1,0   5,1  34,2   21:38   WSW
 3   7,8  10,2   02:08   5,3   23:52  10,5   0,0   6,1   3,0  17,3   02:40    SW
 4   5,1   6,7   14:33   3,4   05:46  13,2   0,0   4,5   1,8  17,3   12:13     N
 5   6,1   8,6   16:58   3,8   00:09  12,2   0,0   0,0   3,0  15,8   12:31   NNE
 6  11,1  17,1   17:34   6,7   00:00   7,2   0,0   0,0   3,2  28,1   15:48   ENE
 7  13,7  21,9   16:20   5,6   06:57   5,3   0,7   0,0   4,8  43,9   11:01    NE
 8  12,2  20,2   13:06   5,8   04:16   6,1   0,0   0,0   1,3  18,4   16:24   WSW
 9  13,1  22,6   13:21   7,4   06:10   5,5   0,2   0,0   3,9  28,1   15:55   NNE
10  10,4  18,8   14:21   4,6   06:45   7,8   0,0   0,0   6,5  28,1   12:49   NNE
11   7,3  15,2   15:40  -0,9   06:33  11,0   0,0   0,0   6,8  31,7   11:02   NNE
12   3,9   8,2   16:06   1,2   01:25  14,4   0,0   0,0   5,8  34,2   16:19   NNE
13   3,0   9,2   16:10  -0,8   23:53  15,3   0,0   0,0   3,4  35,6   16:09     N
14   5,9  15,6   14:35  -2,0   01:51  12,5   0,0   0,6   6,5  35,6   15:23   NNE
15  11,6  20,1   16:49   4,8   00:45   6,7   0,0   0,0   6,6  37,8   13:08   NNE
16  13,2  20,6   15:32   5,1   06:33   5,3   0,2   0,0   6,7  33,1   13:45     N
17  13,2  18,7   17:23   9,5   04:17   5,1   0,0   0,3   4,4  30,6   17:30   ENE
18  17,1  23,8   16:25  10,0   06:42   2,7   1,4   0,0   9,5  49,0   14:09   NNE
19  18,1  27,0   17:46   8,3   05:56   2,7   2,6   0,0   6,3  39,2   12:22   NNE
20  18,9  31,0   17:38   7,3   06:31   3,0   3,6   0,0   4,2  31,7   15:26   NNE
21  18,3  26,7   15:59   8,2   07:04   2,9   2,9   0,0   3,3  19,4   15:35    NW
22  17,8  26,6   13:50   7,4   06:42   3,1   2,6   0,0   7,8  41,8   15:40   NNE
23  17,2  23,1   16:46  10,1   06:29   2,5   1,4   0,0   7,8  35,6   13:22    NE
24  17,5  26,4   16:07   9,5   23:42   2,9   2,1   5,5   5,6  63,7   19:21   WSW
----------------------------------------------------------------------------------
    11,8  31,0    20    -2,0    14   173,6  17,7  18,0   5,1  63,7    24     NNE

Max >=  27,0:  2
Max <=   0,0:  0
Min <=   0,0:  3
Min <= -18,0:  0
Max Rain: 6,1 on day 3
Days of Rain: 6 (>= 0,2 mm)  3 (>= 2,0 mm)  0 (>= 20,0 mm)
Heat Base: 18,3  Cool Base: 18,3  Method: Integration
 
  • Webcam

  • Webcam


  • Ihre Meinung

  • Was finden Sie auf meiner Website interessant?
    Artikel
    FAQ
    Links
    Downloads
    Forum
    etwas anderes
    Archiv   Ergebnis
  • Status

  • Besucher
    Heute:
    113
    Gestern:
    122
    Gesamt:
    1.086.070

    Seitenzugriffe
    Heute:
    2.010
    Gestern:
    1.317
  • Benutzer & Gäste
    1 Benutzer registriert, davon online: 5 Gäste
 

Seite in 0.02069 Sekunden generiert