Logo Wetterstation Wiehl

NOAA - Klima Report


Report for 2021 Jul
                   Monthly Climatological Summary for Jul 2021

Name: Wetterstation   City: Wiehl   State: German
Elevation: 222 m  Lat: N 50° 57' 09"   Lon: E 007° 29' 22"

                  Temperature (°C), Rain (mm), Wind Speed (km/h)

                                      Heat  Cool        Avg
    Mean                              Deg   Deg         Wind                 Dom
Day Temp  High   Time   Low    Time   Days  Days  Rain  Speed High   Time    Dir
----------------------------------------------------------------------------------
01  14,0  14,9   11:42  13,1   23:42   4,3   0,0   4,2   0,3  11,0   07:17   NNE
02  18,0  23,1   09:23  12,9   01:52   1,9   1,6   1,5   0,3  10,0   12:08     N
03  20,3  27,9   09:37  10,9   05:27   1,9   3,9   0,0   0,4  13,0   12:29     E
04  18,9  26,6   10:48  14,1   23:56   1,0   1,5  15,6   0,3  12,0   11:38     E
05  17,7  21,6   13:38  12,4   03:56   1,8   1,2   6,6   0,9  16,0   16:50     E
06  18,8  22,8   14:53  15,1   23:58   0,7   1,2  12,3   1,5  24,0   12:48   ESE
07  18,9  25,3   11:44  11,4   05:43   2,0   2,6   0,0   1,2  24,0   13:42     E
08  17,9  28,0   10:56  13,2   04:07   2,2   1,8   7,5   0,3  16,0   15:39     E
09  18,0  23,1   11:51  14,9   00:47   1,4   1,1   4,2   0,1   9,0   11:10    NW
10  19,2  25,4   15:04  13,9   06:36   1,4   2,3   8,1   0,5  17,0   22:15     E
11  18,2  23,1   16:20  15,5   00:39   1,3   1,2   1,8   0,1  10,0   11:26     N
12  20,1  26,5   11:15  12,7   05:46   1,4   3,3   0,0   0,6  13,0   12:53     E
13  20,4  23,5   16:27  17,3   07:03   0,1   2,2  16,2   0,1  10,0   09:36     E
14  16,9  18,7   00:00  16,3   06:48   1,4   0,0  77,7   0,5  15,0   14:48   ESE
15  19,8  25,0   15:36  14,4   04:38   0,9   2,4   0,3   0,1  10,0   14:25    NE
16  18,5  20,7   14:36  17,3   06:39   0,3   0,5   0,0   0,2  10,0   07:40   NNW
17  20,4  26,2   15:36  16,8   03:26   0,4   2,5   0,0   0,4  12,0   16:52   NNW
18  21,4  28,6   10:16  12,7   05:48   1,3   4,4   0,0   0,5  13,0   18:09    NW
19  18,5  22,9   11:36  13,3   05:29   1,4   1,6   0,0   0,2  10,0   16:30     N
20  18,0  25,4   11:08  10,4   06:07   2,5   2,3   0,0   0,3  10,0   14:54   NNE
21  18,9  26,2   10:43   9,7   05:51   2,4   3,0   0,0   0,4  15,0   12:50     E
22  20,5  28,0   11:32  13,3   02:21   1,4   3,6   0,0   0,2  13,0   14:31   ENE
23  21,1  29,5   10:52  13,4   05:44   1,2   4,0   0,0   0,1   6,0   11:02   NNE
24  19,2  27,6   09:43  13,6   05:00   1,1   2,0   1,8   0,5  15,0   11:16   ESE
25  20,2  26,6   11:04  14,4   04:52   1,0   2,9   0,0   1,0  26,0   17:43   ESE
26  20,0  26,6   08:53  14,4   05:13   1,1   2,8   2,4   0,7  17,0   10:56     E
27  18,8  24,7   11:40  15,1   02:41   1,0   1,4   8,1   0,8  15,0   13:30     E
----------------------------------------------------------------------------------
    19,0  29,5    23     9,7    21    38,8  57,3 168,3   0,5  26,0    25       E

Max >=  27,0  6
Max <=   0,0  0
Min <=   0,0  0
Min <= -18,0  0
Max Rain: 77,7 on day 14
Days of Rain: 11 (>= 2,0 mm)  11 (>= 2,0 mm)  1 (>= 20,0 mm)
Heat Base: 18,3  Cool Base: 18,3  Method: Integration
 
  • Webcam

  • Webcam


  • Ihre Meinung

  • Was finden Sie auf meiner Website interessant?
    Artikel
    FAQ
    Links
    Downloads
    Forum
    etwas anderes
    Archiv   Ergebnis
  • Status

  • Besucher
    Heute:
    294
    Gestern:
    358
    Gesamt:
    1.450.141

    Seitenzugriffe
    Heute:
    4.752
    Gestern:
    8.920
  • Benutzer & Gäste
    1 Benutzer registriert, davon online: 5 Gäste
 

Seite in 0.01837 Sekunden generiert