Logo Wetterstation Wiehl

NOAA - Klima Report


Report for 2018 Dec
                   Monthly Climatological Summary for Dez 2018

Name: Wetterstation   City: Wiehl   State: German
Elevation: 289 m  Lat: N 50° 58' 14"   Lon: E 007° 31' 15"

                  Temperature (°C), Rain (mm), Wind Speed (km/h)

                                      Heat  Cool        Avg
    Mean                              Deg   Deg         Wind                 Dom
Day Temp  High   Time   Low    Time   Days  Days  Rain  Speed High   Time    Dir
----------------------------------------------------------------------------------
 1   7,2  11,2   13:10   4,3   08:19  11,1   0,0   0,3   5,7  28,1   21:35    SW
 2  10,3  13,0   15:19   8,0   01:21   8,0   0,0  14,8   6,8  28,1   00:15   WSW
 3  12,2  12,2   00:00  12,2   00:00   6,1   0,0   0,0   7,5   9,7   00:00     W
 4  12,2  12,2   00:00  12,2   00:00   6,1   0,0   0,0   7,5   9,7   00:00     W
 5   7,0  12,2   00:00  -0,2   07:47  11,2   0,0  22,1   4,6  20,9   21:50   WSW
 6   8,9  11,0   23:40   5,9   01:09   9,4   0,0   2,6   4,1  18,4   13:17   WSW
 7   9,6  11,2   00:31   5,5   23:58   8,7   0,0  12,2   8,6  46,4   15:54   WSW
 8   6,7   9,0   23:55   5,5   00:00  11,6   0,0  10,9  12,2  42,8   13:36     W
 9   6,9   9,5   00:39   5,1   14:07  11,4   0,0  16,1   8,5  46,4   03:04     W
10   4,2   5,6   00:00   2,9   18:37  14,1   0,0   1,6   4,0  24,5   03:16     W
----------------------------------------------------------------------------------
     8,5  13,0     2    -0,2     5    97,7   0,0  80,6   6,9  46,4     7       W

Max >=  27,0:  0
Max <=   0,0:  0
Min <=   0,0:  1
Min <= -18,0:  0
Max Rain: 22,1 on day 5
Days of Rain: 8 (>= 0,2 mm)  6 (>= 2,0 mm)  1 (>= 20,0 mm)
Heat Base: 18,3  Cool Base: 18,3  Method: Integration
 
  • Webcam

  • Webcam


  • Ihre Meinung

  • Wie gefällt Ihnen meine Website?
    sehr gut!
    gut
    geht so
    naja
    ungenügend
    möchte ich nicht sagen
    Archiv   Ergebnis
  • Status

  • Besucher
    Heute:
    136
    Gestern:
    373
    Gesamt:
    1.034.964

    Seitenzugriffe
    Heute:
    502
    Gestern:
    2.782
  • Benutzer & Gäste
    1 Benutzer registriert, davon online: 1 Gast
 

Seite in 0.01652 Sekunden generiert