Logo Wetterstation Wiehl

NOAA - Klima Report


Report for 2018 Oct
                   Monthly Climatological Summary for Okt 2018

Name: Wetterstation   City: Wiehl   State: German
Elevation: 289 m  Lat: N 50° 58' 14"   Lon: E 007° 31' 15"

                  Temperature (°C), Rain (mm), Wind Speed (km/h)

                                      Heat  Cool        Avg
    Mean                              Deg   Deg         Wind                 Dom
Day Temp  High   Time   Low    Time   Days  Days  Rain  Speed High   Time    Dir
----------------------------------------------------------------------------------
 1   9,1  14,2   10:55   5,5   23:56   9,2   0,0   1,0   1,9  18,4   16:11     W
 2   8,3  12,6   19:45   5,0   00:55  10,0   0,0   2,6   4,4  31,7   11:37   WSW
 3  12,1  17,7   15:26   6,2   23:59   6,2   0,0   0,3   2,0  20,9   14:50     W
 4  10,0  19,5   16:58   4,0   04:23   8,3   0,1   0,0   1,4  13,3   15:30    SW
 5  13,7  24,6   15:37   4,1   07:08   6,0   1,4   0,0   2,4  23,4   12:35    SW
 6  16,0  25,5   15:56   6,7   07:01   4,3   1,9   0,0   2,9  27,0   14:13    SW
 7  13,5  20,6   16:43   7,5   23:34   5,0   0,1   0,3   3,4  28,1   09:45   NNE
 8  11,4  21,2   14:19   3,6   07:45   7,3   0,4   0,0   1,2  13,3   13:23     W
 9  13,3  25,4   16:39   5,2   07:48   6,1   1,2   0,0   1,2  15,8   14:33    SW
10  16,9  27,7   15:09   7,0   06:16   3,9   2,5   0,3   4,1  28,1   15:05   NNE
11  17,9  25,2   14:20  10,7   08:13   2,1   1,7   0,0   3,1  19,4   18:29   NNE
12  19,3  26,6   16:46  12,7   06:07   1,6   2,6   0,0   4,0  30,6   15:15    SW
13  20,1  28,3   16:07  12,5   07:19   1,4   3,2   0,0   4,0  31,7   14:12    SW
14  18,7  26,4   16:07  10,5   07:44   2,1   2,5   0,0   3,7  33,1   14:21   SSW
15  18,0  28,8   17:24  10,7   06:15   3,1   2,8   0,0   1,5  15,8   13:51   WSW
16  17,3  28,4   15:24   9,0   04:26   3,5   2,5   0,0   1,1  17,3   18:43   WSW
17  16,8  28,6   16:50   8,9   07:46   3,6   2,1   0,0   0,8  11,2   11:53   WSW
18  14,0  20,5   14:55   8,6   23:59   4,4   0,1   0,0   1,4  15,8   13:05   NNW
19  11,6  19,8   17:00   5,1   07:23   6,8   0,1   0,0   1,0  13,3   13:32    SW
20  10,8  20,1   14:35   4,1   08:15   7,5   0,0   0,0   1,4  12,2   12:32   WNW
21   9,5  20,1   17:03   1,3   07:55   8,9   0,1   0,0   1,7  18,4   13:35    SW
----------------------------------------------------------------------------------
    14,2  28,8    15     1,3    21   111,3  25,3   4,5   2,3  33,1    14     WSW

Max >=  27,0:  5
Max <=   0,0:  0
Min <=   0,0:  0
Min <= -18,0:  0
Max Rain: 2,6 on day 2
Days of Rain: 5 (>= 0,2 mm)  1 (>= 2,0 mm)  0 (>= 20,0 mm)
Heat Base: 18,3  Cool Base: 18,3  Method: Integration
 
  • Webcam

  • Webcam


  • Ihre Meinung

  • Wie gefällt Ihnen meine Website?
    sehr gut!
    gut
    geht so
    naja
    ungenügend
    möchte ich nicht sagen
    Archiv   Ergebnis
  • Status

  • Besucher
    Heute:
    208
    Gestern:
    570
    Gesamt:
    1.013.332

    Seitenzugriffe
    Heute:
    927
    Gestern:
    3.434
  • Benutzer & Gäste
    1 Benutzer registriert, davon online: 3 Gäste
 

Seite in 0.04073 Sekunden generiert