Logo Wetterstation Wiehl

NOAA - Klima Report


Report for 2019 Sep
                   Monthly Climatological Summary for Sep 2019

Name: Wetterstation   City: Wiehl   State: German
Elevation: 289 m  Lat: N 50° 57' 49"   Lon: E 007° 29' 49"

                  Temperature (°C), Rain (mm), Wind Speed (km/h)

                                      Heat  Cool        Avg
    Mean                              Deg   Deg         Wind                 Dom
Day Temp  High   Time   Low    Time   Days  Days  Rain  Speed High   Time    Dir
----------------------------------------------------------------------------------
 1  17,4  20,3   00:00  13,1   23:33   1,3   0,4   0,0   0,0   7,2   11:23   NNW
 2  15,0  21,4   10:13   9,4   05:25   3,7   0,4   0,0   0,1   5,0   11:39   NNW
 3  15,3  22,2   10:15   7,9   07:13   3,6   0,6   0,0   0,1  11,2   11:39     N
 4  18,5  24,7   16:56  15,3   07:04   1,2   1,4   0,0   0,3   9,7   11:53   ENE
 5  15,0  19,5   14:10  10,7   23:55   3,4   0,0   0,0   0,2   7,2   10:59     N
 6  12,9  19,1   16:52   6,5   06:47   5,5   0,1   0,0   0,2   8,6   10:59     E
 7  13,3  18,0   16:17  11,3   23:30   5,0   0,0   0,0   0,2   7,2   15:33     E
 8  12,8  16,5   17:02  10,8   02:23   5,5   0,0   0,0   0,1  92,2   03:27     N
 9  13,3  17,3   15:19  11,1   23:17   5,0   0,0   0,0   0,0   5,0   10:11    NE
10  13,5  20,3   17:00   7,0   07:11   5,1   0,2   0,0   0,1   6,1   11:18   ENE
11  13,5  21,0   14:19   6,9   04:34   5,1   0,4   0,0   0,3   8,6   11:31     E
12  18,0  22,4   16:06  14,6   00:11   1,4   1,1   0,0   0,2   8,6   15:14     E
13  17,9  21,0   16:58  13,4   23:47   0,9   0,5   0,0   0,1   6,1   04:49   NNE
14  15,9  22,6   10:28   8,7   07:33   3,5   1,1   0,0   0,1   7,2   12:52     E
15  15,9  23,3   15:36   7,5   07:04   3,9   1,5   0,0   0,1   6,1   15:03     N
16  14,8  20,3   15:23  11,1   06:16   3,7   0,2   0,0   0,0   6,1   15:34   NNE
17  14,6  18,6   15:27  10,0   23:52   3,7   0,0   0,0   0,3   9,7   15:36     N
18  11,7  17,7   10:28   5,0   05:50   6,6   0,0   0,0   0,1   7,2   13:40     N
19  11,2  18,9   10:25   4,3   07:24   7,1   0,0   0,0   0,1  12,2   12:25   NNE
20  11,7  19,8   16:15   3,9   07:16   6,8   0,2   0,0   0,2   9,7   12:13     E
----------------------------------------------------------------------------------
    14,6  24,7     4     3,9    20    82,0   8,1   0,0   0,1  92,2     8      NE

Max >=  27,0:  0
Max <=   0,0:  0
Min <=   0,0:  0
Min <= -18,0:  0
Max Rain: 0,0 on day 0
Days of Rain: 0 (>= 0,2 mm)  0 (>= 2,0 mm)  0 (>= 20,0 mm)
Heat Base: 18,3  Cool Base: 18,3  Method: Integration
 
  • Webcam

  • Webcam


  • Ihre Meinung

  • Wie gefällt Ihnen meine Website?
    sehr gut!
    gut
    geht so
    naja
    ungenügend
    möchte ich nicht sagen
    Archiv   Ergebnis
  • Status

  • Besucher
    Heute:
    343
    Gestern:
    439
    Gesamt:
    1.156.686

    Seitenzugriffe
    Heute:
    6.462
    Gestern:
    2.446
  • Benutzer & Gäste
    1 Benutzer registriert, davon online: 8 Gäste
 

Seite in 0.01375 Sekunden generiert