Logo Wetterstation Wiehl / Bielstein

NOAA - Klima Report


Report for 2024 Mar
                   Monthly Climatological Summary for Mär 2024

Name: Wetterstation   City: Wiehl   State: German
Elevation: 222 m  Lat: N 50° 57' 09"   Lon: E 007° 29' 22"

                  Temperature (°C), Rain (mm), Wind Speed (km/h)

                                      Heat  Cool        Avg
    Mean                              Deg   Deg         Wind                 Dom
Day Temp  High   Time   Low    Time   Days  Days  Rain  Speed High   Time    Dir
----------------------------------------------------------------------------------
01   6,9  10,9   13:58   2,0   03:57  11,4   0,0   0,0   2,0  21,0   15:53   ESE
02  10,2  13,9   13:47   6,3   00:00   8,1   0,0   0,0   4,2  26,0   13:09   ESE
03  10,9  18,1   15:48   5,8   23:14   7,4   0,0   0,0   1,0  15,0   13:49     E
04   8,1   9,3   16:07   6,7   00:00  10,2   0,0   0,0   0,2  11,0   02:52   NNW
05   6,6   8,6   16:18   4,6   05:14  11,7   0,0   0,9   0,0   5,0   12:12   ENE
06   7,1  12,2   13:13   2,8   23:54  11,2   0,0   0,3   0,2   7,0   12:17     N
07   4,8  10,2   09:39  -0,8   07:15  13,5   0,0   0,0   2,0  28,0   14:13     E
08   5,5  10,6   15:41  -0,3   06:09  12,8   0,0   0,0   3,3  33,0   11:52   ESE
09   8,8  14,9   15:59   2,8   06:15   9,5   0,0   0,0   2,5  17,0   09:19   ESE
10  10,9  15,5   13:31   7,3   06:07   7,4   0,0   0,0   2,1  18,0   09:54     E
11   7,8   9,0   16:07   6,8   10:38  10,5   0,0  31,2   0,5  13,0   11:12     E
12   7,9  10,6   15:13   5,9   12:36  10,4   0,0   1,8   0,2  11,0   04:28   ENE
13   9,7  12,2   16:23   7,0   01:20   8,6   0,0   4,8   0,3   9,0   00:00     E
14  11,5  17,0   15:39   7,0   06:54   6,8   0,0   0,0   1,1  17,0   12:13     E
15  10,5  17,1   15:15   5,8   05:18   7,8   0,0   8,4   1,2  17,0   14:31     E
16   8,9  10,8   12:40   4,4   23:58   9,4   0,0   3,9   0,4  16,0   11:11     N
17   8,5  13,7   13:24   0,7   06:56   9,8   0,0   0,0   1,0  16,0   17:27   ESE
18  10,5  15,7   15:44   5,8   23:51   7,8   0,0   2,7   0,1  13,0   15:00     N
19   9,8  16,5   14:24   4,1   04:55   8,5   0,0   0,0   0,3  13,0   12:16     E
20  12,4  19,7   15:10   5,2   06:29   6,1   0,1   0,0   0,4  12,0   12:45     E
21   9,9  14,6   12:41   5,7   04:07   8,4   0,0   0,0   0,4  13,0   12:11   NNW
22  11,9  17,0   10:08   7,7   01:17   6,4   0,0   0,0   0,5  16,0   10:21   NNW
23   5,8  13,3   03:40   2,1   21:52  12,5   0,0   8,1   0,5  91,0   04:11     N
24   5,5   8,3   12:53   2,4   00:00  12,8   0,0   6,6   0,0  13,0   15:29     N
25   7,6  11,4   15:31   4,6   23:05  10,7   0,0   0,0   0,0   6,0   02:11    NW
26   9,0  14,2   15:29   5,3   00:00   9,3   0,0   0,0   0,0   1,0   17:05     N
27   8,4  13,4   11:31   4,7   05:37   9,9   0,0   0,0   0,0   1,1   11:31     N
28   7,6  11,9   13:01   3,8   06:34  10,7   0,0   4,5   0,0   1,1   08:55     N
29   9,9  12,8   13:15   5,3   01:39   8,4   0,0   2,1   0,0   6,1   16:24   ENE
30  11,4  16,5   12:12   7,3   06:07   6,9   0,0   0,6   0,0   5,0   14:28     N
31  12,5  19,0   14:15   6,0   03:18   5,5   0,0   3,3   1,9  27,0   19:03   ESE
----------------------------------------------------------------------------------
     8,9  19,7    20    -0,8     7   290,4   0,1  79,2   0,8  91,0    23       E

Max >=  27,0  0
Max <=   0,0  0
Min <=   0,0  2
Min <= -18,0  0
Max Rain: 31,2 on day 11
Days of Rain: 10 (>= 2,0 mm)  10 (>= 2,0 mm)  1 (>= 20,0 mm)
Heat Base: 18,3  Cool Base: 18,3  Method: Integration
 
  • Webcam

  • Webcam


  • Ihre Meinung

  • Was finden Sie auf meiner Website interessant?
    Artikel
    FAQ
    Links
    Downloads
    Forum
    etwas anderes
    Archiv   Ergebnis
  • Status

  • Besucher
    Heute:
    192
    Gestern:
    329
    Gesamt:
    1.808.675

    Seitenzugriffe
    Heute:
    2.299
    Gestern:
    5.921
  • Benutzer & Gäste
    1 Benutzer registriert, davon online: 6 Gäste
 

Seite in 0.02696 Sekunden generiert