Logo Wetterstation Wiehl / Bielstein

NOAA - Klima Report


Report for 2023 Jul
                   Monthly Climatological Summary for Jul 2023

Name: Wetterstation   City: Wiehl   State: German
Elevation: 222 m  Lat: N 50° 57' 09"   Lon: E 007° 29' 22"

                  Temperature (°C), Rain (mm), Wind Speed (km/h)

                                      Heat  Cool        Avg
    Mean                              Deg   Deg         Wind                 Dom
Day Temp  High   Time   Low    Time   Days  Days  Rain  Speed High   Time    Dir
----------------------------------------------------------------------------------
01  16,8  20,9   19:10  13,1   02:13   1,8   0,3   2,1   1,5  17,0   14:19     E
02  18,4  22,4   17:36  14,3   06:33   1,1   1,2   0,3   0,5  15,0   13:22   NNW
03  18,0  22,2   14:50  11,7   05:42   1,6   1,3   0,0   0,7  21,0   14:51     N
04  19,7  24,3   17:06  12,7   05:18   1,1   2,5   0,0   0,7  16,0   11:48     N
05  17,6  21,2   14:35  13,3   23:54   1,2   0,5   6,9   1,3  19,0   09:21     N
06  18,3  24,4   11:45  10,4   06:07   2,3   2,4   0,0   0,2  11,0   09:05   NNE
07  21,3  30,0   10:10   9,4   05:36   2,4   5,3   0,0   0,7  19,0   16:22     E
08  24,2  33,5   12:13  14,2   05:46   0,9   6,8   0,3   0,9  18,0   15:25     E
09  23,9  34,6   14:54  15,7   05:18   0,4   6,0  12,0   0,4  13,0   13:24     E
10  22,2  26,6   15:46  17,7   23:59   0,0   3,9   0,0   0,2  15,0   14:52   NNW
11  23,5  31,9   17:07  13,5   05:49   1,1   6,3   0,6   0,7  16,0   11:44     E
12  21,1  24,5   14:41  18,0   06:30   0,0   2,9   0,9   0,3  15,0   13:15   NNW
13  19,1  23,7   15:22  11,8   05:48   1,3   2,2   0,0   0,0  18,0   18:44   NNW
14  20,8  26,7   17:41  12,2   05:47   1,6   4,1   0,0   0,7  16,0   16:08     E
15  20,7  29,9   08:26  15,0   05:06   0,6   3,0   7,2   0,6  15,0   18:50     E
16  21,4  25,2   13:20  15,6   05:53   0,3   3,4   0,0   0,5  26,0   08:50    NE
17  18,8  25,0   10:07  12,6   23:59   1,9   2,4   0,0   0,3  11,0   10:37     N
18  18,8  25,4   09:36   9,3   06:10   2,6   3,1   0,0   0,1  12,0   10:37     E
19  19,0  25,4   10:57  11,9   05:41   1,7   2,4   0,0   0,0  13,0   14:42     N
20  19,3  24,4   12:13  14,4   05:37   1,1   2,1   0,9   0,0  12,0   11:11   NNW
21  17,4  23,6   11:46  12,9   23:56   2,0   1,1   3,9   0,1  17,0   15:42   ESE
22  17,9  24,1   16:41   9,2   05:45   2,8   2,3   0,0   0,0  11,0   10:55   ESE
23  18,1  23,1   04:57  14,9   04:48   1,0   0,8   9,9   0,4  13,0   08:36     E
24  18,9  25,1   10:41  14,9   22:17   0,9   1,6   3,9   0,4  15,0   13:29   NNE
25  16,2  21,2   13:30  11,4   23:57   2,3   0,2   0,0   0,3  10,0   15:54   NNW
26  15,6  21,8   11:37   9,8   02:33   3,2   0,5   2,1   0,3  13,0   12:33     N
27  16,0  18,4   16:07  13,8   03:49   2,3   0,0  36,0   0,5  16,0   10:10   ESE
28  19,4  23,8   15:35  16,4   02:57   0,6   1,7   9,3   0,2  13,0   17:46   ENE
29  19,6  23,4   11:05  16,1   23:51   0,3   1,6  10,2   0,1  13,0   14:41   NNE
30  18,0  22,1   17:01  14,9   04:08   1,3   1,0   4,2   0,5  15,0   12:33   NNW
31  17,2  21,7   16:32  15,5   00:37   1,3   0,2  19,5   0,7  13,0   20:41   ESE
----------------------------------------------------------------------------------
    19,3  34,6     9     9,2    22    43,0  73,1 130,2   0,4  26,0    16      NE

Max >=  27,0  5
Max <=   0,0  0
Min <=   0,0  0
Min <= -18,0  0
Max Rain: 36,0 on day 27
Days of Rain: 13 (>= 2,0 mm)  13 (>= 2,0 mm)  1 (>= 20,0 mm)
Heat Base: 18,3  Cool Base: 18,3  Method: Integration
 
  • Webcam

  • Webcam


  • Ihre Meinung

  • Wie gefällt Ihnen meine Website?
    sehr gut!
    gut
    geht so
    naja
    ungenügend
    möchte ich nicht sagen
    Archiv   Ergebnis
  • Status

  • Besucher
    Heute:
    196
    Gestern:
    329
    Gesamt:
    1.808.679

    Seitenzugriffe
    Heute:
    2.371
    Gestern:
    5.921
  • Benutzer & Gäste
    1 Benutzer registriert, davon online: 4 Gäste
 

Seite in 0.02947 Sekunden generiert