Logo Wetterstation Wiehl / Bielstein

NOAA - Klima Report


Report for 2022 May
                   Monthly Climatological Summary for Mai 2022

Name: Wetterstation   City: Wiehl   State: German
Elevation: 222 m  Lat: N 50° 57' 09"   Lon: E 007° 29' 22"

                  Temperature (°C), Rain (mm), Wind Speed (km/h)

                                      Heat  Cool        Avg
    Mean                              Deg   Deg         Wind                 Dom
Day Temp  High   Time   Low    Time   Days  Days  Rain  Speed High   Time    Dir
----------------------------------------------------------------------------------
01  11,3  19,2   09:52   3,5   05:00   7,0   0,0   0,0   0,6  15,0   10:48    NE
02  14,0  22,8   11:40   6,1   04:59   4,9   0,6   2,7   0,4  10,0   12:40   NNW
03  14,9  23,0   11:04   7,2   06:21   4,3   0,9   0,0   0,5  11,0   16:20   NNW
04  13,6  21,8   10:30   6,0   05:46   5,1   0,3   0,0   0,5  13,0   17:56   NNW
05  13,3  21,8   10:56   4,8   04:39   5,4   0,4   0,0   0,3   9,0   11:14   NNE
06  14,8  25,4   10:20   4,1   05:56   5,0   1,5   0,0   0,3  10,0   11:36     N
07  15,1  25,2   10:50   6,3   05:10   4,7   1,5   0,6   0,3  16,0   16:37    NE
08  15,3  21,9   11:36   8,5   06:29   3,7   0,7   0,0   0,5  11,0   10:46     N
09  17,3  25,1   11:10   6,3   05:52   3,7   2,7   0,0   0,7  15,0   14:14     E
10  19,2  26,3   15:16   9,6   05:29   2,5   3,4   0,0   0,7  23,0   13:13     E
11  22,0  28,2   15:40  14,2   05:58   0,8   4,5   0,0   1,3  18,0   15:24   ENE
12  18,0  21,8   15:56  11,4   23:59   1,5   1,1   0,0   0,8  15,0   01:51     N
13  14,6  20,6   10:34   7,0   04:52   4,0   0,3   0,0   0,6  18,0   13:00   NNW
14  16,1  22,8   15:52   6,4   05:51   3,8   1,7   0,0   0,5  11,0   10:20   NNE
15  18,2  26,1   15:23   7,0   05:49   3,3   3,3   0,0   0,7  13,0   13:13     E
16  17,1  26,7   13:20  10,7   05:19   2,7   1,5   3,6   0,2  12,0   17:44     N
17  18,9  25,2   15:01  11,3   05:48   2,1   2,7   0,0   0,4  13,0   15:04     E
18  22,9  29,8   10:35  14,2   06:07   0,7   5,3   0,0   1,2  17,0   13:20   ESE
19  20,2  28,8   15:31  14,4   04:26   1,0   3,0   9,6   0,9  21,0   15:32     E
20  19,4  26,3   11:44  14,0   23:57   1,1   2,2   3,3   1,2  17,0   20:35     E
21  15,3  20,5   15:46  10,5   04:52   3,3   0,3   0,3   0,7  18,0   11:54   NNW
22  17,5  23,8   11:59   9,1   05:31   3,0   2,2   0,0   0,7  15,0   10:58     E
23  18,4  24,6   16:36  13,3   02:58   1,6   1,7   6,9   1,8  18,0   10:30   ESE
24  14,6  18,7   14:13  11,1   23:59   3,7   0,0  14,1   0,6  16,0   16:33   NNW
25  15,8  21,5   11:57   8,4   04:47   3,1   0,6   0,0   0,8  19,0   15:29   NNW
26  17,7  21,7   16:29  14,0   05:40   1,4   0,8   0,0   0,7  15,0   09:44   NNW
27  15,6  20,7   14:24  10,5   23:58   2,8   0,1   3,6   1,2  19,0   15:47   NNW
28  13,0  18,6   11:59   6,6   03:36   5,3   0,0   0,0   0,9  22,0   16:35   NNW
29   9,9  16,6   11:19   4,0   04:38   8,4   0,0   6,3   0,3  15,0   15:54     N
30  11,6  16,9   15:22   7,3   05:32   6,7   0,0   0,3   0,1   9,0   17:07   NNE
31  13,3  20,6   13:37   6,2   02:44   5,2   0,2   0,0   0,1   9,0   17:18     N
----------------------------------------------------------------------------------
    16,1  29,8    18     3,5     1   111,8  43,5  51,3   0,7  23,0    10      NE

Max >=  27,0  3
Max <=   0,0  0
Min <=   0,0  0
Min <= -18,0  0
Max Rain: 14,1 on day 24
Days of Rain: 8 (>= 2,0 mm)  8 (>= 2,0 mm)  0 (>= 20,0 mm)
Heat Base: 18,3  Cool Base: 18,3  Method: Integration
 
  • Webcam

  • Webcam


  • Ihre Meinung

  • Was finden Sie auf meiner Website interessant?
    Artikel
    FAQ
    Links
    Downloads
    Forum
    etwas anderes
    Archiv   Ergebnis
  • Status

  • Besucher
    Heute:
    194
    Gestern:
    329
    Gesamt:
    1.808.677

    Seitenzugriffe
    Heute:
    2.343
    Gestern:
    5.921
  • Benutzer & Gäste
    1 Benutzer registriert, davon online: 2 Gäste
 

Seite in 0.02624 Sekunden generiert