Logo Wetterstation Wiehl / Bielstein

NOAA - Klima Report


Report for 2022 Mar
                   Monthly Climatological Summary for Mär 2022

Name: Wetterstation   City: Wiehl   State: German
Elevation: 222 m  Lat: N 50° 57' 09"   Lon: E 007° 29' 22"

                  Temperature (°C), Rain (mm), Wind Speed (km/h)

                                      Heat  Cool        Avg
    Mean                              Deg   Deg         Wind                 Dom
Day Temp  High   Time   Low    Time   Days  Days  Rain  Speed High   Time    Dir
----------------------------------------------------------------------------------
01   3,6   9,6   14:27  -2,2   05:24  14,7   0,0   0,0   1,2  17,0   11:53   ESE
02   4,8  12,2   09:56  -0,9   23:49  13,5   0,0   0,0   0,9  12,0   10:48   ESE
03   4,0  14,0   10:21  -3,6   06:54  14,3   0,0   0,0   0,8  16,0   12:23   ESE
04   3,4  10,4   14:56  -4,2   07:09  14,9   0,0   0,0   0,8  11,0   11:15   ESE
05   2,2   8,9   10:20  -3,8   07:06  16,1   0,0   0,0   1,1  13,0   10:54   ESE
06   1,6  11,0   10:21  -3,8   04:07  16,7   0,0   0,0   1,5  16,0   11:02   NNW
07   2,2   7,3   09:47  -3,2   07:07  16,1   0,0   0,0   2,1  22,0   00:40   ESE
08   4,1  10,0   15:43  -1,5   05:59  14,2   0,0   0,0   3,2  30,0   13:07   ESE
09   4,5  12,3   15:49  -3,6   07:03  13,8   0,0   0,0   1,1  16,0   12:45   ESE
10   5,9  15,2   14:19  -3,6   06:07  12,4   0,0   0,0   2,0  26,0   14:48   ESE
11   7,8  12,2   15:03   1,2   00:07  10,4   0,0   0,0   4,8  27,0   09:58   ESE
12   9,3  14,1   14:20   3,6   23:57   8,9   0,0   0,0   2,1  18,0   11:30   ESE
13   8,6  15,9   15:31  -0,5   06:09   9,7   0,0   0,0   1,7  17,0   11:19   ESE
14   8,1  12,4   15:12   2,8   23:45  10,2   0,0  13,5   0,1  10,0   11:52   NNE
15   5,1  10,0   11:48   1,6   05:15  13,1   0,0   4,2   0,1   9,0   15:11   ESE
16   7,9  13,2   13:48   0,0   06:12  10,4   0,0   0,0   3,6  26,0   11:47   ESE
17   7,9  10,6   00:33   2,1   23:58  10,3   0,0   1,5   1,3  11,0   11:05   NNW
18   7,7  15,1   15:13  -1,0   06:36  10,6   0,0   0,0   1,4  19,0   16:08   NNE
19   7,6  13,4   08:40   0,6   06:49  10,7   0,0   0,0   2,9  33,0   09:19     E
20   8,4  13,7   14:19   3,9   06:33   9,9   0,0   0,0   3,8  32,0   10:31   ESE
21  10,4  17,5   14:57   3,0   06:46   7,9   0,0   0,0   0,7  15,0   10:46   ESE
22  10,0  19,4   10:26   1,3   05:46   8,3   0,0   0,0   0,7  16,0   12:58   ESE
23   9,5  19,3   10:26  -0,2   05:58   8,8   0,0   0,0   0,3  13,0   13:46     E
24   9,4  19,2   10:22  -0,1   05:56   8,9   0,0   0,0   0,3  11,0   12:12   NNW
25   9,9  20,1   10:07   0,0   05:49   8,4   0,0   0,0   0,9  18,0   10:58   NNE
26  10,5  20,8   10:30   0,6   05:42   7,8   0,1   0,0   1,2  18,0   13:10   NNW
27  12,0  21,1   11:23   2,5   07:18   6,2   0,2   0,0   0,4   9,0   13:54   NNW
28  12,6  21,4   11:13   3,8   07:02   6,0   0,4   0,0   0,6  15,0   13:44   NNW
29  10,9  17,3   14:45   6,7   07:21   7,4   0,0   0,0   0,9  12,0   16:13   NNW
30  10,0  15,2   10:53   6,1   07:26   8,3   0,0   0,3   1,6  13,0   13:15    NW
31   5,8   8,0   15:46   4,1   23:04  12,5   0,0   5,7   0,8  12,0   12:49     E
----------------------------------------------------------------------------------
     7,3  21,4    28    -4,2     4   341,4   0,7  25,2   1,4  33,0    19       E

Max >=  27,0  0
Max <=   0,0  0
Min <=   0,0 16
Min <= -18,0  0
Max Rain: 13,5 on day 14
Days of Rain: 3 (>= 2,0 mm)  3 (>= 2,0 mm)  0 (>= 20,0 mm)
Heat Base: 18,3  Cool Base: 18,3  Method: Integration
 
  • Webcam

  • Webcam


  • Ihre Meinung

  • Wie gefällt Ihnen meine Website?
    sehr gut!
    gut
    geht so
    naja
    ungenügend
    möchte ich nicht sagen
    Archiv   Ergebnis
  • Status

  • Besucher
    Heute:
    200
    Gestern:
    329
    Gesamt:
    1.808.683

    Seitenzugriffe
    Heute:
    2.413
    Gestern:
    5.921
  • Benutzer & Gäste
    1 Benutzer registriert, davon online: 3 Gäste
 

Seite in 0.02959 Sekunden generiert