Logo Wetterstation Wiehl / Bielstein

NOAA - Klima Report


Report for 2021 Nov
                   Monthly Climatological Summary for Nov 2021

Name: Wetterstation   City: Wiehl   State: German
Elevation: 222 m  Lat: N 50° 57' 09"   Lon: E 007° 29' 22"

                  Temperature (°C), Rain (mm), Wind Speed (km/h)

                                      Heat  Cool        Avg
    Mean                              Deg   Deg         Wind                 Dom
Day Temp  High   Time   Low    Time   Days  Days  Rain  Speed High   Time    Dir
----------------------------------------------------------------------------------
01   9,3  13,4   12:32   4,8   23:24   9,0   0,0   0,0   0,6  15,0   12:16   ESE
02   7,5  10,2   12:07   4,4   07:31  10,8   0,0   3,6   0,7  13,0   12:46   ESE
03   6,3   7,5   11:08   4,2   01:30  12,0   0,0   9,0   0,0   7,0   03:52   ENE
04   7,1   8,5   15:33   6,2   07:46  11,2   0,0   3,6   0,1   7,0   08:42     N
05   8,0  10,5   13:51   6,2   00:00  10,3   0,0   0,0   0,0   6,0   12:08   NNW
06   8,3  11,0   14:07   3,6   07:16  10,0   0,0   0,0   0,6  12,0   13:00     E
07   9,1  10,9   13:31   7,0   23:41   9,2   0,0   4,5   0,7  17,0   02:14   NNE
08   8,2  10,9   13:11   6,4   03:08  10,1   0,0   0,0   0,1   6,0   06:31     E
09   6,8  11,5   13:57   1,5   23:54  11,5   0,0   0,0   0,4  13,0   11:40   ESE
10   3,4  10,0   13:29  -0,9   07:43  14,9   0,0   0,0   0,2   6,0   11:42   ESE
11   2,1   8,6   13:48  -2,2   07:29  16,2   0,0   0,0   0,1   5,0   11:47   ESE
12   3,5   7,4   14:24  -0,9   02:23  14,8   0,0   0,0   1,2  15,0   08:37   ESE
13   6,4   8,5   14:35   3,7   01:31  11,9   0,0  10,8   0,9  12,0   00:16     E
14   8,1  10,6   12:49   6,0   07:09  10,2   0,0   0,0   0,2  10,0   19:50   ENE
15   7,0   8,0   00:16   6,0   17:11  11,3   0,0   0,0   0,9  11,0   04:51     E
16   5,6   6,4   13:41   5,1   22:58  12,7   0,0   0,0   0,1   7,0   02:13   ESE
17   6,2   8,2   20:07   4,7   08:22  12,1   0,0   0,6   0,7  12,0   10:50   ESE
18   7,7  10,8   14:34   5,5   04:07  10,6   0,0   0,0   0,3  11,0   10:39     E
19   9,9  10,8   13:06   8,1   00:00   8,4   0,0   1,8   0,1   7,0   04:23    NE
20   8,7  10,3   12:38   4,7   20:48   9,6   0,0   0,0   0,2   7,0   09:49   ESE
21   6,5   8,2   13:08   2,3   23:43  11,8   0,0   1,5   0,1   9,0   01:32   ESE
22   3,4   8,3   09:23  -1,4   23:56  14,9   0,0   0,0   0,6  15,0   12:27   NNW
23   1,6   4,9   13:34  -2,6   05:24  16,7   0,0   0,0   0,0   5,0   19:10     E
24   4,2   7,4   12:18  -1,3   23:45  14,1   0,0   0,0   0,2  11,0   12:33     E
25   3,0   7,2   09:48  -1,2   00:00  15,3   0,0   0,0   0,1   7,0   10:45   ENE
26   3,5   5,3   13:35   1,5   21:06  14,8   0,0  18,9   1,9  19,0   16:11   ESE
27   2,3   5,1   13:13  -0,6   19:26  16,0   0,0   2,7   0,8  17,0   00:08   ESE
28   2,4   5,1   12:26   0,6   00:33  15,9   0,0   0,0   0,0   6,0   16:45     N
29   2,1   3,7   22:07   0,3   05:58  16,2   0,0   2,4   0,2  12,0   10:29     N
30   5,8   8,8   22:07   1,0   06:07  12,5   0,0  31,8   1,2  17,0   13:23   NNW
----------------------------------------------------------------------------------
     5,8  13,4     1    -2,6    23   375,0   0,0  91,2   0,4  19,0    26       E

Max >=  27,0  0
Max <=   0,0  0
Min <=   0,0  8
Min <= -18,0  0
Max Rain: 31,8 on day 30
Days of Rain: 9 (>= 2,0 mm)  9 (>= 2,0 mm)  1 (>= 20,0 mm)
Heat Base: 18,3  Cool Base: 18,3  Method: Integration
 
  • Webcam

  • Webcam


  • Ihre Meinung

  • Was finden Sie auf meiner Website interessant?
    Artikel
    FAQ
    Links
    Downloads
    Forum
    etwas anderes
    Archiv   Ergebnis
  • Status

  • Besucher
    Heute:
    495
    Gestern:
    546
    Gesamt:
    1.800.629

    Seitenzugriffe
    Heute:
    8.289
    Gestern:
    12.464
  • Benutzer & Gäste
    1 Benutzer registriert, davon online: 5 Gäste
 

Seite in 0.04958 Sekunden generiert