Logo Wetterstation Wiehl / Bielstein

NOAA - Klima Report


Report for 2021 Jun
                   Monthly Climatological Summary for Jun 2021

Name: Wetterstation   City: Wiehl   State: German
Elevation: 222 m  Lat: N 50° 57' 09"   Lon: E 007° 29' 22"

                  Temperature (°C), Rain (mm), Wind Speed (km/h)

                                      Heat  Cool        Avg
    Mean                              Deg   Deg         Wind                 Dom
Day Temp  High   Time   Low    Time   Days  Days  Rain  Speed High   Time    Dir
----------------------------------------------------------------------------------
01  18,7  26,6   09:40   7,0   05:41   3,1   3,5   0,0   1,4  26,0   15:59   ESE
02  20,5  29,0   09:27   9,3   06:07   2,3   4,5   0,0   1,6  21,0   15:05   ESE
03  21,2  28,1   12:13  13,5   05:40   0,9   3,7   0,3   0,8  13,0   16:25     E
04  22,1  29,7   11:34  16,6   05:42   0,3   4,1   0,9   0,6  21,0   17:35     E
05  18,2  22,5   13:43  15,7   04:14   1,0   0,9   0,0   0,2  21,0   18:23     N
06  15,9  17,4   19:20  14,2   06:08   2,4   0,0   0,3   0,1   9,0   05:56     N
07  18,5  22,8   10:48  15,3   04:40   1,0   1,2   0,0   0,1   7,0   15:35   NNW
08  19,3  25,1   15:09  14,9   23:56   1,1   2,1   0,0   0,2   7,0   16:45   NNW
09  20,6  28,6   09:59  11,5   05:46   1,8   4,1   0,0   0,3   9,0   13:57     N
10  21,5  30,2   10:36  13,7   05:15   1,2   4,4   0,0   0,3  10,0   11:32   NNW
11  21,6  30,4   11:11  12,5   05:20   1,3   4,7   0,0   0,5  12,0   12:45     N
12  19,3  25,4   10:46  14,9   04:16   0,9   1,9   0,0   0,9  16,0   17:56   NNW
13  18,0  23,6   17:18   8,8   05:44   2,6   2,3   0,0   0,5  12,0   14:53     N
14  20,2  27,5   16:20   9,1   05:38   2,4   4,3   0,0   0,8  16,0   09:24   ESE
15  21,9  29,8   10:15  13,2   05:08   1,2   4,8   0,0   0,4   7,0   11:08   NNW
16  24,6  31,1   14:51  15,6   05:23   0,5   6,8   0,0   1,1  18,0   13:28   ESE
17  26,7  33,8   08:55  15,9   05:36   0,2   8,7   0,0   1,3  19,0   16:40   ESE
18  27,2  35,2   10:17  19,3   05:38   0,0   8,9   0,0   0,8  16,0   16:36     E
19  26,1  31,4   16:09  18,5   05:42   0,0   7,8   0,0   0,7  13,0   10:53     E
20  23,1  26,9   17:33  18,7   03:16   0,0   4,8  39,3   1,0  19,0   13:23     E
21  19,1  22,7   11:30  16,2   23:56   0,3   1,1   2,7   1,1  15,0   09:36     E
22  15,3  19,8   14:35  13,6   05:19   3,0   0,0   5,1   0,3  10,0   14:44     N
23  17,6  22,4   16:13  14,0   04:59   1,7   1,1   0,0   0,1   7,0   15:29     N
24  18,4  22,7   13:00  14,4   03:36   1,1   1,3   0,0   0,1   7,0   10:08     N
25  19,2  24,4   11:48  13,8   05:35   1,2   2,1   0,0   0,7  15,0   14:16     E
26  19,9  26,9   10:36  11,0   05:23   1,9   3,5   0,0   0,7  13,0   10:57   ESE
27  21,7  29,1   12:00  13,4   05:12   1,1   4,6   0,3   1,0  17,0   14:47   ESE
28  22,4  29,9   11:45  15,9   06:15   0,2   4,4   1,8   0,9  18,0   13:58   ESE
29  20,6  26,2   16:08  15,6   23:09   0,3   2,7  23,1   0,4  11,0   18:29     N
30  17,3  21,5   08:14  14,4   04:07   1,5   0,5   2,4   0,4  15,0   09:01     E
----------------------------------------------------------------------------------
    20,6  35,2    18     7,0     1    36,5 104,8  76,2   0,6  26,0     1       E

Max >=  27,0 14
Max <=   0,0  0
Min <=   0,0  0
Min <= -18,0  0
Max Rain: 39,3 on day 20
Days of Rain: 5 (>= 2,0 mm)  5 (>= 2,0 mm)  2 (>= 20,0 mm)
Heat Base: 18,3  Cool Base: 18,3  Method: Integration
 
  • Webcam

  • Webcam


  • Ihre Meinung

  • Wie gefällt Ihnen meine Website?
    sehr gut!
    gut
    geht so
    naja
    ungenügend
    möchte ich nicht sagen
    Archiv   Ergebnis
  • Status

  • Besucher
    Heute:
    186
    Gestern:
    329
    Gesamt:
    1.808.669

    Seitenzugriffe
    Heute:
    2.202
    Gestern:
    5.921
  • Benutzer & Gäste
    1 Benutzer registriert, davon online: 1 Gast
 

Seite in 0.03140 Sekunden generiert