Logo Wetterstation Wiehl / Bielstein

NOAA - Klima Report


Report for 2019 Oct
                   Monthly Climatological Summary for Okt 2019

Name: Wetterstation   City: Wiehl   State: German
Elevation: 198 m  Lat: N 50° 58' 21"   Lon: E 007° 29' 36"

                  Temperature (°C), Rain (mm), Wind Speed (km/h)

                                      Heat  Cool        Avg
    Mean                              Deg   Deg         Wind                 Dom
Day Temp  High   Time   Low    Time   Days  Days  Rain  Speed High   Time    Dir
----------------------------------------------------------------------------------
 1  14,7  17,3   13:58  12,5   00:00   3,6   0,0   0,0   0,6  11,2   04:58     E
 2  11,8  14,8   00:00   8,5   21:21   6,5   0,0   0,0   0,3  11,2   05:59   NNW
 3  10,6  12,9   15:05   9,3   00:07   7,7   0,0   0,0   0,2   6,1   00:42   NNE
 4  10,2  12,5   16:39   8,3   06:51   8,1   0,0   0,0   0,8  13,3   10:58     E
 5  10,2  12,9   15:49   6,9   23:23   8,1   0,0   0,0   0,2   8,6   15:05     E
 6   8,2   9,7   13:48   6,1   01:19  10,1   0,0   0,0   1,6  14,8   12:33     E
 7  10,1  12,6   12:53   8,1   05:43   8,2   0,0   0,0   0,6  13,3   12:44     E
 8  12,3  14,7   15:11  10,7   00:00   6,0   0,0   0,0   0,6  12,2   04:48     E
 9  11,7  14,8   13:50  10,2   08:10   6,6   0,0   0,0   0,5   9,7   10:26     E
10  11,3  15,3   16:09   9,4   01:14   7,0   0,0   0,0   0,2  11,2   13:56     N
11  12,9  15,8   16:38   9,5   04:07   5,4   0,0   0,0   0,8  13,3   11:26     E
12  15,1  19,5   15:18  10,6   07:28   3,3   0,1   0,0   0,5  12,2   12:49     E
13  17,7  22,8   16:09  13,7   07:49   1,5   0,9   0,0   0,8  18,4   17:21   ESE
14  18,1  23,7   10:11  13,6   08:29   1,5   1,3   0,0   0,5  13,3   15:06   ESE
15  14,9  19,2   13:37  11,4   07:51   3,6   0,1   0,0   0,0   6,1   23:31   ENE
16  12,7  14,9   09:58  11,3   08:21   5,6   0,0   0,0   1,3  15,8   15:29     E
17  14,1  17,5   13:18  12,4   05:01   4,2   0,0   0,0   0,7   8,6   20:56   ESE
18  12,1  16,4   13:00   8,3   22:45   6,1   0,0   0,0   0,9  23,4   12:55     E
19  11,1  15,0   13:57   7,8   03:09   7,2   0,0   0,0   0,6  12,2   13:14     E
20  12,8  14,4   16:32  11,4   03:33   5,5   0,0   0,0   0,0   5,0   16:27     E
21  13,8  17,6   13:54  10,7   22:09   4,5   0,0   0,0   0,4  12,2   11:04   ESE
22  10,9  15,2   15:49   7,6   05:44   7,4   0,0   0,0   0,1   6,1   11:12     E
23  12,8  19,1   10:17   9,2   03:19   5,5   0,0   0,0   0,7  13,3   14:15     E
24  14,0  19,6   15:22   9,9   05:59   4,4   0,1   0,0   0,5  12,2   12:52     E
25  13,7  16,9   14:09  11,1   22:13   4,6   0,0   0,0   0,2   8,6   11:52     E
26  14,2  18,6   15:52  10,9   08:11   4,1   0,0   0,0   1,6  14,8   11:32   ESE
27  10,8  15,3   04:18   4,8   23:21   7,8   0,0   0,0   0,1   9,7   06:48    NW
28   5,9   9,0   15:00   3,5   03:29  12,4   0,0   0,0   0,1   5,0   11:51     E
29   6,6  11,2   14:29   2,3   23:53  11,7   0,0   0,0   0,2  11,2   11:27     E
30   4,0  10,2   09:16  -0,2   06:11  14,3   0,0   0,0   0,4  13,3   11:45     E
31   4,2   9,8   09:16  -1,2   05:30  14,1   0,0   0,0   0,8  14,8   13:08     E
----------------------------------------------------------------------------------
    11,7  23,7    14    -1,2    31   206,6   2,5   0,0   0,5  23,4    18       E

Max >=  27,0:  0
Max <=   0,0:  0
Min <=   0,0:  2
Min <= -18,0:  0
Max Rain: 0,0 on day 0
Days of Rain: 0 (>= 0,2 mm)  0 (>= 2,0 mm)  0 (>= 20,0 mm)
Heat Base: 18,3  Cool Base: 18,3  Method: Integration
 
  • Webcam

  • Webcam


  • Ihre Meinung

  • Was finden Sie auf meiner Website interessant?
    Artikel
    FAQ
    Links
    Downloads
    Forum
    etwas anderes
    Archiv   Ergebnis
  • Status

  • Besucher
    Heute:
    202
    Gestern:
    329
    Gesamt:
    1.808.685

    Seitenzugriffe
    Heute:
    2.480
    Gestern:
    5.921
  • Benutzer & Gäste
    1 Benutzer registriert, davon online: 2 Gäste
 

Seite in 0.03336 Sekunden generiert