Logo Wetterstation Wiehl

NOAA - Klima Report


Report for 2019 Jun
                   Monthly Climatological Summary for Jun 2019

Name: Wetterstation   City: Wiehl   State: German
Elevation: 289 m  Lat: N 50° 57' 48"   Lon: E 007° 29' 22"

                  Temperature (°C), Rain (mm), Wind Speed (km/h)

                                      Heat  Cool        Avg
    Mean                              Deg   Deg         Wind                 Dom
Day Temp  High   Time   Low    Time   Days  Days  Rain  Speed High   Time    Dir
----------------------------------------------------------------------------------
 1  21,9  33,3   09:17  12,3   05:44   1,3   4,9   0,0   0,0   0,0   00:00   ---
 2  25,2  39,3   09:03  14,2   06:10   0,7   7,6   0,0   0,0   0,0   00:00   ---
 3  22,9  34,1   09:15  16,9   04:29   0,1   4,7   0,0   0,0   0,0   00:00   ---
 4  23,7  29,1   17:16  17,1   05:32   0,1   5,5   0,0   0,1   0,0   00:00   ---
 5  25,9  36,9   09:04  17,8   05:26   0,0   7,6   0,0   0,0   0,0   00:00   ---
 6  17,7  22,2   00:48  12,7   23:55   1,3   0,7   0,0   0,0   0,0   00:00   ---
 7  17,8  25,8   08:19   9,2   05:30   2,5   2,1   0,0   0,0   0,0   00:00   ---
 8  17,1  20,9   09:36  12,3   23:56   1,8   0,6   0,0   0,0   0,0   00:00   ---
 9  19,2  31,3   09:19   9,1   05:51   2,4   3,3   0,0   0,0   0,0   00:00   ---
10  20,5  25,5   13:04  16,7   05:53   0,3   2,5   0,0   0,0   0,0   00:00   ---
11  19,2  24,3   16:27  14,9   07:07   0,8   1,7   0,0   0,0   0,0   00:00   ---
12  18,0  26,9   07:31  13,2   23:45   1,1   0,9   0,0   0,0   0,0   00:00   ---
13  18,1  27,9   08:55  10,6   05:09   2,3   2,1   0,0   0,0   0,0   00:00   ---
14  21,2  33,6   09:14  11,7   05:01   1,7   4,6   0,0   0,0   0,0   00:00   ---
15  21,2  24,7   15:10  18,0   05:13   0,0   2,9   0,0   0,0   0,0   00:00   ---
16  20,9  32,3   09:23  16,6   05:06   0,3   2,9   0,0   0,0   0,0   00:00   ---
17  22,7  36,5   08:58  12,6   06:26   1,2   5,6   0,0   0,0   0,0   00:00   ---
18  24,9  36,7   09:13  15,2   05:02   0,5   7,2   0,0   0,0   0,0   00:00   ---
19  25,1  40,3   09:07  17,2   06:20   0,1   6,9   0,0   0,0   0,0   00:00   ---
20  20,1  25,0   14:16  16,6   23:58   0,1   1,9   0,0   0,1   0,0   00:00   ---
21  19,4  23,1   08:37  15,2   06:10   0,7   1,8   0,0   0,0   0,0   00:00   ---
22  21,1  29,8   08:18  11,9   05:42   1,5   4,2   0,0   0,0   0,0   00:00   ---
23  24,4  34,5   08:30  15,7   05:38   0,4   6,5   0,0   0,0   0,0   00:00   ---
24  26,2  31,1   16:25  18,5   04:55   0,0   7,9   0,0   0,0   0,0   00:00   ---
25  28,2  34,9   08:14  19,5   04:48   0,0   9,9   0,0   0,0   0,0   00:00   ---
26  28,6  34,0   08:12  22,1   05:27   0,0  10,3   0,0   0,0   0,0   00:00   ---
27  24,8  32,1   08:33  19,5   06:32   0,0   6,5   0,0   0,0   0,0   00:00   ---
28  23,6  31,2   08:18  15,7   06:07   0,3   5,6   0,0   0,0   0,0   00:00   ---
29  26,0  34,7   08:26  14,4   06:43   0,4   8,1   0,0   0,0   0,0   00:00   ---
30  27,0  36,9   08:34  17,2   05:50   0,1   8,8   0,0   0,0   0,0   00:00   ---
----------------------------------------------------------------------------------
    22,4  40,3    19     9,1     9    22,0 145,8   0,0   0,0   0,0     0     ---

Max >=  27,0: 21
Max <=   0,0:  0
Min <=   0,0:  0
Min <= -18,0:  0
Max Rain: 0,0 on day 0
Days of Rain: 0 (>= 0,2 mm)  0 (>= 2,0 mm)  0 (>= 20,0 mm)
Heat Base: 18,3  Cool Base: 18,3  Method: Integration
 
  • Webcam

  • Webcam


  • Ihre Meinung

  • Wie gefällt Ihnen meine Website?
    sehr gut!
    gut
    geht so
    naja
    ungenügend
    möchte ich nicht sagen
    Archiv   Ergebnis
  • Status

  • Besucher
    Heute:
    331
    Gestern:
    454
    Gesamt:
    1.192.248

    Seitenzugriffe
    Heute:
    1.327
    Gestern:
    2.244
  • Benutzer & Gäste
    1 Benutzer registriert, davon online: 7 Gäste
 

Seite in 0.01627 Sekunden generiert