Logo Wetterstation Wiehl / Bielstein

NOAA - Klima Report


Report for 2018 Nov
                   Monthly Climatological Summary for Nov 2018

Name: Wetterstation   City: Wiehl   State: German
Elevation: 289 m  Lat: N 50° 58' 14"   Lon: E 007° 31' 15"

                  Temperature (°C), Rain (mm), Wind Speed (km/h)

                                      Heat  Cool        Avg
    Mean                              Deg   Deg         Wind                 Dom
Day Temp  High   Time   Low    Time   Days  Days  Rain  Speed High   Time    Dir
----------------------------------------------------------------------------------
 1   7,6  10,2   12:26   3,1   07:15  10,7   0,0   1,0   2,1  29,5   23:10    NW
 2   8,4  12,2   11:34   1,8   23:52   9,9   0,0   0,0   3,0  20,9   01:04   WSW
 3   5,0  17,4   16:25  -1,7   07:20  13,3   0,0   0,0   1,0  13,3   15:06   WSW
 4   7,2  12,2   14:38  -0,4   01:53  11,1   0,0   0,0   2,5  22,0   19:44    NE
 5  10,5  14,9   14:15   7,6   00:20   7,8   0,0   0,0   3,9  20,9   13:04   NNE
 6  12,4  21,7   14:59   5,6   04:35   6,2   0,3   0,0   2,6  19,4   13:21   NNE
 7  12,1  19,6   13:10   6,9   03:55   6,2   0,0   1,6   4,3  34,2   12:45    SW
 8  11,1  20,6   15:08   5,3   21:37   7,2   0,0   0,0   1,8  14,8   01:11   WSW
 9  11,7  16,7   12:59   6,4   00:00   6,6   0,0   0,0   4,4  23,4   11:35   SSW
10  12,0  13,2   18:07  10,5   09:28   6,3   0,0   9,3   7,1  36,7   06:22   SSW
11  11,9  14,1   10:28  10,2   21:36   6,4   0,0  18,9   7,6  39,2   09:03    SW
12  12,6  17,9   12:10  10,0   00:35   5,7   0,0   7,1   3,8  34,2   12:08   WSW
13  11,0  14,7   12:35   7,8   23:41   7,3   0,0   0,3   5,2  39,2   12:43     W
14   7,8  14,1   14:07   4,2   22:32  10,5   0,0   0,0   2,8  24,5   13:24    SW
15   6,5  11,1   13:58   4,8   23:25  11,8   0,0   0,0   6,2  25,6   21:44     E
16   7,6  15,1   15:56   2,7   07:46  10,7   0,0   0,0   5,0  29,5   11:51    NE
17   6,9  15,7   14:07   2,2   06:48  11,4   0,0   0,0   6,1  33,1   12:52   NNE
18   5,5  14,8   12:57  -0,2   23:54  12,8   0,0   0,0   5,2  30,6   13:14   NNE
19   3,3   8,8   12:10  -1,5   03:16  15,0   0,0   0,0   9,6  45,4   12:30   NNE
20   2,8   4,7   12:35   1,9   04:22  15,4   0,0   0,0  12,0  43,9   04:10   NNE
21   2,6   5,5   10:18   0,8   06:17  15,7   0,0   0,0   6,1  27,0   00:20    NE
22   3,0   5,0   13:11  -0,9   23:51  15,3   0,0   0,0   4,3  24,5   13:17    NE
23   3,9  13,9   14:06  -2,8   04:07  14,4   0,0   0,0   2,1  14,8   21:19   NNE
24   3,9   6,0   21:47   1,3   00:10  14,4   0,0   4,5   2,4  18,4   06:20   ENE
25   6,1   8,7   14:57   5,0   07:36  12,2   0,0   0,6   1,9  12,2   01:01   NNW
26   5,7   7,8   13:58   4,1   23:42  12,6   0,0   0,0   3,2  17,3   23:37   NNE
27   2,7   4,9   13:28   0,4   08:07  15,5   0,0   0,0   2,6  15,8   12:33   NNE
28   3,4   6,0   15:15  -0,9   01:54  14,9   0,0   1,6   6,0  37,8   16:32     S
29   6,3   7,5   18:28   5,4   00:00  12,0   0,0   3,5   6,8  43,9   15:30     S
30   7,9  10,7   13:18   6,4   05:46  10,4   0,0   2,2   3,3  24,5   01:14   SSW
----------------------------------------------------------------------------------
     7,3  21,7     6    -2,8    23   329,7   0,3  50,6   4,5  45,4    19     NNE

Max >=  27,0:  0
Max <=   0,0:  0
Min <=   0,0:  7
Min <= -18,0:  0
Max Rain: 18,9 on day 11
Days of Rain: 11 (>= 0,2 mm)  6 (>= 2,0 mm)  0 (>= 20,0 mm)
Heat Base: 18,3  Cool Base: 18,3  Method: Integration
 
  • Webcam

  • Webcam


  • Ihre Meinung

  • Wie gefällt Ihnen meine Website?
    sehr gut!
    gut
    geht so
    naja
    ungenügend
    möchte ich nicht sagen
    Archiv   Ergebnis
  • Status

  • Besucher
    Heute:
    194
    Gestern:
    329
    Gesamt:
    1.808.677

    Seitenzugriffe
    Heute:
    2.347
    Gestern:
    5.921
  • Benutzer & Gäste
    1 Benutzer registriert, davon online: 5 Gäste
 

Seite in 0.02453 Sekunden generiert