Logo Wetterstation Wiehl / Bielstein

NOAA - Klima Report


Report for 2018 Aug
                   Monthly Climatological Summary for Aug 2018

Name: Wetterstation   City: Wiehl   State: German
Elevation: 289 m  Lat: N 50° 58' 14"   Lon: E 007° 31' 15"

                  Temperature (°C), Rain (mm), Wind Speed (km/h)

                                      Heat  Cool        Avg
    Mean                              Deg   Deg         Wind                 Dom
Day Temp  High   Time   Low    Time   Days  Days  Rain  Speed High   Time    Dir
----------------------------------------------------------------------------------
 1  23,9  33,3   11:59  18,6   05:14   0,0   5,6   0,0   3,4  22,0   10:29   WNW
 2  25,6  35,3   16:14  15,8   06:32   0,5   7,8   0,0   2,0  19,4   14:25   WNW
 3  27,8  39,5   17:32  18,1   06:16   0,0   9,5   0,0   2,3  19,4   12:18    NW
 4  27,6  36,4   17:00  20,6   06:10   0,0   9,3   0,0   2,8  24,5   13:59    NW
 5  24,4  32,3   17:06  18,5   06:45   0,0   6,1   0,0   3,2  25,6   15:28     N
 6  24,8  35,0   17:20  14,7   04:45   0,7   7,2   0,0   3,1  28,1   15:03   WNW
 7  28,0  38,6   17:10  16,5   06:08   0,2  10,0   0,0   4,3  31,7   12:20     W
 8  24,0  28,6   16:06  18,2   23:57   0,0   5,6   1,3   5,5  39,2   06:39     W
 9  21,3  32,3   13:47  15,9   05:08   0,5   3,5  11,6   6,4  46,4   15:24     W
10  18,5  23,6   15:24  14,0   06:46   1,2   1,4   0,0   9,2  40,3   00:00     W
11  17,9  24,6   17:14  13,4   03:59   1,8   1,4   0,3   3,4  33,1   17:06     W
12  19,0  29,2   15:42   8,7   06:21   2,7   3,5   0,0   2,8  28,1   16:49   WSW
13  17,1  22,8   16:52  13,5   04:37   1,7   0,5   2,6   3,0  29,5   15:27   WSW
14  19,0  25,7   16:15  15,7   00:00   0,7   1,4   1,6   4,2  25,6   19:08     W
15  20,1  24,5   13:31  16,6   04:42   0,3   2,1   0,0   1,9  15,8   11:58   WSW
16  21,8  32,1   17:34  12,5   06:32   1,2   4,8   0,0   2,6  24,5   11:33   WSW
17  19,8  25,4   11:11  15,1   23:56   0,6   2,1   0,0   2,8  30,6   09:16   WNW
18  19,3  30,1   16:52  10,5   05:30   2,1   3,1   0,0   2,2  23,4   12:39     W
19  20,6  29,8   16:17  11,9   06:34   1,5   3,8   0,0   3,0  28,1   15:14     W
20  20,1  23,0   17:35  17,6   01:31   0,0   1,8   0,3   1,9  18,4   10:43     W
21  22,8  32,8   17:29  18,1   05:58   0,0   4,5   0,0   1,7  15,8   12:33   NNW
22  24,5  33,2   16:24  16,3   06:51   0,2   6,4   0,0   3,0  25,6   13:45     W
23  22,7  31,0   16:33  15,8   06:55   0,3   4,7   0,0   2,8  27,0   15:07     W
24  18,1  21,4   14:08  15,7   06:17   0,9   0,7   0,3   3,8  28,1   13:54     W
25  14,2  18,5   17:31  10,4   23:57   4,1   0,0   4,2   6,1  34,2   10:48     W
26  14,6  22,0   16:34   5,6   06:57   4,2   0,5   0,0   3,9  29,5   13:02   WSW
27  17,2  23,9   17:34  12,5   06:08   2,1   1,0   2,2   5,7  41,8   14:26   WSW
28  18,5  26,6   17:02  10,8   06:44   1,9   2,2   0,0   2,5  25,6   12:54   WSW
29  18,8  29,1   13:54   9,7   06:43   2,5   3,0   6,7   2,5  30,6   16:45     W
30  16,9  22,7   16:42  11,5   23:51   2,2   0,7   0,6   3,3  28,1   00:35     W
31  16,0  24,9   15:14  10,9   00:50   3,4   1,0   0,0   2,2  20,9   13:00     N
----------------------------------------------------------------------------------
    20,8  39,5     3     5,6    26    37,5 115,2  31,7   3,4  46,4     9       W

Max >=  27,0: 17
Max <=   0,0:  0
Min <=   0,0:  0
Min <= -18,0:  0
Max Rain: 11,6 on day 9
Days of Rain: 11 (>= 0,2 mm)  5 (>= 2,0 mm)  0 (>= 20,0 mm)
Heat Base: 18,3  Cool Base: 18,3  Method: Integration
 
  • Webcam

  • Webcam


  • Ihre Meinung

  • Was finden Sie auf meiner Website interessant?
    Artikel
    FAQ
    Links
    Downloads
    Forum
    etwas anderes
    Archiv   Ergebnis
  • Status

  • Besucher
    Heute:
    194
    Gestern:
    329
    Gesamt:
    1.808.677

    Seitenzugriffe
    Heute:
    2.341
    Gestern:
    5.921
  • Benutzer & Gäste
    1 Benutzer registriert, davon online: 5 Gäste
 

Seite in 0.02548 Sekunden generiert