Logo Wetterstation Wiehl / Bielstein

NOAA - Klima Report


Report for 2018 Jan
                   Monthly Climatological Summary for Jan 2018

Name: Wetterstation   City: Wiehl   State: German
Elevation: 289 m  Lat: N 50° 58' 14"   Lon: E 007° 31' 15"

                  Temperature (°C), Rain (mm), Wind Speed (km/h)

                                      Heat  Cool        Avg
    Mean                              Deg   Deg         Wind                 Dom
Day Temp  High   Time   Low    Time   Days  Days  Rain  Speed High   Time    Dir
----------------------------------------------------------------------------------
 1   5,8   9,3   00:57   3,3   21:19  12,5   0,0  12,8   9,5  39,2   01:23     W
 2   4,2   5,8   14:32   2,7   01:42  14,1   0,0  11,6   6,4  37,8   22:56     W
 3   6,3   8,8   06:05   4,3   21:23  12,0   0,0  18,9  13,1  52,6   15:04     W
 4   7,2  10,4   18:17   5,4   11:15  11,1   0,0   4,5   9,9  51,5   19:55     W
 5   7,2   8,6   11:14   3,6   23:48  11,1   0,0   0,3   7,2  43,9   00:24     W
 6   2,9   5,4   15:59  -0,4   05:54  15,4   0,0   0,3   0,8   8,6   22:12     N
 7   3,8   6,1   12:07   2,8   22:11  14,5   0,0   0,3   8,3  34,2   17:59   NNE
 8   3,9   8,7   14:44   2,7   03:57  14,4   0,0   0,0   8,9  36,7   23:37    NE
 9   4,7   8,4   15:16   2,6   20:43  13,6   0,0   0,0   6,6  33,1   00:54    NE
10   6,6   8,9   11:30   5,5   00:00  11,7   0,0   0,0   3,8  22,0   13:00    SW
11   6,6  14,6   12:38   4,9   06:15  11,7   0,0   0,3   0,7   7,2   00:12     N
12   4,7   6,2   13:20   2,9   07:31  13,6   0,0   0,0   0,3   7,2   13:20   WNW
13   4,5   6,2   15:33   3,5   23:43  13,8   0,0   0,0   5,9  31,7   14:41    NE
14   1,9   5,3   14:33  -0,9   21:37  16,4   0,0   0,0   6,6  29,5   12:07    NE
15   3,0   5,3   23:58  -0,6   00:00  15,3   0,0  11,9   9,5  49,0   18:28    SW
16   3,1   5,9   00:41   1,0   21:15  15,3   0,0   9,6   8,0  37,8   01:54     W
17   1,4   2,4   22:07  -0,1   06:51  16,9   0,0   2,6   8,4  37,8   15:58     W
18   3,9   9,1   11:14   0,6   05:51  14,4   0,0  11,9  11,4  78,5   11:15     W
19   2,4   4,9   14:09   1,1   03:23  15,9   0,0   3,5   6,4  30,6   08:55     W
20   1,5   3,2   11:28   0,8   17:30  16,8   0,0   4,8   4,1  25,6   03:17   WSW
21   1,7   4,7   15:20   0,6   21:31  16,6   0,0   0,6   2,7  19,4   04:34     W
22   3,5   6,6   13:57   0,4   00:19  14,8   0,0   5,1   2,8  23,4   04:44   WSW
23   5,9   7,6   15:21   4,6   08:34  12,4   0,0   1,6   5,0  25,6   15:17   WSW
24  10,1  11,9   12:27   7,1   00:00   8,2   0,0   0,6  10,3  47,9   18:36   WSW
25   7,5  10,6   00:00   5,9   23:43  10,8   0,0   8,3   3,7  31,7   01:46     W
26   5,8   8,9   14:57   2,0   23:49  12,5   0,0   0,3   0,8   8,6   14:41     W
27   3,5   7,2   14:57   2,0   02:26  14,8   0,0   0,3   3,7  29,5   23:10    SW
28   6,2   9,1   21:47   3,3   02:10  12,1   0,0   1,3   6,4  28,1   21:46     W
29   8,3   9,5   13:53   4,9   23:49  10,0   0,0   1,9   9,2  42,8   15:16     W
30   4,5   8,8   12:46   1,0   22:54  13,8   0,0   0,0   2,0  15,8   00:26     W
31   5,8   8,3   10:54   2,4   23:27  12,4   0,0  12,2   9,6  45,4   12:33     W
----------------------------------------------------------------------------------
     4,8  14,6    11    -0,9    14   418,9   0,0 125,5   6,2  78,5    18       W

Max >=  27,0:  0
Max <=   0,0:  0
Min <=   0,0:  4
Min <= -18,0:  0
Max Rain: 18,9 on day 3
Days of Rain: 24 (>= 0,2 mm)  13 (>= 2,0 mm)  0 (>= 20,0 mm)
Heat Base: 18,3  Cool Base: 18,3  Method: Integration
 
  • Webcam

  • Webcam


  • Ihre Meinung

  • Wie gefällt Ihnen meine Website?
    sehr gut!
    gut
    geht so
    naja
    ungenügend
    möchte ich nicht sagen
    Archiv   Ergebnis
  • Status

  • Besucher
    Heute:
    192
    Gestern:
    329
    Gesamt:
    1.808.675

    Seitenzugriffe
    Heute:
    2.285
    Gestern:
    5.921
  • Benutzer & Gäste
    1 Benutzer registriert, davon online: 5 Gäste
 

Seite in 0.03024 Sekunden generiert