Logo Wetterstation Wiehl

NOAA - Klima Report


Report for 2017 Dec
                   Monthly Climatological Summary for Dez 2017

Name: Wetterstation   City: Wiehl   State: German
Elevation: 289 m  Lat: N 50° 58' 14"   Lon: E 007° 31' 15"

                  Temperature (°C), Rain (mm), Wind Speed (km/h)

                                      Heat  Cool        Avg
    Mean                              Deg   Deg         Wind                 Dom
Day Temp  High   Time   Low    Time   Days  Days  Rain  Speed High   Time    Dir
----------------------------------------------------------------------------------
 1   1,0   4,7   14:12  -2,3   23:14  17,3   0,0   0,3   1,7  17,3   15:04   NNE
 2  -0,8   1,0   13:43  -3,4   01:59  19,1   0,0   0,0   1,2  12,2   23:55     W
 3  -0,3   0,9   23:15  -1,1   07:33  18,6   0,0   1,0   2,5  14,8   09:42   WSW
 4   3,8   5,4   14:44   0,9   00:00  14,5   0,0   5,1   1,8  14,8   16:59     W
 5   4,6   5,2   13:58   3,5   08:40  13,7   0,0   0,3   3,9  20,9   03:34     W
 6   5,7   7,0   14:10   4,8   00:07  12,6   0,0   0,0   5,3  22,0   21:01     W
 7   3,4   5,7   23:45   0,7   09:42  14,9   0,0   9,6   9,7  35,6   18:25   WSW
 8   2,1   5,6   00:00  -0,5   23:15  16,2   0,0   0,6   6,8  28,1   10:09     W
 9  -0,7   0,5   14:49  -2,1   06:49  19,0   0,0   0,0   3,8  17,3   15:11     W
10   0,5   5,2   21:33  -1,8   13:09  17,8   0,0   1,9   9,9  60,1   13:26   WSW
11   3,6   6,4   22:07   0,9   07:09  14,7   0,0   6,4   5,5  31,7   22:50   WNW
12   1,4   5,5   00:30   0,0   02:36  16,9   0,0   1,3   7,1  36,7   01:10     W
13   1,6   4,7   22:39  -0,5   03:26  16,7   0,0  17,3   9,2  63,7   23:07   WSW
14   2,5   4,6   00:15   0,7   07:05  15,8   0,0   5,5   8,4  42,8   05:31     W
15   2,1   3,4   12:54   1,3   03:01  16,2   0,0   1,3   2,4  17,3   13:00   WSW
16   1,8   4,5   14:07   0,4   03:47  16,5   0,0   1,3   1,7  17,3   19:54     W
17   1,1   1,6   16:47   0,6   04:30  17,2   0,0   3,2   2,7  17,3   21:03     W
18   0,8   1,9   13:54  -0,1   03:16  17,5   0,0   1,3   1,1  20,9   00:43   WSW
19   1,7   3,0   22:08   0,7   00:12  16,6   0,0   9,6   0,3   6,1   10:53   WSW
20   4,1   5,5   14:50   2,8   05:32  14,2   0,0   4,2   0,4   6,1   10:29     N
21   6,5   7,7   22:42   4,5   02:28  11,8   0,0   1,6   1,0  12,2   11:51     W
22   7,1   8,4   13:41   6,2   23:55  11,3   0,0   4,8   1,1   8,6   06:57     N
23   7,3   8,0   18:56   5,7   01:06  11,0   0,0   0,3   5,3  28,1   13:25     W
24   7,7   8,0   13:09   6,9   22:07  10,6   0,0   0,0   7,1  28,1   10:16     W
25   5,5   7,5   00:00   2,5   23:39  12,8   0,0   0,0   7,8  33,1   22:53   WSW
26   4,1   5,9   07:49   2,5   00:00  14,2   0,0   3,9   7,8  34,2   17:41   WSW
27   4,4   6,0   15:21   3,5   00:00  13,8   0,0   0,3   6,6  35,6   11:30    SW
28   2,0   4,9   13:01   0,0   00:03  16,2   0,0   1,3   5,0  24,5   21:16     W
29   0,7   3,9   11:14  -0,8   07:51  17,6   0,0   0,3   5,4  34,2   13:38   WSW
30   5,9  11,6   20:54   0,7   01:38  12,4   0,0  13,2   7,8  45,4   16:38     W
31  11,1  12,6   14:17   8,5   04:34   7,2   0,0  11,9  11,5  43,9   22:11     W
----------------------------------------------------------------------------------
     3,3  12,6    31    -3,4     2   464,9   0,0 107,8   4,9  63,7    13       W

Max >=  27,0:  0
Max <=   0,0:  0
Min <=   0,0: 11
Min <= -18,0:  0
Max Rain: 17,3 on day 13
Days of Rain: 26 (>= 0,2 mm)  12 (>= 2,0 mm)  0 (>= 20,0 mm)
Heat Base: 18,3  Cool Base: 18,3  Method: Integration
 
  • Webcam

  • Webcam


  • Ihre Meinung

  • Wie gefällt Ihnen meine Website?
    sehr gut!
    gut
    geht so
    naja
    ungenügend
    möchte ich nicht sagen
    Archiv   Ergebnis
  • Status

  • Besucher
    Heute:
    313
    Gestern:
    454
    Gesamt:
    1.192.230

    Seitenzugriffe
    Heute:
    1.195
    Gestern:
    2.244
  • Benutzer & Gäste
    1 Benutzer registriert, davon online: 2 Gäste
 

Seite in 0.01346 Sekunden generiert