Logo Wetterstation Wiehl

NOAA - Klima Report


Report for 2017 Aug
                   Monthly Climatological Summary for Aug 2017

Name: Wetterstation   City: Wiehl   State: German
Elevation: 289 m  Lat: N 50° 58' 14"   Lon: E 007° 31' 15"

                  Temperature (°C), Rain (mm), Wind Speed (km/h)

                                      Heat  Cool        Avg
    Mean                              Deg   Deg         Wind                 Dom
Day Temp  High   Time   Low    Time   Days  Days  Rain  Speed High   Time    Dir
----------------------------------------------------------------------------------
 1  19,5  22,9   17:41  17,3   10:56   0,1   1,3  11,9   2,8  29,5   10:44   WNW
 2  20,3  25,1   13:11  15,4   06:17   0,6   2,6   0,6   3,3  28,1   13:03     W
 3  21,0  25,1   16:36  18,1   05:13   0,0   2,7   0,6   4,8  43,9   15:45   WNW
 4  19,3  24,5   17:41  16,4   05:14   0,5   1,5   0,0   3,5  28,1   14:30   WNW
 5  16,6  21,0   17:24  13,6   23:57   1,9   0,1   3,9   2,0  29,5   16:41    NW
 6  16,8  26,8   17:24  11,8   23:58   2,7   1,1   0,6   2,2  15,8   12:34   WNW
 7  18,5  29,4   16:47   9,1   06:07   2,7   2,9   0,0   3,7  23,4   13:39    NW
 8  17,6  23,0   08:10  13,0   23:42   1,5   0,8   2,2   4,6  31,7   18:48   WNW
 9  17,4  25,0   17:29  12,2   02:49   2,2   1,3   0,0   3,4  20,9   10:18     W
10  14,9  17,8   14:17  13,8   06:46   3,4   0,0  17,7   1,1  14,8   03:17   WNW
11  14,0  15,1   13:35  13,4   03:24   4,3   0,0  12,5   0,8   7,2   08:46     W
12  14,3  15,9   18:33  12,6   06:52   4,0   0,0   2,9   4,3  23,4   10:16     W
13  18,2  27,2   17:16  13,1   23:54   1,6   1,4   1,9   2,3  17,3   02:10     W
14  19,6  28,6   17:30  10,4   06:28   2,2   3,5   0,0   3,7  24,5   14:15   NNE
15  19,7  24,2   09:21  14,4   06:29   0,7   2,1   5,8   2,4  28,1   15:21     W
16  20,5  27,8   16:07  16,5   06:36   0,4   2,6   5,8   1,8  18,4   00:41    NW
17  18,8  23,6   13:54  13,4   05:58   0,9   1,4   0,6   3,4  30,6   13:41   WSW
18  17,1  19,7   13:59  13,7   23:57   1,3   0,1  22,5   2,3  40,3   22:27     W
19  14,0  20,0   15:42  10,5   05:46   4,4   0,1   5,5   4,9  27,0   14:39   WNW
20  14,2  20,7   16:16  11,2   03:38   4,2   0,1   1,0   2,6  20,9   16:24     W
21  16,2  23,7   17:51  10,3   05:24   3,2   1,1   0,0   1,6  14,8   14:15   WNW
22  17,2  29,8   17:49   9,2   05:29   3,3   2,2   0,0   2,2  14,8   16:58     N
23  19,5  27,7   16:46  11,6   06:33   1,9   3,1   0,0   4,2  27,0   13:54   NNW
24  18,9  24,0   17:57  15,3   23:54   0,6   1,2   0,0   2,2  19,4   15:17     W
25  18,5  26,3   12:38  11,1   06:28   2,0   2,3   1,0   1,8  15,8   12:55     N
26  20,6  26,5   16:51  17,0   07:01   0,2   2,6  10,0   2,3  15,8   10:15   WNW
27  20,0  29,0   16:21  13,9   05:42   1,2   2,9   0,0   1,2  13,3   15:41    NW
28  20,7  31,1   16:45  12,0   06:32   1,6   4,0   0,0   2,4  17,3   13:00   NNW
29  22,2  31,5   16:42  14,5   06:29   0,9   4,9   0,0   2,1  19,4   14:08   WSW
30  21,8  28,4   14:51  15,4   06:26   0,5   3,9   0,3   3,8  27,0   23:02   WSW
31  16,3  21,6   17:56  12,1   23:57   2,1   0,1   5,5   2,5  18,4   13:11     W
----------------------------------------------------------------------------------
    18,2  31,5    29     9,1     7    57,1  53,9 112,8   2,8  43,9     3     WNW

Max >=  27,0: 10
Max <=   0,0:  0
Min <=   0,0:  0
Min <= -18,0:  0
Max Rain: 22,5 on day 18
Days of Rain: 20 (>= 0,2 mm)  12 (>= 2,0 mm)  1 (>= 20,0 mm)
Heat Base: 18,3  Cool Base: 18,3  Method: Integration
 
  • Webcam

  • Webcam


  • Newsflash

  • Amtliche WARNUNG vor HITZE

    für Bundesland Nordrhein-Westfalen gültig Montag, 10.08.2020 11:00 Uhr bis: Dienstag, 11.08.2020 19:00 Uhr ausgegeben vom Deutschen Wetterdienst...

    [mehr »]
  • Ihre Meinung

  • Wie gefällt Ihnen meine Website?
    sehr gut!
    gut
    geht so
    naja
    ungenügend
    möchte ich nicht sagen
    Archiv   Ergebnis
  • Status

  • Besucher
    Heute:
    587
    Gestern:
    616
    Gesamt:
    1.304.978

    Seitenzugriffe
    Heute:
    21.068
    Gestern:
    23.039
  • Benutzer & Gäste
    1 Benutzer registriert, davon online: 14 Gäste
 

Seite in 0.02990 Sekunden generiert