Logo Wetterstation Wiehl / Bielstein

NOAA - Klima Report


Report for 2017 Jul
                   Monthly Climatological Summary for Jul 2017

Name: Wetterstation   City: Wiehl   State: German
Elevation: 289 m  Lat: N 50° 58' 14"   Lon: E 007° 31' 15"

                  Temperature (°C), Rain (mm), Wind Speed (km/h)

                                      Heat  Cool        Avg
    Mean                              Deg   Deg         Wind                 Dom
Day Temp  High   Time   Low    Time   Days  Days  Rain  Speed High   Time    Dir
----------------------------------------------------------------------------------
 1  14,7  16,3   18:59  13,8   04:19   3,6   0,0   6,1   3,5  28,1   09:47     W
 2  15,6  18,3   18:16  13,3   05:26   2,6   0,0   2,6   3,1  22,0   14:26     W
 3  16,7  23,6   17:05   9,8   05:05   3,0   1,3   0,3   0,9  14,8   15:35     W
 4  18,9  26,1   17:02  12,0   05:53   1,6   2,1   0,0   1,9  19,4   15:01   WNW
 5  21,6  28,4   17:36  14,7   02:06   1,0   4,3   0,0   1,6  12,2   14:36   WNW
 6  20,9  30,8   16:06  14,3   05:36   0,8   3,5   2,6   2,8  13,3   12:36   NNW
 7  23,2  30,9   16:06  16,0   05:36   0,4   5,2   0,3   3,4  22,0   15:36   WNW
 8  22,4  30,4   17:06  14,7   06:06   0,6   4,7   0,0   1,7   9,7   13:36    NW
 9  22,0  29,8   16:36  15,8   05:36   0,4   4,1   0,0   2,1  14,8   09:06   WSW
10  19,3  24,4   13:58  16,8   04:10   0,3   1,4  12,2   2,5  35,6   17:14     W
11  18,6  23,4   16:33  14,4   06:07   0,9   1,2   0,3   4,1  23,4   15:16     W
12  15,6  17,2   14:51  10,1   23:58   2,7   0,0  19,3   4,0  30,6   13:43     W
13  14,7  23,8   16:24   6,8   06:07   4,2   0,6   0,3   2,3  20,9   15:05   WNW
14  15,5  22,5   15:13  10,3   04:45   3,6   0,8   2,9   2,4  19,4   16:33   WNW
15  16,2  22,2   15:52  10,2   02:56   2,9   0,7   0,0   2,4  18,4   12:40   WNW
16  18,1  21,4   16:32  15,8   05:22   0,9   0,7   0,0   2,5  18,4   09:31     W
17  19,1  25,2   15:57  15,4   04:56   0,8   1,6   1,9   1,0  13,3   15:50    NW
18  22,0  32,8   15:39  11,1   05:48   1,7   5,4   0,0   3,8  19,4   12:11   NNE
19  23,1  31,4   15:15  18,0   23:51   0,0   4,8   9,0   5,5  29,5   16:33     N
20  20,7  26,3   16:16  17,7   00:20   0,1   2,5   4,5   5,5  30,6   13:41     W
21  20,4  28,4   15:54  13,3   05:16   1,0   3,2   0,0   2,7  19,4   13:53    NW
22  21,5  30,3   17:13  16,6   06:48   0,2   3,5   9,0   3,9  30,6   02:57     N
23  17,3  20,6   16:28  14,7   06:13   1,4   0,3   6,1   4,7  31,7   13:56     W
24  15,3  19,6   15:37  12,8   06:30   3,1   0,0   7,1   1,7  17,3   17:20   WNW
25  14,1  17,1   13:52  12,5   02:23   4,2   0,0  13,5   2,6  22,0   15:08   WNW
26  17,5  23,1   17:07  13,9   00:34   1,9   1,1   3,2   3,2  28,1   15:28   WNW
27  18,4  21,7   17:33  16,2   05:32   0,7   0,9   1,9   3,2  33,1   14:53     W
28  17,2  21,4   16:16  11,8   06:23   1,8   0,7   0,0   5,2  34,2   11:57     W
29  20,7  24,5   18:07  16,1   02:22   0,4   2,8   0,3   5,0  27,0   11:02     W
30  23,0  27,5   16:45  16,9   23:42   0,0   4,7   0,0   6,9  41,8   13:06     W
31  20,7  28,4   17:09  13,8   06:50   0,9   3,3   0,3   3,8  29,5   11:34     W
----------------------------------------------------------------------------------
    18,9  32,8    18     6,8    13    47,7  65,4 103,7   3,5  41,8    30     WNW

Max >=  27,0: 11
Max <=   0,0:  0
Min <=   0,0:  0
Min <= -18,0:  0
Max Rain: 19,3 on day 12
Days of Rain: 21 (>= 0,2 mm)  13 (>= 2,0 mm)  0 (>= 20,0 mm)
Heat Base: 18,3  Cool Base: 18,3  Method: Integration
 
  • Webcam

  • Webcam


  • Ihre Meinung

  • Wie gefällt Ihnen meine Website?
    sehr gut!
    gut
    geht so
    naja
    ungenügend
    möchte ich nicht sagen
    Archiv   Ergebnis
  • Status

  • Besucher
    Heute:
    192
    Gestern:
    329
    Gesamt:
    1.808.675

    Seitenzugriffe
    Heute:
    2.292
    Gestern:
    5.921
  • Benutzer & Gäste
    1 Benutzer registriert, davon online: 5 Gäste
 

Seite in 0.02710 Sekunden generiert