Logo Wetterstation Wiehl / Bielstein

NOAA - Klima Report


Report for 2017 Apr
                   Monthly Climatological Summary for Apr 2017

Name: Wetterstation   City: Wiehl   State: German
Elevation: 289 m  Lat: N 50° 58' 14"   Lon: E 007° 31' 15"

                  Temperature (°C), Rain (mm), Wind Speed (km/h)

                                      Heat  Cool        Avg
    Mean                              Deg   Deg         Wind                 Dom
Day Temp  High   Time   Low    Time   Days  Days  Rain  Speed High   Time    Dir
----------------------------------------------------------------------------------
 1  11,8  18,4   16:51   5,5   06:46   6,5   0,0   0,0   2,1  22,0   19:54     W
 2  11,9  20,2   18:09   6,0   23:54   6,5   0,0   0,0   1,8  17,3   13:38    NW
 3   9,7  19,3   18:16   0,9   07:13   8,7   0,0   0,0   1,8  20,9   15:09   NNW
 4   8,8  19,2   17:38  -0,5   07:18   9,5   0,0   0,0   1,7  20,9   12:08    NW
 5   7,0  13,8   14:10  -0,5   06:58  11,3   0,0   0,0   2,9  24,5   14:19   WNW
 6   6,8  13,5   17:03   3,2   01:41  11,4   0,0   0,0   2,6  23,4   14:34   WNW
 7   6,9  10,3   17:33   1,7   05:03  11,4   0,0   0,0   1,6  15,8   13:33   WNW
 8  10,8  18,4   18:03   5,3   23:53   7,6   0,0   0,0   0,4   9,7   12:33   WNW
 9  11,7  23,9   16:40   0,5   06:35   7,4   0,8   0,0   1,9  19,4   14:32     W
10   8,6  13,9   17:31   3,1   06:28   9,7   0,0   0,0   2,2  20,9   12:25     W
11   7,1  13,7   15:54   2,3   06:17  11,2   0,0   0,0   2,4  23,4   15:28     W
12   8,5  13,5   16:10   4,1   07:04   9,7   0,0   0,0   4,9  34,2   13:17     W
13   8,0  12,0   17:36   3,7   23:57  10,3   0,0   0,6   3,8  22,0   12:38   WNW
14   5,9  12,3   16:37  -1,0   06:44  12,3   0,0   0,0   1,5  17,3   12:37     W
15   5,7   9,1   17:21   2,3   23:55  12,6   0,0   1,6   2,4  22,0   17:04     W
16   4,1   9,8   12:57   0,2   01:43  14,2   0,0   2,2   1,8  31,7   14:38   WNW
17   3,8  11,1   15:47  -0,6   08:14  14,5   0,0  10,3   3,2  22,0   12:18   NNW
18   2,9  10,2   16:33  -1,0   23:24  15,4   0,0   0,6   4,1  31,7   15:52     N
19   2,9  10,6   16:39  -3,7   03:34  15,4   0,0   0,3   5,2  31,7   10:52   NNE
20   4,6  15,3   16:10  -4,3   06:34  13,6   0,0   0,0   2,3  23,4   17:34    NW
21   5,7  12,0   16:42  -1,7   05:32  12,6   0,0   0,0   2,9  23,4   14:50     W
22   6,2   9,4   14:06   3,6   08:20  12,1   0,0   1,0   3,1  18,4   12:51   WNW
23   4,3   9,7   16:30  -0,5   05:29  14,0   0,0   0,0   2,1  22,0   13:43   WNW
24   7,1  15,9   16:47  -2,6   06:17  11,2   0,0   0,0   3,6  33,1   14:06     W
25   5,7   9,5   15:57   1,2   23:59  12,6   0,0   0,6   4,1  31,7   11:28   WNW
26   3,6  11,6   16:11  -2,0   05:42  14,7   0,0   0,3   2,3  22,0   13:51   WNW
27   4,6  15,7   17:44  -3,2   06:06  13,7   0,0   0,0   2,2  22,0   14:53   WNW
28   5,6  10,0   13:13  -0,1   06:31  12,7   0,0   0,0   2,9  22,0   13:39     W
29   6,7  18,3   15:56  -0,1   05:47  11,6   0,0   0,0   2,2  18,4   18:30   NNW
30  10,2  18,0   16:30   1,7   05:47   8,1   0,0   0,0   9,1  60,1   17:20    NE
----------------------------------------------------------------------------------
     6,9  23,9     9    -4,3    20   342,5   0,8  17,5   3,0  60,1    30      NW

Max >=  27,0:  0
Max <=   0,0:  0
Min <=   0,0: 14
Min <= -18,0:  0
Max Rain: 10,3 on day 17
Days of Rain: 9 (>= 0,2 mm)  2 (>= 2,0 mm)  0 (>= 20,0 mm)
Heat Base: 18,3  Cool Base: 18,3  Method: Integration
 
  • Webcam

  • Webcam


  • Ihre Meinung

  • Was finden Sie auf meiner Website interessant?
    Artikel
    FAQ
    Links
    Downloads
    Forum
    etwas anderes
    Archiv   Ergebnis
  • Status

  • Besucher
    Heute:
    197
    Gestern:
    329
    Gesamt:
    1.808.680

    Seitenzugriffe
    Heute:
    2.387
    Gestern:
    5.921
  • Benutzer & Gäste
    1 Benutzer registriert, davon online: 3 Gäste
 

Seite in 0.03278 Sekunden generiert