Logo Wetterstation Wiehl / Bielstein

NOAA - Klima Report


Report for 2016 Nov
                   Monthly Climatological Summary for Nov 2016

Name: Wetterstation   City: Wiehl   State: German
Elevation: 289 m  Lat: N 50° 58' 14"   Lon: E 007° 31' 15"

                  Temperature (°C), Rain (mm), Wind Speed (km/h)

                                      Heat  Cool        Avg
    Mean                              Deg   Deg         Wind                 Dom
Day Temp  High   Time   Low    Time   Days  Days  Rain  Speed High   Time    Dir
----------------------------------------------------------------------------------
 1   9,1  15,7   13:26   2,9   07:30   9,2   0,0   0,0   0,9  24,5   21:09     W
 2   7,4  11,3   13:12   6,3   17:03  10,9   0,0   4,2   1,8  19,4   14:21     W
 3   6,6  11,2   14:51   3,3   23:56  11,7   0,0   0,0   1,7  13,3   00:52     W
 4   5,6  10,2   13:58   2,2   01:16  12,7   0,0   0,3   1,5  14,8   12:27   WSW
 5   6,5   8,0   15:26   4,8   18:43  11,8   0,0   1,9   1,9  13,3   23:03     W
 6   5,4   6,4   13:03   3,8   22:14  12,9   0,0   2,6   5,5  25,6   08:22     W
 7   3,7   4,3   21:47   3,1   07:37  14,6   0,0   2,6   2,5  12,2   13:19   WSW
 8   1,9   4,4   14:42  -0,5   22:10  16,4   0,0   2,6   1,3  13,3   11:33     W
 9   1,8   3,5   13:43   0,0   02:58  16,5   0,0   7,1   2,4  22,0   16:30   NNE
10   2,8   5,5   17:25   0,8   02:10  15,5   0,0   7,7   0,6  11,2   23:42     W
11   3,7   4,9   09:17   0,8   23:55  14,6   0,0   2,6   2,1  19,4   13:07   NNE
12   0,9   8,1   12:49  -3,5   06:17  17,4   0,0   0,3   2,7  18,4   10:31   NNE
13   1,7   5,6   13:03  -2,3   23:58  16,6   0,0   0,0   3,7  18,4   11:57   NNE
14   1,5   9,0   09:52  -4,3   07:07  16,8   0,0   0,0   2,1  19,4   10:59   WSW
15   3,8   6,0   23:51   1,8   03:40  14,5   0,0   8,3   1,3  12,2   00:07    NE
16   9,5  12,1   15:59   6,0   00:00   8,8   0,0  20,2   4,8  24,5   18:30     W
17   9,5  11,5   23:02   8,1   13:01   8,8   0,0   6,7   7,0  29,5   12:11     W
18   7,9  12,0   05:26   5,1   23:55  10,4   0,0   9,0   8,5  37,8   05:48     W
19   5,1   7,4   12:29   2,4   01:16  13,2   0,0   0,0   4,2  25,6   14:17   WSW
20   9,3  13,6   23:48   4,2   02:38   9,0   0,0   0,3   9,5  54,0   15:33   WSW
21  13,5  15,1   20:07  11,6   23:58   4,8   0,0   1,0   8,2  40,3   09:12   WSW
22  10,6  12,3   14:07   8,7   23:56   7,7   0,0   4,2   2,5  23,4   02:11     W
23   9,5  19,8   13:47   5,4   07:16   8,8   0,0   0,3   1,4  12,2   10:42     N
24  11,7  21,0   12:34   6,4   22:52   6,8   0,2   0,0   4,3  24,5   10:50   NNE
25   7,7  18,1   13:10   3,2   07:42  10,6   0,0   0,0   3,6  28,1   12:08   NNE
26   7,1  10,8   12:44   4,1   23:56  11,2   0,0   0,0   1,4   9,7   11:03   NNE
27   4,0   7,9   13:19  -1,3   23:52  14,4   0,0   0,3   0,8   7,2   11:40   WNW
28   0,7  11,2   12:37  -5,0   23:53  17,6   0,0   0,3   2,2  28,1   12:08     N
29  -1,4   9,0   14:06  -6,5   06:32  19,7   0,0   0,0   0,9   9,7   03:24   NNW
30  -1,3   9,2   13:09  -6,9   06:18  19,6   0,0   0,0   1,0   9,7   00:11   WNW
----------------------------------------------------------------------------------
     5,5  21,0    24    -6,9    30   383,5   0,2  82,5   3,1  54,0    20     WNW

Max >=  27,0:  0
Max <=   0,0:  0
Min <=   0,0:  9
Min <= -18,0:  0
Max Rain: 20,2 on day 16
Days of Rain: 20 (>= 0,2 mm)  12 (>= 2,0 mm)  1 (>= 20,0 mm)
Heat Base: 18,3  Cool Base: 18,3  Method: Integration
 
  • Webcam

  • Webcam


  • Ihre Meinung

  • Was finden Sie auf meiner Website interessant?
    Artikel
    FAQ
    Links
    Downloads
    Forum
    etwas anderes
    Archiv   Ergebnis
  • Status

  • Besucher
    Heute:
    202
    Gestern:
    329
    Gesamt:
    1.808.685

    Seitenzugriffe
    Heute:
    2.478
    Gestern:
    5.921
  • Benutzer & Gäste
    1 Benutzer registriert, davon online: 4 Gäste
 

Seite in 0.02656 Sekunden generiert