Logo Wetterstation Wiehl / Bielstein

NOAA - Klima Report


Report for 2016 Sep
                   Monthly Climatological Summary for Sep 2016

Name: Wetterstation   City: Wiehl   State: German
Elevation: 289 m  Lat: N 50° 58' 14"   Lon: E 007° 31' 15"

                  Temperature (°C), Rain (mm), Wind Speed (km/h)

                                      Heat  Cool        Avg
    Mean                              Deg   Deg         Wind                 Dom
Day Temp  High   Time   Low    Time   Days  Days  Rain  Speed High   Time    Dir
----------------------------------------------------------------------------------
 1  19,2  27,2   16:21  12,9   06:37   1,6   2,4   0,0   1,7  19,4   13:45     W
 2  19,7  28,4   17:02  12,3   06:36   1,6   3,0   0,0   2,2  19,4   13:27     W
 3  19,9  28,1   17:26  14,3   06:30   0,9   2,6   0,0   1,5  14,8   11:49     W
 4  17,3  22,5   16:28  15,2   01:45   1,4   0,5  17,7   4,2  39,2   16:50     W
 5  17,3  22,8   16:38  14,3   23:58   1,7   0,7   3,9   2,4  18,4   01:15     W
 6  19,0  30,9   17:12  10,2   06:17   2,4   3,2   0,3   1,5  17,3   12:54   WNW
 7  21,1  33,6   17:19  10,8   06:53   1,9   4,7   0,0   2,8  22,0   13:19     N
 8  21,7  31,9   18:13  14,2   07:29   1,1   4,5   0,0   2,3  22,0   14:41     W
 9  20,5  33,0   18:14  14,9   07:21   0,7   2,9   0,0   1,7  15,8   13:11   WNW
10  20,8  31,7   15:47  12,7   05:25   1,8   4,3   0,0   1,3  15,8   14:12     W
11  20,2  29,4   18:07  14,2   06:34   1,2   3,1   0,0   1,2  11,2   17:54     N
12  22,5  35,6   16:27  13,1   06:26   1,5   5,8   0,0   1,3  19,4   14:31     W
13  24,2  37,8   18:23  15,2   06:18   0,7   6,6   0,0   1,5  17,3   13:16     W
14  24,6  38,7   16:50  15,2   07:01   0,6   6,9   0,0   1,8  18,4   13:35     N
15  23,6  34,3   13:59  16,2   02:47   0,5   5,8   0,0   3,8  31,7   12:43   NNW
16  18,5  21,4   14:53  15,2   06:53   0,7   0,9   0,0   2,2  17,3   12:11     W
17  17,1  22,2   14:39  12,9   07:34   2,0   0,8   2,6   1,4  19,4   17:01    NW
18  18,2  25,8   15:39  15,2   23:51   1,2   1,1   0,0   2,1  24,5   14:15     N
19  16,2  20,0   14:47  14,1   05:52   2,3   0,2   0,0   1,7  13,3   15:13   NNE
20  15,6  17,9   14:19  13,8   04:59   2,7   0,0   0,0   1,2   8,6   12:14    NW
21  17,1  27,3   17:17   9,6   23:45   3,1   1,8   0,0   2,6  20,9   12:08     N
22  14,2  23,3   14:13   6,3   06:49   5,2   1,0   0,0   1,6  19,4   13:01     W
23  15,3  23,6   16:38   8,8   07:19   4,2   1,2   0,0   1,3  19,4   13:52   WNW
24  16,7  26,9   14:38   7,9   06:50   4,1   2,4   0,0   1,4  18,4   16:40   WNW
25  17,5  28,6   16:44   7,9   05:22   3,6   2,8   0,0   2,3  25,6   13:38   WNW
26  17,1  26,9   17:15  11,9   07:52   2,3   1,1   0,0   1,2  13,3   13:07   WNW
27  16,8  25,7   17:44  10,3   07:15   3,1   1,6   0,0   1,5  17,3   15:25     W
28  15,7  23,9   17:29  10,1   04:40   3,3   0,7   0,0   2,3  22,0   15:43     W
29  18,5  25,1   16:34  12,0   07:13   1,6   1,9   0,0   5,4  37,8   14:25     W
30  15,1  18,8   15:42  11,0   22:31   3,3   0,0   1,0   3,2  25,6   01:02     W
----------------------------------------------------------------------------------
    18,7  38,7    14     6,3    22    62,3  74,5  25,5   2,1  39,2     4     WNW

Max >=  27,0: 15
Max <=   0,0:  0
Min <=   0,0:  0
Min <= -18,0:  0
Max Rain: 17,7 on day 4
Days of Rain: 5 (>= 0,2 mm)  3 (>= 2,0 mm)  0 (>= 20,0 mm)
Heat Base: 18,3  Cool Base: 18,3  Method: Integration
 
  • Webcam

  • Webcam


  • Ihre Meinung

  • Wie gefällt Ihnen meine Website?
    sehr gut!
    gut
    geht so
    naja
    ungenügend
    möchte ich nicht sagen
    Archiv   Ergebnis
  • Status

  • Besucher
    Heute:
    201
    Gestern:
    329
    Gesamt:
    1.808.684

    Seitenzugriffe
    Heute:
    2.434
    Gestern:
    5.921
  • Benutzer & Gäste
    1 Benutzer registriert, davon online: 2 Gäste
 

Seite in 0.03034 Sekunden generiert