Logo Wetterstation Wiehl

NOAA - Klima Report


Report for 2015 Dec
                   Monthly Climatological Summary for Dez 2015

Name: Wetterstation   City: Wiehl   State: German
Elevation: 289 m  Lat: N 50° 58' 14"   Lon: E 007° 31' 15"

                  Temperature (°C), Rain (mm), Wind Speed (km/h)

                                      Heat  Cool        Avg
    Mean                              Deg   Deg         Wind                 Dom
Day Temp  High   Time   Low    Time   Days  Days  Rain  Speed High   Time    Dir
----------------------------------------------------------------------------------
 1   9,0  11,0   19:04   6,5   08:56   9,3   0,0  18,0   4,4  41,8   00:50     W
 2   8,5  10,3   00:00   3,3   22:41   9,8   0,0   0,0   3,8  19,4   07:41     W
 3   7,8  13,6   13:38   4,4   00:00  10,6   0,0   0,0   2,3  18,4   13:42   WSW
 4   5,7  11,0   14:07   0,5   23:58  12,6   0,0   4,8   3,0  23,4   09:36     W
 5   3,8   6,9   14:15  -0,1   05:40  14,5   0,0   0,3   2,6  25,6   17:37    SW
 6   7,5  10,8   14:32   2,9   03:28  10,8   0,0   0,0   6,6  37,8   16:19     W
 7   9,6  15,5   13:58   5,6   23:57   8,7   0,0   0,0   1,4  14,8   00:13    NW
 8   8,5  15,3   12:06   3,5   04:57   9,8   0,0   2,9   2,7  27,0   13:43    NW
 9   6,0  10,0   14:30  -1,2   23:42  12,3   0,0   3,5   2,3  25,6   01:16     W
10   2,5   8,9   13:22  -1,8   01:06  15,8   0,0   0,3   2,2  25,6   13:09   WSW
11   3,6   7,6   23:35  -0,1   00:45  14,7   0,0  19,9   5,4  30,6   13:57     W
12   6,5   8,7   22:19   4,2   04:54  11,8   0,0   1,0   2,9  23,4   21:26     W
13   7,1   9,1   01:15   5,2   23:27  11,2   0,0   1,9   4,5  34,2   03:03   WNW
14   6,1  10,8   11:50   2,8   23:43  12,2   0,0   0,0   2,1  22,0   13:11   NNW
15   5,9  12,7   13:46   2,1   00:52  12,4   0,0   0,3   2,1  12,2   11:33     N
16   9,2  11,9   22:59   5,2   00:00   9,1   0,0   8,3   4,1  31,7   22:53     W
17  12,1  16,7   13:03  10,6   21:56   6,2   0,0   0,6   2,5  24,5   00:18     W
18  11,0  13,9   12:40   9,3   22:08   7,3   0,0   1,0   2,1  15,8   14:19   WSW
19  10,8  16,8   11:54   7,0   08:18   7,5   0,0   0,0   1,9  17,3   13:18   WSW
20   9,8  11,1   10:59   8,7   04:06   8,5   0,0   0,0   2,0  17,3   10:59    NE
21   9,6  11,8   13:23   7,7   08:51   8,7   0,0   6,4   9,1  45,4   12:57     W
22  10,6  12,0   13:40   9,4   00:00   7,7   0,0   6,1   8,8  34,2   14:35     W
23   9,3  13,1   12:56   3,6   23:55   9,0   0,0   1,6   7,4  39,2   02:56     W
24   9,3  12,3   15:47   3,6   00:00   9,0   0,0   2,6   6,3  36,7   19:25   WSW
25   8,4  11,6   23:32   6,4   08:26   9,9   0,0   7,4   4,0  24,5   00:09     W
26  11,7  16,0   12:23   5,5   23:54   6,6   0,0   0,0   6,8  34,2   13:46   WSW
27   8,1  13,0   11:25   4,3   06:06  10,2   0,0   0,3   2,5  18,4   15:37     W
28   7,1  18,6   12:48   2,6   07:38  11,2   0,0   0,0   2,6  19,4   13:59   NNE
29   7,4  12,5   13:27   3,2   08:40  10,9   0,0   0,0   2,3  14,8   13:16     N
30   5,0  11,7   12:54   1,1   04:45  13,3   0,0   0,0   4,3  33,1   17:11   NNE
31   4,9  11,3   13:52   0,0   23:45  13,4   0,0   3,5   3,1  22,0   00:18     W
----------------------------------------------------------------------------------
     7,8  18,6    28    -1,8    10   325,0   0,0  90,7   3,8  45,4    21       W

Max >=  27,0:  0
Max <=   0,0:  0
Min <=   0,0:  5
Min <= -18,0:  0
Max Rain: 19,9 on day 11
Days of Rain: 20 (>= 0,2 mm)  11 (>= 2,0 mm)  0 (>= 20,0 mm)
Heat Base: 18,3  Cool Base: 18,3  Method: Integration
 
  • Webcam

  • Webcam


  • Ihre Meinung

  • Wie gefällt Ihnen meine Website?
    sehr gut!
    gut
    geht so
    naja
    ungenügend
    möchte ich nicht sagen
    Archiv   Ergebnis
  • Status

  • Besucher
    Heute:
    313
    Gestern:
    454
    Gesamt:
    1.192.230

    Seitenzugriffe
    Heute:
    1.217
    Gestern:
    2.244
  • Benutzer & Gäste
    1 Benutzer registriert, davon online: 11 Gäste
 

Seite in 0.01521 Sekunden generiert