Logo Wetterstation Wiehl

NOAA - Klima Report


Report for 2015 Nov
                   Monthly Climatological Summary for Nov 2015

Name: Wetterstation   City: Wiehl   State: German
Elevation: 289 m  Lat: N 50° 58' 14"   Lon: E 007° 31' 15"

                  Temperature (°C), Rain (mm), Wind Speed (km/h)

                                      Heat  Cool        Avg
    Mean                              Deg   Deg         Wind                 Dom
Day Temp  High   Time   Low    Time   Days  Days  Rain  Speed High   Time    Dir
----------------------------------------------------------------------------------
 1   8,8  19,5   15:28   1,6   07:09   9,5   0,1   0,0   0,9  13,3   12:38   WSW
 2   8,9  20,3   13:40   1,8   04:45   9,6   0,2   0,3   1,3  17,3   14:58   WSW
 3   8,3  19,3   14:50   0,0   07:36  10,1   0,0   0,0   0,9  12,2   13:52     W
 4  10,7  15,2   14:18   5,1   06:09   7,6   0,0   0,0   2,3  18,4   11:53     N
 5  13,4  17,6   15:25  10,4   06:43   4,9   0,0   0,0   1,0  11,2   10:37   WSW
 6  14,1  16,8   15:12  12,0   01:37   4,2   0,0   4,5   2,9  18,4   10:08   WSW
 7  16,6  18,2   14:18  14,4   00:00   1,7   0,0   0,6   4,3  28,1   23:04   WSW
 8  15,1  19,3   10:50  10,9   07:43   3,3   0,0   0,0   2,1  22,0   00:33     W
 9  14,9  16,8   03:35  12,8   19:12   3,4   0,0   0,3   7,3  43,9   11:39     W
10  13,2  14,2   21:11  11,2   06:25   5,1   0,0   0,0   3,0  20,9   02:28     W
11  11,6  13,4   00:00  10,6   19:07   6,7   0,0   0,0   4,5  23,4   11:19     W
12  12,2  14,4   12:41  10,3   05:43   6,1   0,0   0,0   1,3  13,3   10:31   WSW
13  11,1  13,3   09:39   8,1   23:18   7,2   0,0   4,5   6,7  35,6   19:52     W
14   8,1  10,1   12:37   5,8   04:06  10,2   0,0   7,1   8,6  39,2   00:26     W
15  12,1  14,4   11:55   7,5   00:00   6,2   0,0  10,0  12,0  55,1   10:48   WNW
16  11,2  12,5   00:00  10,3   07:36   7,1   0,0   7,1   6,7  29,5   22:40     W
17  13,1  16,7   11:21  10,8   01:57   5,2   0,0  23,1   8,8  43,9   23:21     W
18  13,0  14,4   00:00  11,1   19:51   5,3   0,0   1,9  13,5  67,3   01:42     W
19  10,8  12,9   11:35   7,7   23:56   7,5   0,0  14,1   8,9  50,0   04:18     W
20   7,3   8,8   04:35   3,8   21:26  11,0   0,0   2,6   3,4  22,0   08:58     W
21   4,5   9,0   12:46   2,4   23:27  13,8   0,0   3,2   4,1  25,6   05:50     W
22   2,0   5,3   14:31   0,8   17:46  16,3   0,0   0,3   2,4  20,9   14:15     W
23   2,4   7,0   13:55  -0,8   21:13  15,9   0,0   3,5   1,2  15,8   00:08     W
24   0,1   1,7   14:07  -1,2   05:14  18,2   0,0   0,0   4,2  30,6   12:34   WSW
25   2,4   4,2   14:07   0,4   00:00  15,9   0,0  14,1   0,6  14,8   11:25   WSW
26   3,4   5,8   14:08   1,0   22:30  14,9   0,0   0,6   1,0   9,7   02:23     W
27   1,9   5,8   14:44   0,5   23:14  16,4   0,0   0,0   3,0  24,5   20:55    SW
28   3,4   8,1   12:59   0,3   02:43  14,9   0,0   4,2   5,7  39,2   22:18     W
29   7,5  10,5   22:44   4,4   01:57  10,7   0,0  23,1  14,6  57,6   20:16     W
30   8,3  10,5   23:34   6,1   10:16  10,0   0,0  30,5  10,9  51,5   22:11     W
----------------------------------------------------------------------------------
     9,0  20,3     2    -1,2    24   278,9   0,3 155,6   4,9  67,3    18       W

Max >=  27,0:  0
Max <=   0,0:  0
Min <=   0,0:  3
Min <= -18,0:  0
Max Rain: 30,5 on day 30
Days of Rain: 20 (>= 0,2 mm)  14 (>= 2,0 mm)  3 (>= 20,0 mm)
Heat Base: 18,3  Cool Base: 18,3  Method: Integration
 
  • Webcam

  • Webcam


  • Ihre Meinung

  • Was finden Sie auf meiner Website interessant?
    Artikel
    FAQ
    Links
    Downloads
    Forum
    etwas anderes
    Archiv   Ergebnis
  • Status

  • Besucher
    Heute:
    231
    Gestern:
    333
    Gesamt:
    1.469.999

    Seitenzugriffe
    Heute:
    2.721
    Gestern:
    10.422
  • Benutzer & Gäste
    1 Benutzer registriert, davon online: 5 Gäste
 

Seite in 0.02368 Sekunden generiert