Logo Wetterstation Wiehl

NOAA - Klima Report


Report for 2015 Oct
                   Monthly Climatological Summary for Okt 2015

Name: Wetterstation   City: Wiehl   State: German
Elevation: 289 m  Lat: N 50° 58' 14"   Lon: E 007° 31' 15"

                  Temperature (°C), Rain (mm), Wind Speed (km/h)

                                      Heat  Cool        Avg
    Mean                              Deg   Deg         Wind                 Dom
Day Temp  High   Time   Low    Time   Days  Days  Rain  Speed High   Time    Dir
----------------------------------------------------------------------------------
 1  11,8  22,4   14:43   0,0   11:35   7,0   0,4  12,4   3,7  92,2   11:35   NNE
 2  13,0  26,4   14:08   2,9   06:26   7,0   1,7   0,0   2,3  23,4   11:39   NNE
 3  13,8  25,8   15:22   5,9   07:14   5,7   1,2   0,0   1,3  15,8   12:45     W
 4  13,0  21,0   14:11   7,5   06:22   5,5   0,2   0,0   1,4  23,4   15:47     W
 5  13,2  20,1   13:17   7,5   04:06   5,2   0,0   0,3   2,9  23,4   13:58     N
 6  16,3  21,0   14:07  14,0   00:52   2,2   0,2  13,8   3,4  24,5   07:22    NW
 7  15,2  17,2   14:12  13,2   23:16   3,1   0,0   0,6   2,9  27,0   15:56     W
 8  12,3  19,8   13:14  11,2   07:30   6,0   0,0   0,3   2,5  15,8   10:35     W
 9  12,5  16,7   16:23  11,1   06:54   5,8   0,0   1,6   0,5  12,2   16:10     W
10  13,1  23,7   15:08   6,8   23:57   5,6   0,5   0,0   3,0  23,4   15:30   NNE
11   9,9  22,5   15:32   2,1   07:53   8,8   0,3   0,0   4,4  22,0   12:34   NNE
12   7,5  17,0   12:50   0,1   23:55  10,8   0,0   0,0   2,8  18,4   14:55     N
13   3,2  12,1   13:48  -2,2   05:03  15,3   0,0   0,6   3,1  18,4   19:21   NNE
14   2,3   4,0   14:07  -0,1   04:20  16,0   0,0   1,6   1,7  12,2   20:07   NNE
15   2,5   4,3   20:50   1,0   04:49  15,8   0,0  10,0   1,1   8,6   00:25   WNW
16   5,6   7,2   14:07   3,3   07:12  12,7   0,0   0,3   1,1  11,2   00:46     W
17   7,0  10,3   13:57   5,8   04:27  11,3   0,0   0,0   1,7  17,3   11:11    NW
18   8,2  15,7   14:29   5,7   07:20   9,9   0,0   0,3   0,8   9,7   14:31   NNW
19   8,4  10,8   15:52   6,7   23:57   9,9   0,0   0,0   0,4   7,2   13:34     W
20   7,8   9,9   14:42   5,4   03:40  10,5   0,0   0,0   0,4   6,1   13:02    NW
21   9,9  14,2   13:26   7,6   01:07   8,4   0,0   0,3   1,3  15,8   13:19     W
22  10,5  12,6   18:08   8,8   03:03   7,8   0,0   3,2   2,2  14,8   17:19     W
23  12,1  18,1   11:58   8,6   21:44   6,2   0,0   0,3   1,3  13,3   13:07     W
24  10,1  12,7   17:27   8,2   21:32   8,2   0,0   0,0   1,1  14,8   13:17     W
25  10,7  13,3   13:21   8,7   23:48   7,9   0,0   0,0   0,6   8,6   17:03     N
26  11,9  20,6   13:00   6,7   04:51   6,6   0,2   0,0   2,6  27,0   11:28   NNE
27  11,1  21,4   13:32   5,3   06:57   7,4   0,2   0,3   1,6  20,9   11:29   WNW
28   9,4  13,7   12:49   6,3   00:19   9,0   0,0   0,0   3,4  20,9   06:55     N
29  10,8  18,5   13:49   5,3   23:53   7,5   0,0   0,0   0,7  13,3   13:52   WNW
30   8,7  15,2   14:27   3,3   06:49   9,6   0,0   0,0   1,9  22,0   11:55     N
31   9,9  16,8   12:55   4,5   23:40   8,4   0,0   0,0   3,6  22,0   09:55     N
----------------------------------------------------------------------------------
    10,1  26,4     2    -2,2    13   261,1   4,9  45,9   2,0  92,2     1     NNW

Max >=  27,0:  0
Max <=   0,0:  0
Min <=   0,0:  3
Min <= -18,0:  0
Max Rain: 13,8 on day 6
Days of Rain: 15 (>= 0,2 mm)  4 (>= 2,0 mm)  0 (>= 20,0 mm)
Heat Base: 18,3  Cool Base: 18,3  Method: Integration
 
  • Webcam

  • Webcam


  • Ihre Meinung

  • Wie gefällt Ihnen meine Website?
    sehr gut!
    gut
    geht so
    naja
    ungenügend
    möchte ich nicht sagen
    Archiv   Ergebnis
  • Status

  • Besucher
    Heute:
    233
    Gestern:
    333
    Gesamt:
    1.470.001

    Seitenzugriffe
    Heute:
    2.766
    Gestern:
    10.422
  • Benutzer & Gäste
    1 Benutzer registriert, davon online: 5 Gäste
 

Seite in 0.02425 Sekunden generiert