Logo Wetterstation Wiehl

NOAA - Klima Report


Report for 2015 Aug
                   Monthly Climatological Summary for Aug 2015

Name: Wetterstation   City: Wiehl   State: German
Elevation: 289 m  Lat: N 50° 58' 14"   Lon: E 007° 31' 15"

                  Temperature (°C), Rain (mm), Wind Speed (km/h)

                                      Heat  Cool        Avg
    Mean                              Deg   Deg         Wind                 Dom
Day Temp  High   Time   Low    Time   Days  Days  Rain  Speed High   Time    Dir
----------------------------------------------------------------------------------
 1  19,5  29,7   13:34  11,0   05:12   2,6   3,8   0,0   1,5  14,8   14:44   NNW
 2  21,4  32,3   16:52  10,4   06:14   1,9   5,0   0,0   1,4  14,8   10:40   NNW
 3  24,4  35,2   16:48  13,4   06:35   1,1   7,2   0,0   2,0  28,1   12:25   WNW
 4  18,6  28,2   09:41  13,3   23:52   1,1   1,5  13,8   1,0  22,0   11:11     W
 5  19,8  28,6   17:14  11,1   06:09   2,2   3,7   0,3   2,7  29,5   15:06   NNE
 7  25,7  36,6   16:39  17,7   05:40   9,8   7,1   2,9   2,3  23,4   10:33     N
 8  21,7  25,5   10:08  18,8   06:36   0,0   3,4   2,9   2,5  29,5   02:57    NW
 9  21,2  29,9   14:45  14,6   05:58   0,8   3,7   0,0   1,5  15,8   14:54     N
10  20,1  27,1   14:50  16,7   23:44   0,3   2,0   5,1   1,9  17,3   13:46   WNW
11  21,5  29,4   15:09  16,2   03:49   0,7   3,9   0,3   1,7  17,3   12:21   WNW
12  24,0  33,3   16:32  18,6   06:20   0,0   5,7   0,0   2,1  18,4   14:45   NNE
13  26,5  38,5   16:41  16,8   06:22   0,2   8,3   0,0   3,4  27,0   23:03     N
14  23,8  29,6   15:57  19,9   07:17   0,0   5,5   0,0   3,6  22,0   16:45     W
15  20,9  24,7   15:57  16,2   06:27   0,2   2,8   0,0   2,9  22,0   16:10     W
16  15,8  17,3   00:06  14,5   21:42   2,5   0,0   9,3   2,1  18,4   01:39     W
17  13,8  14,7   00:00  12,9   06:06   4,5   0,0  23,8   2,2  17,3   23:25     W
18  14,2  19,7   17:55  12,0   06:27   4,1   0,0   0,6   3,0  19,4   12:44     W
19  15,9  24,6   16:38  10,3   06:59   3,2   0,8   0,0   0,9  15,8   13:03   WNW
20  18,6  29,0   16:41  13,0   05:11   2,2   2,5   0,0   1,5  15,8   12:19    NW
21  19,6  31,4   16:49  11,3   05:22   2,2   3,5   0,0   1,7  19,4   10:27   WNW
22  21,0  32,7   15:55  11,0   06:27   2,0   4,7   0,0   2,8  24,5   15:44     N
23  21,6  30,2   15:46  15,5   03:41   0,7   4,0   0,0   5,4  34,2   13:21     N
24  19,2  24,3   12:24  16,2   23:15   0,6   1,4  10,0   5,2  46,4   18:23     W
25  16,1  20,9   16:54  12,6   05:28   2,4   0,2   2,9   8,4  35,6   02:11     W
26  21,4  28,6   16:07  15,4   06:55   0,6   3,7   0,0   5,2  33,1   16:20   WSW
27  17,8  21,8   00:00  13,5   23:50   1,6   1,0  15,1   3,4  25,6   08:47     W
28  16,1  23,5   15:53  12,4   23:53   2,8   0,6   2,6   1,0  14,8   15:27     W
29  19,6  30,3   17:48   9,4   06:09   2,7   3,9   0,0   1,9  15,8   12:54   NNW
30  25,3  35,2   15:39  16,1   06:45   0,3   7,3   0,0   1,9  19,4   14:50     W
31  25,6  33,0   15:59  18,1   06:46   0,0   7,2   0,0   4,2  36,7   16:37     W
----------------------------------------------------------------------------------
    20,4  38,5    13     9,4    29    53,3 104,4  89,6   2,7  46,4    24     WNW

Max >=  27,0: 20
Max <=   0,0:  0
Min <=   0,0:  0
Min <= -18,0:  0
Max Rain: 23,8 on day 17
Days of Rain: 13 (>= 0,2 mm)  10 (>= 2,0 mm)  1 (>= 20,0 mm)
Heat Base: 18,3  Cool Base: 18,3  Method: Integration
 
  • Webcam

  • Webcam


  • Newsflash

  • Amtliche WARNUNG vor HITZE

    für Bundesland Nordrhein-Westfalen gültig Montag, 10.08.2020 11:00 Uhr bis: Dienstag, 11.08.2020 19:00 Uhr ausgegeben vom Deutschen Wetterdienst...

    [mehr »]
  • Ihre Meinung

  • Was finden Sie auf meiner Website interessant?
    Artikel
    FAQ
    Links
    Downloads
    Forum
    etwas anderes
    Archiv   Ergebnis
  • Status

  • Besucher
    Heute:
    592
    Gestern:
    616
    Gesamt:
    1.304.983

    Seitenzugriffe
    Heute:
    22.042
    Gestern:
    23.039
  • Benutzer & Gäste
    1 Benutzer registriert, davon online: 12 Gäste
 

Seite in 0.02658 Sekunden generiert