Logo Wetterstation Wiehl

NOAA - Klima Report


Report for 2015 Jul
                   Monthly Climatological Summary for Jul 2015

Name: Wetterstation   City: Wiehl   State: German
Elevation: 289 m  Lat: N 50° 58' 14"   Lon: E 007° 31' 15"

                  Temperature (°C), Rain (mm), Wind Speed (km/h)

                                      Heat  Cool        Avg
    Mean                              Deg   Deg         Wind                 Dom
Day Temp  High   Time   Low    Time   Days  Days  Rain  Speed High   Time    Dir
----------------------------------------------------------------------------------
 1  26,8  36,0   16:39  15,9   05:34   0,3   8,8   0,0   3,5  29,5   13:49     N
 2  29,6  38,1   16:36  19,8   05:14   0,0  11,3   0,0   3,7  29,5   12:43   NNW
 3  29,1  39,8   17:21  21,0   05:38   0,0  10,8   0,0   2,1  15,8   14:57    NW
 4  30,3  38,4   15:50  22,5   04:56   0,0  12,0   0,0   2,7  24,5   11:55   WNW
 5  25,6  36,6   17:12  17,9   23:56   0,0   7,3   6,1   2,6  36,7   15:48     N
 6  20,7  28,5   17:10  15,3   06:33   0,7   3,0   0,3   2,8  29,5   13:07     W
 7  21,9  32,4   13:43  12,8   04:58   1,2   4,8   3,2   3,0  41,8   18:27     W
 8  15,8  19,4   00:00  13,2   04:25   2,5   0,0   6,4   8,6  46,4   15:21   WSW
 9  15,3  20,3   16:31  10,4   23:58   3,2   0,2   1,6   3,7  24,5   11:58    SW
10  16,8  27,2   15:09   6,3   05:36   3,8   2,3   0,0   1,6  17,3   12:06     N
11  21,9  43,1   14:16  11,3   04:38   1,7   5,3   0,0   2,6  28,1   15:37   NNW
12  17,5  21,7   11:58   8,3   16:31   1,3   0,5   0,3   2,0  19,4   10:22   WNW
13  16,4  22,4   18:30  15,5   03:28   1,9   0,0   2,9   4,0  25,6   19:24   WNW
14  18,0  21,4   14:53  16,2   01:26   0,8   0,5   2,6   3,5  30,6   06:19    NW
15  20,5  26,7   14:40  16,4   05:24   0,5   2,7   0,0   1,4  15,8   11:47     W
16  23,9  35,9   19:18  17,8   01:30   0,0   5,6   0,0   1,6  15,8   18:25    NW
17  26,8  55,7   20:13  16,6   20:52   0,0   8,5   1,6   3,9  29,5   16:33   WNW
18  23,0  30,4   16:34  17,7   23:50   0,0   4,7   0,0   1,8  20,9   14:26   WNW
19  18,3  22,6   09:30  15,2   07:49   0,7   0,7  16,1   2,2  24,5   16:45   WNW
20  18,6  24,3   20:11  12,3   05:25   1,5   1,8   4,8   1,0  11,2   16:58    NW
21  22,7  29,1   17:25  19,2   05:15   0,0   4,4   0,6   1,9  22,0   13:43     W
22  22,2  29,0   17:23  17,5   04:57   0,0   3,9   0,0   1,1  18,4   16:10   WNW
23  19,8  28,3   16:32  12,7   21:36   1,0   2,5   0,0   1,3  17,3   13:13   WNW
24  21,8  30,9   14:07  13,2   04:57   1,2   4,7   4,5   2,3  24,5   23:24   NNW
25  15,7  20,0   08:18  11,8   23:53   2,7   0,1   4,5   7,0  54,0   15:23   WNW
26  16,1  41,8   19:30   0,1   20:32   3,5   1,2   2,2   2,4  27,0   14:12   WSW
27  15,3  22,6   17:12  12,6   01:44   3,1   0,0  10,3   5,6  36,7   10:40     W
28  14,7  24,9   21:10  10,7   05:44   3,7   0,0   0,0   5,9  34,2   11:53   WSW
29  14,1  22,7   17:18  10,4   03:21   4,3   0,1   1,3   4,3  35,6   12:26     W
30  13,1  37,3   21:22   7,8   05:53   5,3   0,1   1,6   1,8  31,7   15:43     W
31  15,8  27,1   16:48   8,9   07:28   3,8   1,3   0,3   1,7  18,4   14:21   NNE
----------------------------------------------------------------------------------
    20,3  55,7    17     0,1    26    48,7 109,1  71,2   3,0  54,0    25     WNW

Max >=  27,0: 19
Max <=   0,0:  0
Min <=   0,0:  0
Min <= -18,0:  0
Max Rain: 16,1 on day 19
Days of Rain: 19 (>= 0,2 mm)  11 (>= 2,0 mm)  0 (>= 20,0 mm)
Heat Base: 18,3  Cool Base: 18,3  Method: Integration
 
  • Webcam

  • Webcam


  • Ihre Meinung

  • Was finden Sie auf meiner Website interessant?
    Artikel
    FAQ
    Links
    Downloads
    Forum
    etwas anderes
    Archiv   Ergebnis
  • Status

  • Besucher
    Heute:
    314
    Gestern:
    454
    Gesamt:
    1.192.231

    Seitenzugriffe
    Heute:
    1.232
    Gestern:
    2.244
  • Benutzer & Gäste
    1 Benutzer registriert, davon online: 16 Gäste
 

Seite in 0.01727 Sekunden generiert