Logo Wetterstation Wiehl / Bielstein

NOAA - Klima Report


Report for 2015 Jun
                   Monthly Climatological Summary for Jun 2015

Name: Wetterstation   City: Wiehl   State: German
Elevation: 289 m  Lat: N 50° 58' 14"   Lon: E 007° 31' 15"

                  Temperature (°C), Rain (mm), Wind Speed (km/h)

                                      Heat  Cool        Avg
    Mean                              Deg   Deg         Wind                 Dom
Day Temp  High   Time   Low    Time   Days  Days  Rain  Speed High   Time    Dir
----------------------------------------------------------------------------------
 1  13,8  18,6   15:49   9,6   06:09   4,5   0,0   2,6   2,7  33,1   02:24   NNW
 2  15,0  20,6   17:37   8,7   02:36   3,9   0,6   1,0   4,5  41,8   10:51     W
 3  16,1  20,9   16:06  10,8   23:59   2,5   0,2   0,0   3,0  25,6   07:20   WNW
 4  18,3  29,0   17:13   7,7   05:23   3,2   3,2   0,0   2,4  18,4   11:11   NNE
 5  23,7  34,2   16:38  10,8   06:09   1,7   7,2   0,0   2,9  23,4   15:14   NNW
 6  18,9  23,5   16:36  13,0   23:54   0,6   1,2   2,6   1,7  18,4   00:54   WNW
 7  17,1  25,3   14:18   7,4   05:31   3,3   2,1   0,0   1,7  17,3   20:46    NW
 8  16,0  22,7   12:27   9,3   05:58   3,1   0,9   0,0   4,9  34,2   20:19   NNE
 9  14,2  20,9   16:58   8,3   05:31   4,4   0,3   0,0   6,5  33,1   12:18   NNE
10  17,7  26,9   16:53   8,1   03:22   3,0   2,4   0,0   4,7  33,1   12:41   NNE
11  20,4  27,5   12:46  12,6   01:30   1,4   3,5   0,0   3,6  25,6   12:41   NNE
12  21,3  33,9   15:38  10,7   06:13   1,6   4,6   0,0   2,5  23,4   19:16    NW
13  18,6  24,9   17:06  14,3   23:58   1,0   1,3   3,2   2,2  27,0   15:26     W
14  18,4  27,3   16:53   9,0   05:29   2,5   2,6   0,0   1,4  24,5   14:08     W
15  15,9  23,1   17:15  10,4   23:58   2,9   0,6   0,0   2,6  19,4   11:12   NNE
16  14,1  22,1   17:10   6,6   05:31   4,4   0,2   0,0   2,6  27,0   17:10   NNE
17  15,4  22,3   17:16   5,1   05:47   3,9   1,0   0,0   2,1  25,6   17:44     W
18  16,8  21,4   14:41  11,3   23:45   1,9   0,4   7,7   2,7  22,0   10:37     W
19  11,1  14,8   12:36  10,0   04:59   7,2   0,0   2,2   1,4  22,0   13:14     W
20  11,8  16,4   16:08   8,9   02:40   6,5   0,0   1,6   0,7  13,3   01:25     W
21  14,7  20,3   15:49  10,8   05:08   3,7   0,1   4,5   1,4  23,4   15:37     W
22  12,1  13,7   00:11   6,8   18:33   6,2   0,0  15,1   3,0  31,7   14:11     W
23  11,2  15,7   13:05   8,9   00:33   7,1   0,0  10,3   1,9  18,4   13:17     W
24  13,1  18,0   17:20  10,6   02:10   5,2   0,0   0,0   1,9  20,9   17:33     W
25  18,2  27,4   16:26   8,5   04:20   3,0   2,9   0,0   1,5  20,9   15:28    NW
26  20,5  27,8   14:48  12,4   05:25   1,5   3,7   0,0   1,9  34,2   11:38     W
27  19,4  24,4   15:55  13,9   23:56   0,6   1,7   2,9   2,3  24,5   16:08     W
28  18,7  25,7   15:49   9,2   05:49   2,4   2,8   0,0   1,7  20,9   14:19   WNW
29  22,1  28,7   15:52  16,3   06:09   0,5   4,2   0,0   1,9  18,4   13:24    NW
30  23,1  32,3   12:57  12,1   05:29   1,4   6,2   0,0   1,4  17,3   14:38    NW
----------------------------------------------------------------------------------
    16,9  34,2     5     5,1    17    95,1  53,9  53,7   2,5  41,8     2      NW

Max >=  27,0:  9
Max <=   0,0:  0
Min <=   0,0:  0
Min <= -18,0:  0
Max Rain: 15,1 on day 22
Days of Rain: 11 (>= 0,2 mm)  9 (>= 2,0 mm)  0 (>= 20,0 mm)
Heat Base: 18,3  Cool Base: 18,3  Method: Integration
 
  • Webcam

  • Webcam


  • Ihre Meinung

  • Was finden Sie auf meiner Website interessant?
    Artikel
    FAQ
    Links
    Downloads
    Forum
    etwas anderes
    Archiv   Ergebnis
  • Status

  • Besucher
    Heute:
    202
    Gestern:
    329
    Gesamt:
    1.808.685

    Seitenzugriffe
    Heute:
    2.447
    Gestern:
    5.921
  • Benutzer & Gäste
    1 Benutzer registriert, davon online: 2 Gäste
 

Seite in 0.02537 Sekunden generiert