Logo Wetterstation Wiehl

NOAA - Klima Report


Report for 2015 May
                   Monthly Climatological Summary for Mai 2015

Name: Wetterstation   City: Wiehl   State: German
Elevation: 270 m  Lat: N 50° 58' 14"   Lon: E 007° 31' 15"

                  Temperature (°C), Rain (mm), Wind Speed (km/h)

                                      Heat  Cool        Avg
    Mean                              Deg   Deg         Wind                 Dom
Day Temp  High   Time   Low    Time   Days  Days  Rain  Speed High   Time    Dir
----------------------------------------------------------------------------------
 1   8,3  18,6   16:31   2,5   04:27  10,0   0,0   0,3   1,4  15,8   15:49   NNE
 2  10,5  18,9   20:08   0,6   06:25   7,7   0,0   0,0   2,0  24,5   12:42     N
 3  12,0  15,0   13:36   7,3   03:20   6,3   0,0  13,2   3,2  25,6   12:12   NNW
 4  16,2  23,2   16:26  11,9   05:35   2,8   0,7   1,3   4,1 174,0   03:59   NNW
 5  16,4  23,4   12:55   9,3   23:57   2,5   0,7   4,8   6,7  73,4   15:53   NNW
 6  12,0  16,8   14:39   8,1   01:07   6,3   0,0   1,0   7,7  54,0   11:26   NNW
 7  12,1  18,6   16:57   7,5   06:32   6,2   0,0   0,0   6,6  46,4   12:27   NNW
 8  14,3  26,1   16:27   7,2   04:07   4,6   0,7   0,0   1,7  19,4   13:25   ENE
 9  14,6  21,5   14:12  10,7   04:32   4,0   0,3   1,0   5,6  80,6   02:39     N
10  14,8  25,1   17:56  10,3   06:31   3,9   0,4   0,0   2,8  27,0   11:10     N
11  17,3  25,8   15:47   7,0   05:33   3,5   2,5   0,0   2,7  33,1   14:39    NW
12  17,9  26,8   12:57  11,1   23:58   2,2   1,9   0,0   3,7  34,2   11:41     N
13  14,2  24,4   16:33   4,6   05:25   4,8   0,7   0,0   2,6  27,0   15:54   NNW
14  14,3  24,2   15:09   5,4   06:08   4,5   0,5   0,0   2,1  22,0   11:31     N
15  15,9  29,2   14:14   8,8   23:58   3,5   1,0   0,0   2,0  19,4   09:51     N
16   9,3  12,6   13:48   4,0   05:34   9,0   0,0   0,0   3,2  25,6   15:25   NNW
17  12,3  20,8   13:40   5,8   06:19   6,0   0,0   0,3   2,4  27,0   15:40     N
18  14,3  21,7   16:07   4,7   05:55   4,6   0,6   0,0   5,9  47,9   16:33   NNW
19  10,8  16,2   15:27   7,0   06:51   7,5   0,0   0,6   7,5  47,9   12:15   NNW
20  10,1  17,4   14:12   5,4   05:41   8,2   0,0   0,0   3,1  33,1   16:46     N
21  10,9  18,5   13:30   2,2   04:53   7,4   0,0   0,0   1,7  87,5   06:16     N
22  15,3  28,7   15:37   6,6   05:15   4,1   1,0   0,0   1,8  20,9   16:48   NNE
23  14,6  22,6   15:09   8,5   04:06   4,1   0,4   0,0   1,8  22,0   12:26   NNE
24  15,3  22,0   16:21  10,6   05:36   3,5   0,4   0,0   1,9  30,6   14:24     N
25  11,6  21,2   17:21   7,3   04:28   6,7   0,0   1,3   0,8  14,8   17:16     N
26  11,0  15,7   12:30   7,0   23:59   7,3   0,0   0,0   1,6  14,8   16:15   NNW
27  10,9  18,0   16:39   4,4   02:31   7,4   0,0   0,0   1,6  18,4   12:32   NNW
28  13,5  20,6   15:45   8,9   00:15   4,9   0,1   0,0   4,5  56,2   16:09   NNW
29  12,2  16,0   13:43   8,0   05:23   6,1   0,0   0,3   5,5  46,4   23:19   NNW
30  10,1  15,7   12:29   6,1   23:47   8,2   0,0   5,1   3,5  42,8   11:49   NNW
31  12,6  20,4   13:38   4,5   03:39   5,9   0,2   1,9   5,5  50,0   15:27   NNW
----------------------------------------------------------------------------------
    13,1  29,2    15     0,6     2   173,7  12,1  31,1   3,5 174,0     4       N

Max >=  27,0:  2
Max <=   0,0:  0
Min <=   0,0:  0
Min <= -18,0:  0
Max Rain: 13,2 on day 3
Days of Rain: 12 (>= 0,2 mm)  3 (>= 2,0 mm)  0 (>= 20,0 mm)
Heat Base: 18,3  Cool Base: 18,3  Method: Integration
 
  • Webcam

  • Webcam


  • Newsflash

  • Amtliche WARNUNG vor HITZE

    für Bundesland Nordrhein-Westfalen gültig Montag, 10.08.2020 11:00 Uhr bis: Dienstag, 11.08.2020 19:00 Uhr ausgegeben vom Deutschen Wetterdienst...

    [mehr »]
  • Ihre Meinung

  • Wie gefällt Ihnen meine Website?
    sehr gut!
    gut
    geht so
    naja
    ungenügend
    möchte ich nicht sagen
    Archiv   Ergebnis
  • Status

  • Besucher
    Heute:
    597
    Gestern:
    616
    Gesamt:
    1.304.988

    Seitenzugriffe
    Heute:
    22.942
    Gestern:
    23.039
  • Benutzer & Gäste
    1 Benutzer registriert, davon online: 16 Gäste
 

Seite in 0.02784 Sekunden generiert