Logo Wetterstation Wiehl

NOAA - Klima Report


Report for 2015 Mar
                   Monthly Climatological Summary for Mrz 2015

Name: Wetterstation   City: Wiehl   State: German
Elevation: 270 m  Lat: N 50° 58' 14"   Lon: E 007° 31' 15"

                  Temperature (°C), Rain (mm), Wind Speed (km/h)

                                      Heat  Cool        Avg
    Mean                              Deg   Deg         Wind                 Dom
Day Temp  High   Time   Low    Time   Days  Days  Rain  Speed High   Time    Dir
----------------------------------------------------------------------------------
 1   5,9  14,6   23:11   0,3   16:31  12,4   0,0   5,1   7,4  40,3   14:44   WSW
 2   4,7  17,0   11:39   0,7   10:47  13,6   0,0   3,5   6,5  45,4   12:40     W
 3   3,4  18,9   15:58   0,2   04:46  14,9   0,0   3,5   6,4  45,4   16:09     W
 4   2,4  14,0   14:15  -0,6   07:20  15,9   0,0   2,2   3,1  36,7   13:11     W
 5   3,7  17,5   11:06  -2,0   10:29  14,6   0,0   1,0   0,9  18,4   13:36     W
 6   2,8  16,3   13:29  -6,0   08:09  15,5   0,0   0,0   0,8  15,8   14:28     W
 7   5,0  19,0   16:26  -2,6   05:26  13,3   0,0   0,0   2,4  22,0   13:34   SSW
 8   8,9  22,8   15:43  -0,7   07:07   9,5   0,2   0,0   2,6  17,3   11:39    NW
 9   7,6  19,5   16:25   0,8   03:51  10,7   0,0   0,0   1,1  18,4   11:55     W
10   5,1  18,1   21:30   0,2   04:12  13,2   0,0   0,6   0,2   8,6   13:54     W
11   5,2  21,7   16:30  -3,0   06:16  13,1   0,0   0,3   1,2  18,4   13:52    NW
12   6,8  57,8   14:46  -4,1   23:30  11,6   0,1   0,0   2,2  29,5   15:39   NNE
13   4,5  21,1   10:54  -5,1   07:13  13,8   0,0   0,0   5,6  30,6   10:34   NNE
14   2,8  20,0   10:09  -2,3   04:55  15,5   0,0   0,3   3,3  19,4   11:29   NNE
15   4,2  18,0   18:32   1,1   23:55  14,1   0,0   0,0   4,8  28,1   10:23   NNE
16   7,0  24,0   14:28  -2,0   04:27  11,3   0,0   0,0   3,0  29,5   09:14   NNE
17  10,2  24,8   14:39  -0,6   06:21   8,9   0,9   0,0   1,6  19,4   12:28   NNW
18  10,7  22,6   15:48   0,5   02:37   8,0   0,4   0,0   1,3  22,0   13:19     W
19   7,4  22,4   15:54   3,1   23:56  10,9   0,0   0,0   1,0   9,7   16:14     W
20   5,0  19,9   06:09   0,7   07:06  13,3   0,0   0,0   1,8  12,2   15:36   NNW
21   3,5  20,0   17:15  -4,8   10:39  14,8   0,0   2,6   1,3  14,8   15:26     W
22   5,3  24,6   16:08  -1,6   11:50  13,0   0,0   0,0   5,4  25,6   05:08     N
23   5,3  22,1   13:50  -3,5   05:25  13,0   0,0   0,0   2,5  23,4   10:45     W
24   7,5  48,7   14:33   1,4   01:34  10,8   0,0   0,0   2,3  22,0   13:59   WNW
25   7,0  20,7   05:27   3,4   14:52  11,3   0,0   0,0   2,4  19,4   12:37   WNW
26   5,1  14,7   18:26   2,8   20:53  13,2   0,0   2,6   3,8  36,7   16:55   WSW
27   5,8  27,2   16:15  -0,2   02:30  12,5   0,0   1,3   4,0  35,6   14:26     W
28   6,8  29,5   09:17  -0,5   06:28  11,5   0,0   2,9   4,7  39,2   14:08   WSW
29   8,8  17,5   17:30   1,8   17:18   9,1   0,0  21,5  11,2  82,1   20:58     W
30   6,2  13,4   18:35  -1,5   21:24  12,1   0,0   2,6   6,7  58,7   09:42    NW
31   7,4  19,5   07:48   2,8   01:54  10,9   0,0  19,3  11,3  77,0   07:41   NNW
----------------------------------------------------------------------------------
     5,9  57,8    12    -6,0     6   386,3   1,6  69,3   3,6  82,1    29     WNW

Max >=  27,0:  4
Max <=   0,0:  0
Min <=   0,0: 17
Min <= -18,0:  0
Max Rain: 21,5 on day 29
Days of Rain: 15 (>= 0,2 mm)  10 (>= 2,0 mm)  1 (>= 20,0 mm)
Heat Base: 18,3  Cool Base: 18,3  Method: Integration
 
  • Webcam

  • Webcam


  • Ihre Meinung

  • Was finden Sie auf meiner Website interessant?
    Artikel
    FAQ
    Links
    Downloads
    Forum
    etwas anderes
    Archiv   Ergebnis
  • Status

  • Besucher
    Heute:
    313
    Gestern:
    454
    Gesamt:
    1.192.230

    Seitenzugriffe
    Heute:
    1.200
    Gestern:
    2.244
  • Benutzer & Gäste
    1 Benutzer registriert, davon online: 7 Gäste
 

Seite in 0.01746 Sekunden generiert