Logo Wetterstation Wiehl

NOAA - Klima Report


Report for 2014 Dec
                   Monthly Climatological Summary for Dez 2014

Name: Wetterstation   City: Wiehl   State: German
Elevation: 270 m  Lat: N 50° 58' 14"   Lon: E 007° 31' 15"

                  Temperature (°C), Rain (mm), Wind Speed (km/h)

                                      Heat  Cool        Avg
    Mean                              Deg   Deg         Wind                 Dom
Day Temp  High   Time   Low    Time   Days  Days  Rain  Speed High   Time    Dir
----------------------------------------------------------------------------------
 1   2,6   4,0   13:33   1,6   23:58  15,9   0,0   0,0   4,5  27,0   16:59    NE
 2   2,1   4,1   12:21   0,6   20:11  16,3   0,0   0,0   3,3  22,0   21:19   NNE
 3   1,4   3,7   13:21   0,0   06:50  16,9   0,0   0,0   3,7  19,4   14:49   NNE
 4   1,9   3,0   14:12   0,8   00:00  16,4   0,0   0,0   2,2  13,3   00:34   NNE
 5   3,2   4,5   14:15   2,3   05:48  15,1   0,0   0,0   1,3  12,2   12:16   WSW
 6   4,0   6,9   13:41  -1,5   07:50  14,3   0,0   0,0   0,4   8,6   00:18     W
 7   4,2   8,7   19:51   0,1   20:26  14,1   0,0   4,8   3,2  22,0   21:48     W
 8   3,3   7,3   14:32   0,8   21:44  15,0   0,0   0,3   2,2  18,4   11:19     W
 9   2,0   6,2   09:47   0,8   00:00  16,3   0,0   1,9   1,8  23,4   23:37   WSW
10   3,2   6,7   10:25   0,0   04:31  15,1   0,0   5,8   6,5  36,7   05:55   WSW
11   4,2   8,6   14:31  -1,0   16:17  14,2   0,0   4,2   7,3  40,3   12:49     W
12   7,1  10,3   20:10   4,8   00:00  11,2   0,0  23,1  10,4  47,9   09:51     W
13   2,9   8,3   07:31  -2,1   21:14  15,4   0,0   5,8   1,2  19,4   00:58     W
14   0,9   5,3   14:25  -1,8   22:15  17,4   0,0   0,0   0,1   8,6   20:37   WNW
15   1,5   3,9   17:20  -1,4   04:18  16,8   0,0   1,9   0,5  19,4   15:10     W
16   4,0   6,3   12:58   0,5   11:19  14,3   0,0   4,5   1,1  15,8   14:31     W
17   4,8   9,4   23:16   2,2   04:07  13,5   0,0   5,1   3,2  31,7   10:18   WSW
18  10,4  13,6   12:53   9,0   05:47   7,9   0,0   2,6   5,9  41,8   19:56     W
19   8,7  12,5   12:41   3,1   16:45   9,6   0,0  13,2   6,6  42,8   06:33     W
20   4,7   7,9   15:58   1,6   20:12  13,6   0,0   2,9   5,6  35,6   15:18     W
21   5,4   6,9   13:41   3,1   19:39  12,8   0,0   0,6   5,3  28,1   19:25     W
22   8,3  14,3   19:14   6,5   04:32  10,0   0,0   7,1   7,9  40,3   19:51     W
23  10,1  12,5   08:18   8,6   21:30   8,2   0,0   0,0   9,3  42,8   00:34     W
24   7,1   8,9   00:22   4,7   23:48  11,2   0,0   9,3   6,5  37,8   02:50     W
25   3,7   6,0   12:48   2,4   23:30  14,6   0,0   3,9   2,5  25,6   13:33     W
26   2,1   3,8   13:07   1,0   20:17  16,2   0,0   1,3   0,4  12,2   22:09     W
27  -0,1   1,5   04:08  -2,5   23:53  18,4   0,0   0,0   6,7  31,7   04:58     N
28  -3,0   7,3   14:31  -7,7   20:36  21,3   0,0   1,9   3,4  27,0   00:38   NNE
29  -1,1   2,0   13:11  -4,9   00:01  19,4   0,0   0,3   0,8  13,3   16:11   WNW
30   1,1   4,8   13:30  -1,8   00:13  17,2   0,0   2,6   0,1   6,1   11:38   WNW
31   2,2   6,2   17:58  -0,4   17:10  16,1   0,0   1,9   0,0   6,1   11:38     W
----------------------------------------------------------------------------------
     3,6  14,3    22    -7,7    28   454,7   0,0 105,0   3,7  47,9    12     WNW

Max >=  27,0:  0
Max <=   0,0:  0
Min <=   0,0: 12
Min <= -18,0:  0
Max Rain: 23,1 on day 12
Days of Rain: 22 (>= 0,2 mm)  14 (>= 2,0 mm)  1 (>= 20,0 mm)
Heat Base: 18,3  Cool Base: 18,3  Method: Integration
 
  • Webcam

  • Webcam


  • Ihre Meinung

  • Wie gefällt Ihnen meine Website?
    sehr gut!
    gut
    geht so
    naja
    ungenügend
    möchte ich nicht sagen
    Archiv   Ergebnis
  • Status

  • Besucher
    Heute:
    313
    Gestern:
    454
    Gesamt:
    1.192.230

    Seitenzugriffe
    Heute:
    1.202
    Gestern:
    2.244
  • Benutzer & Gäste
    1 Benutzer registriert, davon online: 9 Gäste
 

Seite in 0.01820 Sekunden generiert