Logo Wetterstation Wiehl

NOAA - Klima Report


Report for 2014 Nov
                   Monthly Climatological Summary for Nov 2014

Name: Wetterstation   City: Wiehl   State: German
Elevation: 241 m  Lat: N 50° 58' 14"   Lon: E 007° 31' 15"

                  Temperature (°C), Rain (mm), Wind Speed (km/h)

                                      Heat  Cool        Avg
    Mean                              Deg   Deg         Wind                 Dom
Day Temp  High   Time   Low    Time   Days  Days  Rain  Speed High   Time    Dir
----------------------------------------------------------------------------------
 1  16,3  24,8   12:16   7,7   07:15   4,0   2,0   0,3   2,7  17,3   13:07     S
 2  16,8  22,4   00:00  10,1   07:54   2,8   1,3   0,0   3,2  30,6   14:22    SW
 3  13,4  17,9   07:19  12,1   23:30   4,9   0,0   6,4   6,3  41,8   22:48   WSW
 4  10,2  12,1   00:00   8,6   21:44   8,1   0,0  12,8   2,4  41,8   02:29     W
 5   8,8  11,9   12:17   6,8   23:44   9,5   0,0   0,6   0,8  12,2   13:49     W
 6   6,2  10,5   14:10   1,9   23:29  12,1   0,0   0,0   1,5  17,3   14:12   WSW
 7   5,2  13,9   09:45  -1,9   00:45  13,1   0,0   1,6   2,8  37,8   12:39     W
 8   9,8  17,7   14:58   5,8   08:48   8,5   0,0   0,0   3,3  24,5   12:40     W
 9   8,1  18,3   12:40   1,3   08:35  10,2   0,0   0,6   2,1  18,4   11:32   NNE
10   8,3  12,5   15:38   4,3   23:42  10,0   0,0   1,9   1,1  19,4   14:34     W
11  10,2  16,4   14:52   4,5   00:00   8,1   0,0   0,0   3,0  23,4   12:16   NNE
12   9,3  11,5   09:51   1,8   07:51   9,0   0,0   0,0   1,1   8,6   06:35   WSW
13  10,1  17,2   20:10   4,3   07:45   8,2   0,0   0,6   1,3  19,4   23:29     W
14  10,4  13,8   14:36   0,1   01:20   7,9   0,0   0,0   4,4  36,7   11:46    NE
15   9,9  11,1   00:07   4,9   00:13   8,4   0,0   1,6   2,1  19,4   14:32   NNE
16   8,3   9,3   00:00   7,6   09:45  10,0   0,0   7,7   1,1  13,3   12:13     W
17   9,3  14,5   13:48   7,3   21:07   9,1   0,0   0,0   2,1  18,4   11:09    NE
18   8,7  12,3   13:58   7,6   07:13   9,6   0,0   0,0   1,3  15,8   11:34   NNE
19   7,3   9,7   00:15   3,5   02:30  11,0   0,0   0,0   0,4  11,2   05:37   NNE
20   5,1  10,1   13:45   0,2   23:42  13,2   0,0   0,0   0,9  14,8   11:41   NNE
21   5,2  13,7   10:15   0,1   00:06  13,1   0,0   0,0   2,6  27,0   11:11   NNE
22   5,7  13,2   15:07   1,0   09:52  12,6   0,0   0,0   2,6  18,4   12:37   NNE
23   9,8  16,9   14:08   4,9   07:36   8,5   0,0   0,0   2,1  24,5   12:53   NNE
24   8,0  15,5   14:34   0,0   23:48  10,3   0,0   2,6   0,6  13,3   13:26     N
25   4,6  15,0   10:54  -2,1   05:46  13,7   0,0   0,0   3,4  24,5   12:32   NNE
26   4,0   6,7   11:08   0,5   08:28  14,3   0,0   0,3   5,5  29,5   12:07    NE
27   5,2   9,7   13:27   1,0   20:23  13,1   0,0   0,6   4,4  20,9   10:49    NE
28   5,3  10,7   12:33   2,1   07:29  13,0   0,0   0,0   4,6  29,5   11:44    NE
29   2,6   4,0   13:13   2,1   02:23  15,7   0,0   0,0   4,5  20,9   06:13    NE
30   2,2   3,0   14:16   1,9   19:16  16,1   0,0   0,0   2,6  18,4   15:40   NNE
----------------------------------------------------------------------------------
     8,1  24,8     1    -2,1    25   308,1   3,3  37,6   2,5  41,8     3       N

Max >=  27,0:  0
Max <=   0,0:  0
Min <=   0,0:  3
Min <= -18,0:  0
Max Rain: 12,8 on day 4
Days of Rain: 13 (>= 0,2 mm)  4 (>= 2,0 mm)  0 (>= 20,0 mm)
Heat Base: 18,3  Cool Base: 18,3  Method: Integration
 
  • Webcam

  • Webcam


  • Ihre Meinung

  • Wie gefällt Ihnen meine Website?
    sehr gut!
    gut
    geht so
    naja
    ungenügend
    möchte ich nicht sagen
    Archiv   Ergebnis
  • Status

  • Besucher
    Heute:
    313
    Gestern:
    454
    Gesamt:
    1.192.230

    Seitenzugriffe
    Heute:
    1.210
    Gestern:
    2.244
  • Benutzer & Gäste
    1 Benutzer registriert, davon online: 11 Gäste
 

Seite in 0.01499 Sekunden generiert