Logo Wetterstation Wiehl / Bielstein

NOAA - Klima Report


Report for 2014 Jul
                   Monthly Climatological Summary for Jul 2014

Name: Wetterstation   City: Wiehl   State: German
Elevation: 241 m  Lat: N 50° 58' 14"   Lon: E 007° 31' 15"

                  Temperature (°C), Rain (mm), Wind Speed (km/h)

                                      Heat  Cool        Avg
    Mean                              Deg   Deg         Wind                 Dom
Day Temp  High   Time   Low    Time   Days  Days  Rain  Speed High   Time    Dir
----------------------------------------------------------------------------------
 1  15,5  25,7   16:59   6,9   05:49   3,8   1,1   0,0   1,8  28,1   12:52    SW
 2  17,1  26,8   17:12   7,4   05:07   3,4   2,2   0,0   1,7  18,4   13:40     N
 3  19,7  30,3   16:22   8,3   05:13   2,7   4,2   0,0   1,6  20,9   12:52     W
 4  22,6  32,6   13:35  11,5   06:07   1,5   5,8   0,0   1,5  19,4   18:19   NNW
 5  19,7  24,1   08:52  16,1   05:12   0,3   1,7   1,0   3,1  25,6   12:45     W
 6  22,8  29,3   15:19  17,3   23:29   0,1   4,6   3,9   3,6  39,2   12:00     W
 7  19,5  26,1   13:55  14,0   05:47   1,2   2,4   0,6   1,9  19,4   03:34   NNW
 8  15,9  18,2   00:00  11,9   23:49   2,4   0,0  15,7   1,2  15,8   18:09   WNW
 9  13,1  15,2   19:48  11,4   02:31   5,2   0,0  23,8   1,6  17,3   14:40     W
10  20,0  28,9   16:56  13,5   05:21   1,5   3,2   5,8   1,1  28,1   21:55    NW
11  19,5  25,5   16:44  15,8   00:48   0,6   1,9   0,3   1,2  18,4   18:18     W
12  20,1  24,6   14:47  16,9   08:23   0,3   2,1   0,0   2,6  22,0   14:53     W
13  17,9  23,3   16:25  16,2   09:35   1,0   0,6   8,3   1,7  19,4   13:34     W
14  17,4  21,7   18:22  15,2   06:54   1,3   0,5   1,0   1,9  20,9   03:54     W
15  18,6  22,9   17:20  12,6   06:41   1,4   1,6   0,0   1,7  25,6   11:34     W
16  22,0  28,7   15:41  16,7   06:07   0,3   4,0   0,0   0,8  15,8   12:56     W
17  23,1  34,5   16:53  13,0   05:17   1,3   6,1   0,0   1,3  15,8   14:52   NNW
18  26,4  35,7   16:09  15,6   05:25   0,4   8,5   0,0   2,1  24,5   18:31   NNW
19  27,5  35,6   15:07  16,9   06:22   0,1   9,3   0,0   2,6  30,6   14:13     N
20  24,2  31,7   15:14  19,5   04:48   0,0   5,9   1,0   2,0  25,6   15:16   WNW
21  20,8  24,2   09:11  18,5   05:17   0,0   2,5   4,2   1,2  14,8   07:59     N
22  24,5  33,4   13:46  18,8   00:00   0,0   6,2   0,0   2,4  25,6   16:40   NNE
23  23,7  35,1   13:29  17,3   05:11   0,1   5,5   1,0   2,3  20,9   14:41   NNE
24  21,1  31,7   11:38  14,2   05:27   1,1   3,9   0,6   2,6  30,6   17:50   NNE
25  20,1  27,9   15:24   1,6   20:08   1,4   3,2   0,3   0,7  14,8   09:14   NNE
26  20,7  28,6   16:11  14,9   04:10   1,0   3,4   0,0   0,0   0,0   00:00   ---
27  20,6  28,7   16:54  13,9   05:56   1,1   3,3   0,0   0,0   0,0   00:00   ---
28  22,3  31,5   15:42  15,4   05:42   0,6   4,6   1,6   0,1  36,7   16:27     W
29  22,0  27,3   14:46  17,9   06:07   0,0   3,7   4,2   0,2  22,0   22:33   NNE
30  20,5  26,0   15:22  16,3   23:58   0,1   2,3   1,0   0,9  18,4   13:07   WNW
31  20,1  30,5   16:52  13,6   06:12   1,3   3,1   0,0   1,4  15,8   14:16   WNW
----------------------------------------------------------------------------------
    20,6  35,7    18     1,6    25    35,5 107,4  74,3   1,6  39,2     6      NW

Max >=  27,0: 18
Max <=   0,0:  0
Min <=   0,0:  0
Min <= -18,0:  0
Max Rain: 23,8 on day 9
Days of Rain: 17 (>= 0,2 mm)  7 (>= 2,0 mm)  1 (>= 20,0 mm)
Heat Base: 18,3  Cool Base: 18,3  Method: Integration
 
  • Webcam

  • Webcam


  • Ihre Meinung

  • Wie gefällt Ihnen meine Website?
    sehr gut!
    gut
    geht so
    naja
    ungenügend
    möchte ich nicht sagen
    Archiv   Ergebnis
  • Status

  • Besucher
    Heute:
    193
    Gestern:
    329
    Gesamt:
    1.808.676

    Seitenzugriffe
    Heute:
    2.317
    Gestern:
    5.921
  • Benutzer & Gäste
    1 Benutzer registriert, davon online: 6 Gäste
 

Seite in 0.02692 Sekunden generiert