Logo Wetterstation Wiehl / Bielstein

NOAA - Klima Report


Report for 2013 Aug
                   Monthly Climatological Summary for Aug 2013

Name: Wetterstation   City: Wiehl   State: German
Elevation: 241 m  Lat: N 50° 58' 14"   Lon: E 007° 31' 15"

                  Temperature (°C), Rain (mm), Wind Speed (km/h)

                                      Heat  Cool        Avg
    Mean                              Deg   Deg         Wind                 Dom
Day Temp  High   Time   Low    Time   Days  Days  Rain  Speed High   Time    Dir
----------------------------------------------------------------------------------
 1  23,4  33,6   17:07  14,1   05:42   1,0   6,2   0,0   2,4  23,4   16:44   WNW
 2  26,7  37,7   16:46  16,3   06:10   0,3   8,6   0,0   2,1  25,6   15:36     W
 3  24,1  29,7   15:47  20,0   23:34   0,0   5,8   1,8   3,7  31,7   14:37     W
 4  22,0  30,4   15:56  14,9   06:17   0,6   4,3   0,0   1,3  19,4   14:17   WNW
 5  23,3  33,1   16:45  12,9   06:11   1,2   6,2   0,0   2,1  35,6   13:44   WSW
 6  22,5  28,6   15:11  17,4   23:58   0,0   4,2   0,3   2,7  27,0   12:10     W
 7  20,3  28,0   15:44  14,8   05:50   0,9   2,9   0,6   3,0  30,6   15:09     W
 8  17,3  21,0   19:11  14,5   07:07   1,4   0,4   0,3   2,4  19,4   02:07     W
 9  17,8  26,4   16:47  12,1   04:38   2,4   1,9   0,3   1,7  27,0   14:21     W
10  17,5  25,4   16:33  12,3   04:19   2,2   1,4   0,0   2,0  27,0   15:51     W
11  16,9  25,4   16:23   9,6   06:22   3,0   1,6   0,0   3,5  35,6   11:48     W
12  16,8  24,1   15:07  12,2   06:07   2,2   0,7   0,0   2,8  46,4   18:27     W
13  15,5  21,8   14:07  11,9   23:55   3,1   0,3   1,5   2,4  35,6   12:23     W
14  15,0  23,4   17:07   8,0   06:21   4,2   0,9   0,3   1,5  19,4   14:29   WNW
15  17,2  25,6   15:30   9,2   06:08   3,0   2,0   0,0   2,3  27,0   14:25     W
16  21,3  31,0   16:28  12,4   06:51   1,4   4,4   0,0   2,4  31,7   16:56     W
17  21,3  29,9   16:16  15,6   02:32   0,8   3,8   0,0   2,2  28,1   14:07     W
18  19,3  22,0   12:00  17,4   01:49   0,1   1,1   2,5   3,6  29,5   12:15   WSW
19  17,7  22,5   16:35  12,6   23:54   1,2   0,7   8,6   2,6  27,0   12:38     W
20  15,2  24,4   16:12   8,8   06:40   3,9   0,9   0,0   1,2  22,0   15:26   WNW
21  16,6  27,4   16:27   7,2   06:49   4,0   2,4   0,0   1,6  19,4   14:37   WNW
22  18,8  29,0   16:13   9,5   06:25   2,8   3,3   0,0   1,3  19,4   13:29   WNW
23  21,2  29,1   16:53  15,3   05:54   0,8   3,7   0,0   1,6  24,5   12:49     W
24  18,9  26,5   13:28  15,0   05:57   1,0   1,6   1,2   3,3  24,5   12:17   WNW
25  16,3  19,3   16:55  13,7   04:07   2,1   0,1   5,2   0,9   8,6   00:25   WNW
26  16,3  20,2   17:35  11,8   06:18   2,4   0,4   0,3   2,6  30,6   15:41     N
27  17,3  25,3   12:37  10,8   06:41   2,7   1,7   0,0   1,9  20,9   11:30     N
28  17,1  24,3   17:25  11,2   03:33   2,8   1,6   0,0   1,5  19,4   11:46     N
29  17,9  27,6   15:16   9,1   07:09   3,2   2,8   0,0   1,4  19,4   12:44     W
30  18,3  27,7   14:07  10,3   06:37   2,6   2,6   0,0   1,6  24,5   13:23     W
31  16,4  21,9   16:20  12,1   05:59   2,3   0,5   4,3   1,3  18,4   12:34     W
----------------------------------------------------------------------------------
    18,9  37,7     2     7,2    21    59,6  79,0  27,2   2,2  46,4    12       W

Max >=  27,0: 14
Max <=   0,0:  0
Min <=   0,0:  0
Min <= -18,0:  0
Max Rain: 8,6 on day 19
Days of Rain: 13 (>= 0,2 mm)  4 (>= 2,0 mm)  0 (>= 20,0 mm)
Heat Base: 18,3  Cool Base: 18,3  Method: Integration
 
  • Webcam

  • Webcam


  • Ihre Meinung

  • Was finden Sie auf meiner Website interessant?
    Artikel
    FAQ
    Links
    Downloads
    Forum
    etwas anderes
    Archiv   Ergebnis
  • Status

  • Besucher
    Heute:
    495
    Gestern:
    546
    Gesamt:
    1.800.629

    Seitenzugriffe
    Heute:
    8.329
    Gestern:
    12.464
  • Benutzer & Gäste
    1 Benutzer registriert, davon online: 5 Gäste
 

Seite in 0.05915 Sekunden generiert