Logo Wetterstation Wiehl / Bielstein

NOAA - Klima Report


Report for 2013 Jul
                   Monthly Climatological Summary for Jul 2013

Name: Wetterstation   City: Wiehl   State: German
Elevation: 241 m  Lat: N 50° 58' 14"   Lon: E 007° 31' 15"

                  Temperature (°C), Rain (mm), Wind Speed (km/h)

                                      Heat  Cool        Avg
    Mean                              Deg   Deg         Wind                 Dom
Day Temp  High   Time   Low    Time   Days  Days  Rain  Speed High   Time    Dir
----------------------------------------------------------------------------------
 1  18,9  26,3   16:17  13,6   02:11   1,6   2,2   1,2   3,6  29,5   11:54     W
 2  18,5  25,3   14:56  11,9   04:18   2,0   2,1   0,0   2,8  30,6   16:23   WSW
 3  17,5  20,5   13:40  16,1   06:07   1,0   0,1   7,7   2,9  24,5   13:48     W
 4  18,7  24,1   17:44  14,9   04:53   1,2   1,6   0,3   2,1  20,9   15:46   WSW
 5  19,6  25,2   16:37  16,3   23:51   0,5   1,8   0,0   1,4  18,4   16:38     W
 6  20,9  29,3   16:59  12,5   05:33   1,4   4,1   0,0   2,7  20,9   20:12     N
 7  22,3  30,4   15:44  13,6   05:55   0,9   4,9   0,0   2,6  23,4   17:18     N
 8  22,1  30,1   16:28  13,4   06:08   0,9   4,7   0,0   4,0  27,0   15:42     N
 9  22,6  30,8   15:16  14,2   05:35   0,8   5,0   0,0   2,5  23,4   16:38     N
10  19,8  26,4   14:42  14,1   23:29   0,8   2,3   0,0   2,6  22,0   13:07   NNW
11  15,8  21,2   16:41  12,0   23:50   2,8   0,4   0,0   2,1  18,4   00:22   NNW
12  16,2  24,4   15:29   8,5   05:13   3,5   1,4   0,0   1,6  23,4   14:44     W
13  17,3  24,5   15:33  10,3   05:36   2,7   1,7   0,0   1,4  17,3   15:26    NW
14  18,1  26,8   14:39  10,0   06:00   2,7   2,5   0,0   1,8  24,5   14:21   WNW
15  19,6  28,1   16:43  11,0   05:33   2,1   3,4   0,0   1,6  24,5   16:49   WNW
16  21,6  30,4   16:19  12,3   05:37   1,4   4,7   0,0   1,6  20,9   15:57   WNW
17  21,9  30,8   15:17  13,0   05:56   1,1   4,7   0,0   3,5  27,0   19:18     N
18  23,5  30,9   14:08  15,7   05:58   0,4   5,5   0,0   3,7  28,1   16:34     N
19  22,3  28,8   15:39  15,4   06:10   0,4   4,4   0,0   3,5  29,5   13:35     N
20  21,3  29,0   16:57   0,3   09:35   0,9   3,9   0,0   2,9  20,9   19:18     N
21  24,1  32,8   15:50  14,5   06:07   0,6   6,5   0,0   2,5  22,0   14:10    NW
22  25,8  35,3   16:54  15,5   06:22   0,4   7,9   0,0   1,6  17,3   16:21     W
23  24,7  35,6   15:50  20,0   05:51   0,0   6,4   0,3   3,5  42,8   15:58   NNW
24  21,5  26,8   17:08  17,6   05:21   0,0   3,2  11,1   2,0 174,0   20:52    NW
25  21,4  30,5   12:55  15,7   05:48   0,6   3,7   0,9   2,1  24,5   16:14    NW
26  22,5  28,8   17:37  17,1   05:10   0,1   4,3   0,9   1,6  15,8   15:43   NNW
27  25,8  33,2   16:56  18,9   06:10   0,0   7,5   0,0   3,2  31,7   16:46     W
28  22,5  26,1   01:48  19,0   23:54   0,0   4,2   0,3   3,9  52,6   00:59   WSW
29  20,3  27,1   12:39  16,5   05:59   0,3   2,3   1,8   1,7  33,1   13:24     W
30  18,5  24,5   15:13  14,9   03:46   1,0   1,2   5,5   4,4  34,2   15:46   WSW
31  19,7  24,3   18:12  16,7   00:00   0,4   1,8   0,6   5,1  34,2   01:30     W
----------------------------------------------------------------------------------
    20,8  35,6    23     0,3    20    32,5 110,4  30,6   2,7 174,0    24      NW

Max >=  27,0: 17
Max <=   0,0:  0
Min <=   0,0:  0
Min <= -18,0:  0
Max Rain: 11,1 on day 24
Days of Rain: 11 (>= 0,2 mm)  3 (>= 2,0 mm)  0 (>= 20,0 mm)
Heat Base: 18,3  Cool Base: 18,3  Method: Integration
 
  • Webcam

  • Webcam


  • Ihre Meinung

  • Was finden Sie auf meiner Website interessant?
    Artikel
    FAQ
    Links
    Downloads
    Forum
    etwas anderes
    Archiv   Ergebnis
  • Status

  • Besucher
    Heute:
    186
    Gestern:
    329
    Gesamt:
    1.808.669

    Seitenzugriffe
    Heute:
    2.206
    Gestern:
    5.921
  • Benutzer & Gäste
    1 Benutzer registriert, davon online: 4 Gäste
 

Seite in 0.02732 Sekunden generiert