Logo Wetterstation Wiehl

NOAA - Klima Report


Report for 2013 May
                   Monthly Climatological Summary for Mai 2013

Name: Wetterstation   City: Wiehl   State: German
Elevation: 241 m  Lat: N 50° 58' 14"   Lon: E 007° 31' 15"

                  Temperature (°C), Rain (mm), Wind Speed (km/h)

                                      Heat  Cool        Avg
    Mean                              Deg   Deg         Wind                 Dom
Day Temp  High   Time   Low    Time   Days  Days  Rain  Speed High   Time    Dir
----------------------------------------------------------------------------------
 1  13,1  19,9   16:31   7,9   06:25   5,3   0,0   0,0   5,2  28,1   10:04     N
 2  14,8  22,0   16:17   9,2   04:29   3,9   0,5   0,0   4,4  27,0   17:23     N
 3  14,6  23,4   16:23   8,3   06:26   4,3   0,6   0,0   2,0 174,0   03:50     N
 4  15,1  23,2   16:28   7,8   06:46   4,1   1,0   0,0   2,3  29,5   15:48     W
 5  16,0  25,2   16:32   7,7   06:16   3,8   1,5   0,0   2,0  22,0   14:39     W
 6  17,4  26,8   14:53   8,1   06:25   3,3   2,5   0,0   2,8  25,6   11:53   NNW
 7  15,1  20,5   10:49  10,2   06:08   3,4   0,2   1,5   2,5  27,0   14:27    NW
 8  15,4  23,4   16:14   8,6   04:02   3,7   0,8   0,6   3,7  29,5   16:53   WSW
 9  15,9  20,9   16:14  12,4   23:58   2,7   0,2   1,2   3,3  31,7   11:03     W
10  12,7  17,3   13:46   8,3   06:41   5,6   0,0   0,3   5,0  36,7   10:50     W
11  11,7  16,9   13:10   7,4   06:02   6,6   0,0   1,5   4,0  29,5   13:53   WSW
12   9,5  14,5   16:19   6,5   06:59   8,8   0,0   7,1   5,8  35,6   14:42     W
13  10,2  15,5   13:40   7,2   04:40   8,1   0,0   5,2   6,0 174,0   02:26     W
14  11,4  14,0   13:43   8,6   23:59   6,9   0,0   0,3   3,8  28,1   02:07     W
15  13,3  18,1   13:07   7,1   02:27   5,0   0,0   1,2   4,0  31,7   13:43     W
16  14,0  20,3   12:39   8,7   05:16   4,5   0,1   4,9   2,1  15,8   07:51    NW
17  10,3  12,3   00:00   9,1   06:36   8,0   0,0   0,3   1,7  13,3   07:16     W
18  11,0  16,5   17:45   8,0   06:19   7,3   0,0   0,3   2,8  23,4   04:35     W
19  15,7  25,3   14:00   5,5   05:58   4,5   1,9   0,0   2,1  23,4   18:32   NNW
20  12,0  14,5   00:00  10,5   23:40   6,3   0,0  14,8   2,1  19,4   11:39     W
21  12,6  18,5   14:46   7,4   05:46   5,7   0,0   2,5   2,4  19,4   22:58     W
22   8,5  10,6   00:00 -11,1   06:59   9,8   0,0   5,8   2,2  24,5   09:30     W
23   6,4   8,3   17:20   4,1   23:57  11,9   0,0   6,8   1,4  17,3   10:39   WNW
24   7,9  15,5   14:23   2,3   01:41  10,4   0,0   0,0   2,7  24,5   20:33     W
25   8,6  15,8   14:37   1,2   05:41   9,7   0,0   2,5   1,8  19,4   15:28     W
26   7,8   9,2   16:15   6,3   02:55  10,4   0,0  10,5   3,4  28,1   17:23     W
27  13,2  21,5   16:42   6,9   05:23   5,5   0,4   0,3   3,7  33,1   11:56     W
28  16,1  24,4   15:11   6,5   05:55   3,8   1,7   0,0   2,9  28,1   21:17   WNW
29  10,2  13,8   00:00   8,6   23:09   8,1   0,0  16,3   3,9  28,1   09:29     W
30  11,7  17,0   17:12   7,6   05:35   6,6   0,0   0,0   1,4  15,8   16:58   WNW
31  15,3  21,2   17:07  11,1   03:15   3,4   0,4   0,9   3,1  33,1   18:09     W
----------------------------------------------------------------------------------
    12,5  26,8     6   -11,1    22   191,4  11,8  84,8   3,1 174,0     3       W

Max >=  27,0:  0
Max <=   0,0:  0
Min <=   0,0:  1
Min <= -18,0:  0
Max Rain: 16,3 on day 29
Days of Rain: 21 (>= 0,2 mm)  10 (>= 2,0 mm)  0 (>= 20,0 mm)
Heat Base: 18,3  Cool Base: 18,3  Method: Integration
 
  • Webcam

  • Webcam


  • Newsflash

  • Amtliche WARNUNG vor HITZE

    für Bundesland Nordrhein-Westfalen gültig Montag, 10.08.2020 11:00 Uhr bis: Dienstag, 11.08.2020 19:00 Uhr ausgegeben vom Deutschen Wetterdienst...

    [mehr »]
  • Ihre Meinung

  • Wie gefällt Ihnen meine Website?
    sehr gut!
    gut
    geht so
    naja
    ungenügend
    möchte ich nicht sagen
    Archiv   Ergebnis
  • Status

  • Besucher
    Heute:
    588
    Gestern:
    616
    Gesamt:
    1.304.979

    Seitenzugriffe
    Heute:
    21.381
    Gestern:
    23.039
  • Benutzer & Gäste
    1 Benutzer registriert, davon online: 23 Gäste
 

Seite in 0.02284 Sekunden generiert