Logo Wetterstation Wiehl / Bielstein

NOAA - Klima Report


Report for 2013 Mar
                   Monthly Climatological Summary for Mrz 2013

Name: Wetterstation   City: Wiehl   State: German
Elevation: 241 m  Lat: N 50° 58' 14"   Lon: E 007° 31' 15"

                  Temperature (°C), Rain (mm), Wind Speed (km/h)

                                      Heat  Cool        Avg
    Mean                              Deg   Deg         Wind                 Dom
Day Temp  High   Time   Low    Time   Days  Days  Rain  Speed High   Time    Dir
----------------------------------------------------------------------------------
 1   1,6   3,1   12:34  -0,1   00:19  16,6   0,0   0,0   2,3  23,4   18:18   NNE
 2   2,8   9,6   15:35  -1,6   23:38  15,5   0,0   0,0   1,8  15,8   01:19   WNW
 3   1,2   4,2   15:07  -2,2   23:53  17,1   0,0   0,0   1,2  14,8   17:35   NNW
 4   3,9  14,5   15:53  -3,0   01:51  13,8   0,0   0,0   3,6 162,0   22:29   NNW
 5   6,0  16,8   14:57  -1,9   06:35  12,3   0,0   0,0   2,6  18,4   11:54     W
 6   7,4  22,2   15:31   2,1   00:00  11,3   0,4   0,0   1,4  23,4   14:49   NNW
 7   9,4  14,4   16:21   5,0   03:57   8,9   0,0   0,6   2,5  14,8   15:37   NNW
 8  11,0  17,4   15:33   7,3   02:20   7,3   0,0   1,8   3,6  20,9   13:54     N
 9   8,7  10,3   16:44   7,8   05:44   9,6   0,0  10,1   4,4  30,6   10:28     W
10   2,8   8,0   00:00  -1,9   23:40  15,5   0,0   4,9   2,7  23,4   02:49   WNW
11  -3,1  -1,9   00:00  -4,0   19:46  21,4   0,0   0,0   8,0  30,6   15:18   NNE
12  -4,1  -2,3   14:07  -5,6   23:53  22,4   0,0   0,0   7,9  31,7   10:19     N
13  -3,1   6,4   14:21 -11,5   06:50  21,4   0,0   1,5   1,3  18,4   12:28     W
14  -1,5   5,7   11:41  -6,7   23:43  19,8   0,0   1,8   1,6  22,0   15:17   NNW
15  -2,5   5,9   13:05 -10,9   06:36  20,8   0,0   0,0   2,4  18,4   13:32   WSW
16   3,4   9,1   13:13  -0,3   03:53  14,9   0,0   0,0   4,9  35,6   13:26     W
17   2,3   3,5   15:07   0,8   06:58  16,0   0,0   4,6   3,7  34,2   09:40   WNW
18   5,4  15,1   12:25   0,1   06:56  12,8   0,0   0,0   2,1  19,4   01:13   WSW
19   2,7  12,0   12:55  -1,7   05:27  15,6   0,0   1,5   1,2  33,1   14:26     W
20   0,9   2,7   10:12  -0,5   04:47  17,4   0,0   5,5   1,0  13,3   08:44     N
21   0,0   2,3   12:17  -3,2   23:44  18,3   0,0   3,7   0,4  20,9   09:10     W
22  -0,3   6,9   14:30  -5,7   05:31  18,7   0,0   0,3   5,6  39,2   19:55   NNE
23  -0,9   1,5   16:25  -2,9   23:48  19,1   0,0   0,0   9,2  45,4   10:45   NNE
24  -0,6   7,0   12:59  -4,8   05:19  18,9   0,0   0,0   9,7  43,9   11:49   NNE
25   0,1   8,8   13:07  -4,0   06:25  18,2   0,0   0,0   8,1  45,4   13:56     N
26   0,1   7,8   12:24  -5,0   06:43  18,2   0,0   0,0   7,6  36,7   10:19   NNE
27   0,8   9,3   13:07  -4,7   06:17  17,5   0,0   0,0   5,8  36,7   15:50   NNE
28   1,2   8,1   12:41  -2,0   03:14  17,1   0,0   0,0   3,7  22,0   12:07     N
29   0,2   5,0   14:19  -2,3   02:48  18,1   0,0   0,3   0,9  18,4   14:55     W
30   0,5   5,7   10:52  -2,1   06:19  17,8   0,0   0,0   2,7  22,0   11:29   NNE
31   0,8   4,1   16:24  -2,4   23:59  16,8   0,0   0,0   3,2  23,4   11:47   NNE
----------------------------------------------------------------------------------
     1,8  22,2     6   -11,5    13   509,1   0,4  36,6   3,8 162,0     4       N

Max >=  27,0:  0
Max <=   0,0:  2
Min <=   0,0: 25
Min <= -18,0:  0
Max Rain: 10,1 on day 9
Days of Rain: 12 (>= 0,2 mm)  5 (>= 2,0 mm)  0 (>= 20,0 mm)
Heat Base: 18,3  Cool Base: 18,3  Method: Integration
 
  • Webcam

  • Webcam


  • Ihre Meinung

  • Was finden Sie auf meiner Website interessant?
    Artikel
    FAQ
    Links
    Downloads
    Forum
    etwas anderes
    Archiv   Ergebnis
  • Status

  • Besucher
    Heute:
    484
    Gestern:
    546
    Gesamt:
    1.800.618

    Seitenzugriffe
    Heute:
    8.125
    Gestern:
    12.464
  • Benutzer & Gäste
    1 Benutzer registriert, davon online: 3 Gäste
 

Seite in 0.02690 Sekunden generiert