Logo Wetterstation Wiehl

NOAA - Klima Report


Report for 2013 Jan
                   Monthly Climatological Summary for Jan 2013

Name: Wetterstation   City: Wiehl   State: German
Elevation: 241 m  Lat: N 50° 58' 14"   Lon: E 007° 31' 15"

                  Temperature (°C), Rain (mm), Wind Speed (km/h)

                                      Heat  Cool        Avg
    Mean                              Deg   Deg         Wind                 Dom
Day Temp  High   Time   Low    Time   Days  Days  Rain  Speed High   Time    Dir
----------------------------------------------------------------------------------
 1   5,8   8,3   00:50   2,6   22:22  12,5   0,0   8,4   6,0  37,8   01:34     W
 2   4,4   6,4   14:31   2,8   02:18  14,0   0,0   0,6   3,8  23,4   23:39     W
 3   7,2   9,6   19:25   4,4   02:55  11,1   0,0   3,0   3,4  22,0   16:50     W
 4   8,7   9,4   00:46   7,2   23:24   9,6   0,0   1,2   3,1  19,4   13:12     W
 5   6,8   7,2   00:00   6,3   23:09  11,5   0,0   0,9   1,0  15,8   00:30     W
 6   6,8   7,8   16:12   5,9   03:10  11,5   0,0   0,3   1,4  14,8   09:42     W
 7   7,2   8,3   12:30   5,9   23:22  11,1   0,0   0,0   1,1  11,2   09:36   WSW
 8   5,4   6,3   22:18   4,3   07:27  12,9   0,0   0,3   1,6  13,3   06:52     W
 9   4,9   5,8   00:00   4,0   17:11  13,5   0,0   2,1   2,5  14,8   13:32   WSW
10   4,0   7,1   13:12   2,3   23:58  14,0   0,0   1,2   1,9  15,8   21:55     W
11  -1,0   6,0   12:50  -4,1   22:19  19,3   0,0   0,3   0,9  18,4   02:00   NNE
12  -2,7   7,3   13:08  -7,0   08:21  20,7   0,0   0,0   1,1  15,8   13:26   NNW
13  -3,5   3,1   11:56  -7,5   08:16  21,8   0,0   0,3   3,4  22,0   12:15     N
14  -4,3  -0,6   13:38  -7,5   21:53  22,7   0,0   0,0   1,2  13,3   12:33     W
15  -3,3  -1,0   13:26  -6,8   00:00  21,6   0,0   0,0   2,0  22,0   04:37     N
16  -3,3  -1,6   12:54  -6,1   20:54  21,6   0,0   0,0   1,0   9,7   04:42     W
17  -3,3  -0,3   13:33  -4,6   07:46  21,6   0,0   0,0   1,1  19,4   05:34     N
18  -2,9  -1,1   11:25  -4,5   07:36  21,3   0,0   0,0   3,2  23,4   19:59     N
19  -4,6  -2,8   13:07  -7,1   23:57  22,9   0,0   0,0   6,3  33,1   09:26     N
20  -4,0  -1,3   16:21  -7,4   00:14  23,1   0,0   0,0   3,4  28,1   11:32     N
21  -1,7   0,2   12:56  -4,4   00:16  20,0   0,0   0,0   1,3  13,3   12:11   NNE
22  -1,3   0,4   14:41  -2,7   00:24  19,5   0,0   0,0   1,1  11,2   14:47   NNE
23  -1,2   1,1   13:07  -3,1   22:12  19,5   0,0   0,0   0,5   6,1   00:45    NE
24  -4,1  -0,4   13:48  -8,8   08:32  22,4   0,0   0,0   1,6  17,3   17:26   NNE
25  -3,3  -2,3   12:07  -4,5   23:56  21,7   0,0   0,0   2,7  24,5   20:20     W
26  -3,7  -1,8   15:33  -4,6   08:07  22,0   0,0   0,0   4,3  29,5   12:28   WSW
27   0,5   2,5   12:13  -2,5   00:00  17,8   0,0   5,5   2,9  35,6   12:56   WSW
28   2,7   5,6   11:30   1,0   08:08  15,7   0,0   0,6   3,8  29,5   23:48   WSW
29   7,2   9,4   21:28   3,6   00:42  11,0   0,0  18,4   9,7  37,8   01:40     W
30  10,1  12,9   13:07   7,5   21:38   8,2   0,0   7,7  11,6  54,0   22:58     W
31   6,5   7,6   00:00   5,4   19:22  11,8   0,0   5,8  11,7  64,8   13:35     W
----------------------------------------------------------------------------------
     1,3  12,9    30    -8,8    24   527,9   0,0  56,6   3,3  64,8    31     WNW

Max >=  27,0:  0
Max <=   0,0: 10
Min <=   0,0: 17
Min <= -18,0:  0
Max Rain: 18,4 on day 29
Days of Rain: 16 (>= 0,2 mm)  7 (>= 2,0 mm)  0 (>= 20,0 mm)
Heat Base: 18,3  Cool Base: 18,3  Method: Integration
 
  • Webcam

  • Webcam


  • Ihre Meinung

  • Wie gefällt Ihnen meine Website?
    sehr gut!
    gut
    geht so
    naja
    ungenügend
    möchte ich nicht sagen
    Archiv   Ergebnis
  • Status

  • Besucher
    Heute:
    317
    Gestern:
    454
    Gesamt:
    1.192.234

    Seitenzugriffe
    Heute:
    1.247
    Gestern:
    2.244
  • Benutzer & Gäste
    1 Benutzer registriert, davon online: 3 Gäste
 

Seite in 0.01660 Sekunden generiert