Logo Wetterstation Wiehl / Bielstein

NOAA - Klima Report


Report for 2012 Nov
                   Monthly Climatological Summary for Nov 2012

Name: Wetterstation   City: Wiehl   State: German
Elevation: 241 m  Lat: N 50° 58' 14"   Lon: E 007° 31' 15"

                  Temperature (°C), Rain (mm), Wind Speed (km/h)

                                      Heat  Cool        Avg
    Mean                              Deg   Deg         Wind                 Dom
Day Temp  High   Time   Low    Time   Days  Days  Rain  Speed High   Time    Dir
----------------------------------------------------------------------------------
 1   6,8  10,2   11:41   3,3   00:29  11,5   0,0   5,4   5,0  39,2   14:55   WSW
 2   6,8  10,8   13:08   4,9   06:21  11,5   0,0   7,5   9,0  47,9   12:46     W
 3   5,3   8,8   14:49   2,4   22:22  13,0   0,0   4,2   3,0  40,3   14:58     W
 4   5,7   8,9   15:09   1,5   06:07  12,6   0,0   4,5   3,3  40,3   16:48     W
 5   6,7  10,2   12:58   4,0   23:52  11,6   0,0   3,0   4,1  27,0   02:14     W
 6   5,9  10,3   13:39   3,9   08:13  12,4   0,0   0,9   4,3  30,6   22:55     W
 7   7,8   9,2   11:48   5,5   01:32  10,5   0,0   2,4   5,3  24,5   15:43     W
 8   7,9   8,9   13:08   7,2   08:08  10,4   0,0   0,0   5,6  27,0   10:34     W
 9   8,1  11,4   14:40   6,7   21:23  10,1   0,0   0,0   2,2  18,4   12:17   WSW
10   9,3  10,9   13:27   7,5   04:13   9,0   0,0   4,8   1,9  15,8   00:11     W
11   8,3  12,1   12:59   4,2   21:07  10,0   0,0   0,3   1,4  40,3   02:46     W
12   6,3  12,4   12:18   0,5   23:56  12,0   0,0   0,3   1,9  18,4   13:40     W
13   3,8   8,3   15:41  -0,4   02:36  14,5   0,0   0,0   1,6  17,3   12:17     W
14   4,6  13,8   12:46  -0,9   07:12  13,7   0,0   0,0   2,1  18,4   15:33     N
15   3,1   4,3   14:00   1,7   22:57  15,2   0,0   0,0   2,9  17,3   14:15   WNW
16   1,6   3,6   15:42  -0,1   23:51  16,7   0,0   0,0   3,1  17,3   10:12   WNW
17   3,7   6,5   14:46  -0,2   00:36  14,5   0,0   0,0   2,3  25,6   15:27    NW
18   7,1   8,2   14:40   5,9   00:00  11,2   0,0   1,8   0,4   8,6   18:26   WNW
19   7,8  13,5   14:31   4,6   23:59  10,6   0,0   0,3   1,7  19,4   14:11   WNW
20   4,0   7,9   13:19   1,5   05:11  14,3   0,0   0,0   2,1  22,0   20:56   WNW
21   4,4   8,0   12:19   2,5   04:18  13,9   0,0   0,3   3,8  28,1   08:25     W
22   7,8  14,6   12:45   3,6   20:37  10,5   0,0   0,0   3,5  20,9   01:48   WSW
23   6,8   8,1   13:09   5,8   00:00  11,5   0,0   7,8   3,3  24,5   08:37   WSW
24   8,4  10,6   12:42   6,8   00:00  10,0   0,0   0,6   1,3  14,8   23:27     N
25   9,8  12,9   07:31   4,0   23:59   8,5   0,0   0,3   8,5  57,6   11:52     W
26   6,2   9,1   21:35   1,8   04:08  12,0   0,0   6,0   2,3  19,4   14:12     W
27   7,0   9,2   13:52   5,3   20:07  11,4   0,0   0,6   1,8  23,4   11:26   WSW
28   5,0   8,0   13:33   2,6   09:41  13,3   0,0   0,0   0,8  15,8   21:43   WNW
29   2,8   4,5   00:07   0,7   23:57  15,5   0,0   1,2   1,7  24,5   03:48   WNW
30   1,3   9,3   11:25  -2,9   23:53  17,0   0,0   0,0   0,5   9,7   11:43     W
----------------------------------------------------------------------------------
     6,0  14,6    22    -2,9    30   368,9   0,0  52,2   3,0  57,6    25       W

Max >=  27,0:  0
Max <=   0,0:  0
Min <=   0,0:  5
Min <= -18,0:  0
Max Rain: 7,8 on day 23
Days of Rain: 19 (>= 0,2 mm)  9 (>= 2,0 mm)  0 (>= 20,0 mm)
Heat Base: 18,3  Cool Base: 18,3  Method: Integration
 
  • Webcam

  • Webcam


  • Ihre Meinung

  • Was finden Sie auf meiner Website interessant?
    Artikel
    FAQ
    Links
    Downloads
    Forum
    etwas anderes
    Archiv   Ergebnis
  • Status

  • Besucher
    Heute:
    198
    Gestern:
    329
    Gesamt:
    1.808.681

    Seitenzugriffe
    Heute:
    2.402
    Gestern:
    5.921
  • Benutzer & Gäste
    1 Benutzer registriert, davon online: 3 Gäste
 

Seite in 0.02716 Sekunden generiert