Logo Wetterstation Wiehl

NOAA - Klima Report


Report for 2012 Sep
                   Monthly Climatological Summary for Sep 2012

Name: Wetterstation   City: Wiehl   State: German
Elevation: 241 m  Lat: N 50° 58' 14"   Lon: E 007° 31' 15"

                  Temperature (°C), Rain (mm), Wind Speed (km/h)

                                      Heat  Cool        Avg
    Mean                              Deg   Deg         Wind                 Dom
Day Temp  High   Time   Low    Time   Days  Days  Rain  Speed High   Time    Dir
----------------------------------------------------------------------------------
 1  14,5  23,5   12:34   8,8   23:57   4,4   0,6   0,3   1,5  17,3   11:35     N
 2  14,3  26,9   17:14   6,4   06:30   5,4   1,5   0,0   0,9  14,8   16:49   WNW
 3  15,8  25,6   16:34   8,9   07:13   3,9   1,4   0,0   1,3  18,4   14:37     N
 4  18,2  30,6   15:19   8,7   06:13   3,5   3,4   0,0   1,0  17,3   16:14   NNW
 5  16,5  24,8   17:37  12,2   23:49   2,7   0,9   0,0   0,9  15,8   17:42    NW
 6  15,0  26,5   17:14   9,1   23:49   4,1   0,8   0,0   1,0  13,3   15:20    NW
 7  15,1  27,0   16:57   5,4   06:33   5,0   1,8   0,0   1,8  24,5   13:20     W
 8  18,6  32,7   16:42   9,6   06:54   3,2   3,5   0,0   1,0  18,4   12:39     W
 9  20,2  31,8   14:57   9,9   07:08   2,9   4,8   0,0   2,2  28,1   16:53     W
10  20,0  32,2   16:08  10,7   06:55   2,3   4,0   0,3   1,6  40,3   16:39   WSW
11  16,6  21,1   15:07  12,2   23:42   2,1   0,4   9,0   2,2  27,0   15:28     W
12  11,8  16,5   14:08   6,2   23:38   6,5   0,0   0,3   1,7  22,0   16:25     W
13  10,5  16,1   15:44   5,2   02:55   7,7   0,0   0,0   2,0  14,8   15:23   NNW
14  11,7  15,2   10:46   7,5   03:07   6,6   0,0   1,8   4,1  41,8   14:46     W
15  13,9  19,8   16:25  10,1   02:14   4,4   0,0   0,3   1,0  18,4   13:12     W
16  15,0  25,2   16:37   7,2   07:09   4,7   1,4   0,0   2,0  20,9   13:56     W
17  14,4  25,8   16:40   8,9   05:56   4,7   0,8   0,0   1,0  20,9   12:10   WNW
18  13,7  20,3   12:08   9,7   23:59   4,7   0,1   0,0   1,8  22,0   12:00     W
19  10,0  18,0   14:07   5,6   03:47   8,3   0,0   2,7   1,8  29,5   13:24   WNW
20   9,5  16,7   14:07   3,1   07:14   8,8   0,0   0,0   1,6  19,4   14:23     W
21  10,6  19,3   14:33   4,0   06:59   7,7   0,0   0,0   1,0  17,3   14:59   WNW
22  10,5  19,4   16:33   5,1   23:58   7,8   0,0   0,9   1,4  18,4   15:21   WNW
23  11,5  23,0   15:13   4,9   00:15   7,0   0,2   0,0   4,2  28,1   15:11     N
24  15,4  21,1   13:33  12,5   01:49   3,1   0,2   3,6   6,3  63,7   17:25   WNW
25  12,6  14,0   00:07  11,6   06:41   5,7   0,0   5,7   3,7  31,7   17:54   WSW
----------------------------------------------------------------------------------
    14,2  32,7     8     3,1    20   127,2  25,8  24,9   2,0  63,7    24     WNW

Max >=  27,0:  5
Max <=   0,0:  0
Min <=   0,0:  0
Min <= -18,0:  0
Max Rain: 9,0 on day 11
Days of Rain: 10 (>= 0,2 mm)  4 (>= 2,0 mm)  0 (>= 20,0 mm)
Heat Base: 18,3  Cool Base: 18,3  Method: Integration
 
  • Webcam

  • Webcam


  • Newsflash

  • Amtliche WARNUNG vor HITZE

    für Bundesland Nordrhein-Westfalen gültig Montag, 10.08.2020 11:00 Uhr bis: Dienstag, 11.08.2020 19:00 Uhr ausgegeben vom Deutschen Wetterdienst...

    [mehr »]
  • Ihre Meinung

  • Was finden Sie auf meiner Website interessant?
    Artikel
    FAQ
    Links
    Downloads
    Forum
    etwas anderes
    Archiv   Ergebnis
  • Status

  • Besucher
    Heute:
    592
    Gestern:
    616
    Gesamt:
    1.304.983

    Seitenzugriffe
    Heute:
    21.976
    Gestern:
    23.039
  • Benutzer & Gäste
    1 Benutzer registriert, davon online: 22 Gäste
 

Seite in 0.02937 Sekunden generiert