Logo Wetterstation Wiehl / Bielstein

NOAA - Klima Report


Report for 2012 Jun
                   Monthly Climatological Summary for Jun 2012

Name: Wetter Station Wiehl   City: Wiehl   State: German
Elevation: 270 m  Lat: N 50° 58' 14"   Lon: E 007° 31' 16"

                  Temperature (°C), Rain (mm), Wind Speed (m/s)

                                      Heat  Cool        Avg
    Mean                              Deg   Deg         Wind                 Dom
Day Temp  High   Time   Low    Time   Days  Days  Rain  Speed High   Time    Dir
----------------------------------------------------------------------------------
 9  15,4  17,3   16:12  12,6   23:36   1,0   0,0   2,1   3,2  25,6   18:18     W
13  12,4  13,7   15:52  10,4   23:59   5,8   0,0   1,2   0,4  14,8   08:59     N
14  13,9  21,5   16:59  10,3   23:52   4,6   0,2   1,2   0,3   5,0   00:51     N
15  15,3  20,0   18:30  10,3   00:00   3,1   0,1   3,9   0,6   5,1   16:42    NW
16  15,2  17,9   09:50  12,6   23:49   3,1   0,0   8,4   1,2   8,2   14:11     W
17  16,5  23,1   17:20  10,5   04:09   2,8   1,0   0,0   1,2   7,1   10:14     W
18  18,3  25,8   12:59  10,6   02:47   2,3   2,4   0,0   1,0   9,2   09:57     W
19  18,0  26,7   11:34  11,0   05:22   2,1   1,8   0,0   0,4   4,1   11:30     N
20  17,5  21,4   17:10  15,0   05:22   1,4   0,6   3,3   0,4   5,1   14:26   NNE
21  19,1  24,5   17:15  14,8   23:17   1,1   1,9   7,8   0,7   6,1   17:23    NW
22  16,1  20,0   16:39  12,2   05:12   2,3   0,1   0,3   1,8  10,2   15:51     W
23  15,5  22,2   16:57   8,9   03:42   3,5   0,7   0,0   0,8   7,8   14:58     W
24  14,3  19,1   12:06  10,5   05:34   4,0   0,0   6,9   1,5   9,5   20:46     W
25  14,3  17,9   18:12  11,5   23:58   4,0   0,0   0,9   1,5  10,2   13:19     W
26  15,9  22,9   16:49   7,8   05:09   3,5   1,1   0,0   0,5   5,8   11:43     W
27  16,6  21,1   15:55  11,2   01:23   2,1   0,4   7,8   0,6   5,4   15:57     W
28  23,0  30,7   14:35  16,0   05:21   0,6   5,2   0,0   0,8   7,5   15:47    NW
29  20,5  27,7   12:36  16,7   23:57   0,2   2,4  19,2   0,7  15,6   14:33   WNW
30  19,3  23,7   12:15  14,1   05:32   1,0   2,0   6,0   0,4   6,5   13:29     W
----------------------------------------------------------------------------------
    16,7  30,7    28     7,8    26    48,5  19,9  69,0   0,9  25,6     9     WNW

Max >=  27,0:  2
Max <=   0,0:  0
Min <=   0,0:  0
Min <= -18,0:  0
Max Rain: 19,2 on day 29
Days of Rain: 13 (>= 0,2 mm)  9 (>= 2,0 mm)  0 (>= 20,0 mm)
Heat Base: 18,3  Cool Base: 18,3  Method: Integration
 
  • Webcam

  • Webcam


  • Ihre Meinung

  • Was finden Sie auf meiner Website interessant?
    Artikel
    FAQ
    Links
    Downloads
    Forum
    etwas anderes
    Archiv   Ergebnis
  • Status

  • Besucher
    Heute:
    202
    Gestern:
    329
    Gesamt:
    1.808.685

    Seitenzugriffe
    Heute:
    2.475
    Gestern:
    5.921
  • Benutzer & Gäste
    1 Benutzer registriert, davon online: 2 Gäste
 

Seite in 0.02911 Sekunden generiert