Logo Wetterstation Wiehl / Bielstein

NOAA - Klima Report


Report for 2023 Dec
                   Monthly Climatological Summary for Dez 2023

Name: Wetterstation   City: Wiehl   State: German
Elevation: 222 m  Lat: N 50° 57' 09"   Lon: E 007° 29' 22"

                  Temperature (°C), Rain (mm), Wind Speed (km/h)

                                      Heat  Cool        Avg
    Mean                              Deg   Deg         Wind                 Dom
Day Temp  High   Time   Low    Time   Days  Days  Rain  Speed High   Time    Dir
----------------------------------------------------------------------------------
01  -0,9   0,8   14:17  -2,7   23:46  19,2   0,0   0,0   0,8  12,2   17:01     N
02  -1,9  -0,4   13:11  -3,3   03:30  20,2   0,0   0,0   0,5   9,7   01:08   NNE
03  -1,0   0,2   11:13  -2,0   00:00  19,3   0,0   0,0   2,4  17,3   21:42   ESE
04   0,1   1,7   23:54  -1,3   00:07  18,2   0,0   0,3   2,7  19,4   13:14   ESE
05   3,6   6,1   12:51   1,7   00:00  14,7   0,0   6,0   0,7  11,2   15:50   ESE
06   2,5   4,0   15:00   1,0   06:24  15,8   0,0   1,5   0,1   8,6   06:28    NE
07   2,0   3,4   13:40   0,5   08:43  16,3   0,0   0,0   1,4  12,2   13:29   ESE
08   3,0   5,6   23:36   1,7   05:46  15,3   0,0   2,1   1,2  18,4   00:07   ESE
09   6,1   8,9   22:51   2,8   08:24  12,2   0,0  19,2   2,8  28,1   16:21   ESE
10   9,1  11,1   13:30   7,7   19:39   9,2   0,0   4,2   2,1  30,6   04:13    NE
11   9,2  10,6   11:15   8,0   22:43   9,1   0,0   3,9   0,9  27,0   11:52     N
12   8,0  10,0   12:43   6,3   04:54  10,3   0,0   3,3   0,3   9,7   13:05     E
13   7,1  10,3   14:16   4,4   22:17  11,2   0,0   0,9   0,3   9,7   00:00     E
14   4,9   6,3   05:54   2,7   21:57  13,4   0,0   0,3   0,1   8,6   05:29   NNW
15   5,7   8,1   15:21  -0,2   15:05  12,6   0,0   1,8   0,2  67,3   15:23     E
16   7,1   9,6   14:17   5,6   01:11  11,2   0,0   0,0   0,3   6,1   06:22     E
17   6,1   7,5   00:14   1,9   23:43  12,2   0,0   0,0   0,6  11,2   09:37     E
18   1,1   3,6   13:46  -0,7   08:02  17,2   0,0   0,0   0,0   9,7   23:31     E
19   4,1   6,9   23:58   2,2   00:27  14,2   0,0  16,8   1,5  12,2   12:17   ESE
20   6,4   7,6   23:39   5,6   04:20  11,9   0,0   3,9   0,8  14,8   18:35     N
21   8,3  10,6   14:27   4,6   20:11  10,0   0,0  27,3   2,2  25,6   15:09     N
22   6,9   9,2   14:16   4,1   01:30  11,4   0,0  13,5   2,3  30,6   22:35     N
23   8,0   8,9   20:30   6,4   03:10  10,3   0,0   6,9   1,7  22,0   05:55   NNW
24   9,8  11,6   19:01   8,5   04:35   8,5   0,0  22,5   0,9  29,5   23:26     N
25  11,0  11,7   13:27  10,2   23:45   7,3   0,0  14,1   1,0  19,4   06:32     N
26   9,0  10,7   02:14   5,2   22:55   9,3   0,0   2,7   0,8  19,4   13:43     N
27   5,9   9,3   14:15   2,2   05:07  12,4   0,0   0,0   1,9  15,8   12:58   ESE
28   8,5  11,9   13:19   5,6   08:35   9,8   0,0   0,6   0,6  18,4   12:17   ENE
29   9,1  10,1   05:41   7,7   23:09   9,2   0,0  24,0   0,5  15,8   04:59   NNE
30   7,9  10,4   13:22   5,1   19:17  10,4   0,0   0,9   0,4  12,2   03:43   NNE
31   8,5  10,1   11:31   7,2   04:25   9,8   0,0   0,0   4,1  24,5   19:58   ESE
----------------------------------------------------------------------------------
     5,7  11,9    28    -3,3     2   391,7   0,0 176,7   1,2  67,3    15     ENE

Max >=  27,0  0
Max <=   0,0  1
Min <=   0,0  6
Min <= -18,0  0
Max Rain: 27,3 on day 21
Days of Rain: 15 (>= 2,0 mm)  15 (>= 2,0 mm)  3 (>= 20,0 mm)
Heat Base: 18,3  Cool Base: 18,3  Method: Integration
 
  • Webcam

  • Webcam


  • Ihre Meinung

  • Was finden Sie auf meiner Website interessant?
    Artikel
    FAQ
    Links
    Downloads
    Forum
    etwas anderes
    Archiv   Ergebnis
  • Status

  • Besucher
    Heute:
    193
    Gestern:
    329
    Gesamt:
    1.808.676

    Seitenzugriffe
    Heute:
    2.308
    Gestern:
    5.921
  • Benutzer & Gäste
    1 Benutzer registriert, davon online: 4 Gäste
 

Seite in 0.02776 Sekunden generiert