Logo Wetterstation Wiehl / Bielstein

NOAA - Klima Report


Report for 2023 Mar
                   Monthly Climatological Summary for Mär 2023

Name: Wetterstation   City: Wiehl   State: German
Elevation: 222 m  Lat: N 50° 57' 09"   Lon: E 007° 29' 22"

                  Temperature (°C), Rain (mm), Wind Speed (km/h)

                                      Heat  Cool        Avg
    Mean                              Deg   Deg         Wind                 Dom
Day Temp  High   Time   Low    Time   Days  Days  Rain  Speed High   Time    Dir
----------------------------------------------------------------------------------
01   1,4   8,5   15:22  -6,3   06:44  16,9   0,0   0,0   0,8  18,0   14:26     N
02   4,2  12,3   10:25  -3,9   06:39  14,1   0,0   0,0   0,8  16,0   13:12   ENE
03   1,3   6,6   14:35  -3,4   06:08  17,0   0,0   0,0   0,7  15,0   15:31   NNW
04   3,9   6,9   11:02   0,3   00:00  14,4   0,0   0,0   0,4   9,0   08:39   NNW
05   3,9   6,1   14:30   2,7   07:05  14,4   0,0   0,0   0,2   9,0   13:00   NNW
06   2,6   5,3   11:58   1,0   23:44  15,7   0,0   3,0   0,3  10,0   23:19   ENE
07   2,2   4,7   11:38   0,6   23:33  16,1   0,0  21,9   0,4  11,0   10:08    NE
08   1,9   4,3   14:34   0,2   06:46  16,4   0,0  11,4   0,2   9,0   14:59     E
09   6,0   9,5   16:57   2,3   00:47  12,3   0,0  18,9   0,2   7,0   12:14     E
10   7,6  13,0   11:19   0,6   04:57  10,7   0,0  21,3   2,0  26,0   20:15    NE
11   2,2   8,5   09:59  -1,3   22:56  16,1   0,0   0,3   0,7  17,0   00:49   NNW
12   4,3   9,8   16:50  -1,2   00:00  14,0   0,0   2,7   0,9  10,0   07:07   ESE
13  11,2  15,0   16:57   6,8   00:35   7,1   0,0   8,7   1,1  15,0   14:37     E
14   7,5  11,2   02:48   1,9   23:56  10,8   0,0   9,9   1,4  19,0   11:49     N
15   3,1   7,6   13:41  -0,7   23:52  15,2   0,0   4,8   0,2  11,0   11:54     N
16   5,1  10,8   15:13  -1,5   02:28  13,1   0,0   0,0   3,0  24,0   15:34   ESE
17   9,9  16,2   15:30   0,5   20:19   8,4   0,0   0,9   1,8  19,0   12:29   ESE
18  11,9  17,3   10:08   5,0   06:53   6,4   0,0   1,2   0,9  15,0   12:56     E
19  10,1  14,5   14:12   6,8   04:27   8,2   0,0   0,3   0,6  11,0   10:48     E
20   9,1  10,9   12:56   7,3   07:06   9,2   0,0   0,0   0,4  10,0   11:38   NNE
21   9,5  11,3   16:56   7,2   06:07   8,8   0,0   1,2   1,7  15,0   13:02   ESE
22  11,2  15,6   13:09   6,5   05:52   7,1   0,0   1,2   2,1  22,0   10:17   ESE
23  12,0  14,9   13:54   9,8   04:33   6,3   0,0   7,5   1,5  15,0   13:04     E
24  11,8  16,4   13:59   5,3   15:09   6,5   0,0   9,9   1,2  18,0   07:46    NE
25   8,4  12,3   14:33   6,5   04:34   9,9   0,0  16,2   0,9  23,0   20:19   NNW
26   7,4   9,0   16:34   5,1   23:48  10,3   0,0  19,2   1,4  13,0   11:41   NNW
27   3,6   8,4   10:13  -0,3   07:08  14,7   0,0   1,2   1,3  19,0   00:54   NNW
28   4,4   9,5   11:02  -2,3   06:59  13,9   0,0   1,8   1,4  18,0   16:41   ESE
29   9,2  15,7   16:14   4,0   01:30   9,1   0,0   0,0   1,4  16,0   18:34   ESE
30  12,5  17,8   10:19   8,1   03:02   5,8   0,0   3,3   1,0  17,0   12:11     N
31  10,9  14,9   12:40   9,0   23:47   7,4   0,0  19,8   1,4  17,0   10:39     E
----------------------------------------------------------------------------------
     6,8  17,8    30    -6,3     1   356,3   0,0 186,6   1,0  26,0    10     ENE

Max >=  27,0  0
Max <=   0,0  0
Min <=   0,0  9
Min <= -18,0  0
Max Rain: 21,9 on day 7
Days of Rain: 15 (>= 2,0 mm)  15 (>= 2,0 mm)  2 (>= 20,0 mm)
Heat Base: 18,3  Cool Base: 18,3  Method: Integration
 
  • Webcam

  • Webcam


  • Ihre Meinung

  • Wie gefällt Ihnen meine Website?
    sehr gut!
    gut
    geht so
    naja
    ungenügend
    möchte ich nicht sagen
    Archiv   Ergebnis
  • Status

  • Besucher
    Heute:
    203
    Gestern:
    329
    Gesamt:
    1.808.686

    Seitenzugriffe
    Heute:
    2.500
    Gestern:
    5.921
  • Benutzer & Gäste
    1 Benutzer registriert, davon online: 2 Gäste
 

Seite in 0.02662 Sekunden generiert