Logo Wetterstation Wiehl / Bielstein

NOAA - Klima Report


Report for 2020 Nov
                   Monthly Climatological Summary for Nov 2020

Name: Wetterstation   City: Wiehl   State: German
Elevation: 222 m  Lat: N 50° 57' 49"   Lon: E 007° 29' 22"

                  Temperature (°C), Rain (mm), Wind Speed (km/h)

                                      Heat  Cool        Avg
    Mean                              Deg   Deg         Wind                 Dom
Day Temp  High   Time   Low    Time   Days  Days  Rain  Speed High   Time    Dir
----------------------------------------------------------------------------------
 1  14,2  16,3   23:54  11,9   00:00   4,1   0,0   5,1   1,4  15,8   14:36   ESE
 2  16,8  20,6   12:48  11,2   23:52   2,0   0,5  11,9   1,8  15,8   19:35     E
 3   9,8  14,4   09:32   5,4   23:06   8,5   0,0   1,0   0,6  13,3   12:52     E
 4   5,1  10,3   13:57   0,8   23:55  13,2   0,0   0,0   0,2   8,6   11:47   ESE
 5   3,6   9,8   14:07  -1,0   06:12  14,7   0,0   0,0   0,0   3,6   09:55     E
 6   5,3  13,2   14:12   0,2   06:51  13,0   0,0   0,0   0,4  12,2   13:39   ESE
 7   6,9  15,6   14:12   0,7   06:17  11,4   0,0   0,0   0,4  11,2   12:32   ESE
 8   8,6  16,0   13:51   2,0   07:06   9,6   0,0   0,0   0,3   9,7   11:59   ESE
 9  10,9  16,0   13:01   7,1   23:50   7,4   0,0   0,6   0,0   3,6   09:58   ENE
10   8,6  14,8   13:57   3,5   07:05   9,7   0,0   0,0   0,2   7,2   11:40   ESE
11   9,2  11,6   11:40   7,2   00:51   9,1   0,0   0,0   1,7  17,3   23:06   ESE
12   9,4  12,9   13:36   4,5   23:58   8,9   0,0   2,6   1,4  14,8   02:46   ESE
13   7,9  13,2   13:20   0,7   06:29  10,4   0,0   1,9   1,6  15,8   11:54   ESE
14  12,1  16,1   14:39   8,8   20:48   6,2   0,0   0,3   1,7  19,4   13:20   ESE
15  12,4  15,8   19:10   7,0   23:58   5,9   0,0   5,5   2,7  27,0   19:20   ESE
16   9,1  11,0   10:59   6,2   01:19   9,2   0,0   9,3   0,2  13,3   19:03   NNE
17  10,1  12,2   13:43   8,0   00:27   8,2   0,0   1,3   0,6   9,7   09:07     E
18  10,7  14,4   13:59   7,0   23:23   7,6   0,0   0,3   1,8  18,4   08:47   ESE
19   8,0  11,7   04:13   2,6   23:52  10,3   0,0   5,1   0,8  13,3   04:19     N
20   3,0   6,8   13:13   0,1   23:24  15,3   0,0   0,0   0,0   6,1   12:32   NNW
21   3,5   6,9   15:10  -1,6   03:56  14,8   0,0   0,0   2,4  15,8   12:25   ESE
22   7,3   8,6   20:21   6,4   02:27  11,0   0,0   9,0   2,1  12,2   00:33   ESE
23   6,0   8,9   13:05   1,2   22:59  12,3   0,0   0,3   0,0   7,2   01:17     N
24   5,7   7,5   13:51   1,8   00:00  12,6   0,0   0,0   2,5  22,0   18:41   ESE
25   5,6   8,1   13:42   4,3   08:09  12,7   0,0   0,0   2,6  18,4   10:16   ESE
26   4,4   5,3   03:01   1,6   23:53  13,9   0,0   0,0   2,0  14,8   18:07   ESE
27   2,2   5,1   13:19   0,1   20:58  16,1   0,0   0,0   0,6   9,7   10:34   ESE
28   2,7   8,4   13:53  -1,4   08:07  15,6   0,0   0,0   0,2   9,7   00:39   ESE
29  -0,1   3,4   09:43  -4,3   23:15  18,4   0,0   0,0   1,2  13,3   07:47   ESE
30  -1,2   2,4   23:16  -6,2   08:11  19,5   0,0  12,5   1,1  14,8   23:41   ESE
----------------------------------------------------------------------------------
     7,3  20,6     2    -6,2    30   331,6   0,5  66,7   1,1  27,0    15     ESE

Max >=  27,0:  0
Max <=   0,0:  0
Min <=   0,0:  5
Min <= -18,0:  0
Max Rain: 12,5 on day 30
Days of Rain: 15 (>= 0,2 mm)  8 (>= 2,0 mm)  0 (>= 20,0 mm)
Heat Base: 18,3  Cool Base: 18,3  Method: Integration
 
  • Webcam

  • Webcam


  • Ihre Meinung

  • Wie gefällt Ihnen meine Website?
    sehr gut!
    gut
    geht so
    naja
    ungenügend
    möchte ich nicht sagen
    Archiv   Ergebnis
  • Status

  • Besucher
    Heute:
    486
    Gestern:
    546
    Gesamt:
    1.800.620

    Seitenzugriffe
    Heute:
    8.140
    Gestern:
    12.464
  • Benutzer & Gäste
    1 Benutzer registriert, davon online: 4 Gäste
 

Seite in 0.05212 Sekunden generiert