Logo Wetterstation Wiehl

NOAA - Klima Report


Report for 2020 Apr
                   Monthly Climatological Summary for Apr 2020

Name: Wetterstation   City: Wiehl   State: German
Elevation: 198 m  Lat: N 50° 58' 21"   Lon: E 007° 29' 36"

                  Temperature (°C), Rain (mm), Wind Speed (km/h)

                                      Heat  Cool        Avg
    Mean                              Deg   Deg         Wind                 Dom
Day Temp  High   Time   Low    Time   Days  Days  Rain  Speed High   Time    Dir
----------------------------------------------------------------------------------
 1   4,6  12,9   11:43  -3,3   06:58  13,7   0,0   0,0   0,7  12,2   12:54   NNE
 2   5,5  13,9   10:50  -2,6   06:37  12,8   0,0   0,0   1,1  18,4   14:08   NNW
 3   7,9  12,3   11:43   2,9   23:58  10,4   0,0   0,0   0,6   9,7   11:56   NNW
 4   7,2  14,8   16:07  -1,8   07:09  11,1   0,0   0,0   1,0  14,8   12:39     E
 5  10,7  19,1   16:07   0,7   06:40   7,7   0,1   0,0   3,7  28,1   10:49     E
 6  13,3  22,3   16:12   2,8   05:51   6,0   1,0   0,0   2,3  25,6   15:39     E
 7  14,4  21,4   17:08   5,9   07:04   4,5   0,7   0,0   0,5   9,7   12:26   ENE
 8  15,8  25,0   11:33   5,9   06:22   4,4   1,9   0,0   0,7  12,2   14:28   ENE
 9  15,1  25,1   11:17   5,7   07:02   4,6   1,5   0,0   1,3  12,2   18:17    NW
10  14,1  24,7   11:08   4,5   06:21   5,1   1,0   0,0   1,3  11,2   13:41    NW
11  13,7  23,0   15:01   2,2   06:48   5,6   1,0   0,0   0,7  13,3   15:39     E
12  15,4  25,0   11:24   5,9   06:49   4,5   1,6   0,0   0,6  13,3   13:36   NNW
13   8,3  11,2   00:00   3,5   23:40  10,0   0,0   0,0   2,9  17,3   18:09    NW
14   5,5  10,7   15:37   0,3   03:10  12,8   0,0   0,0   1,3  12,2   14:54    NW
15   9,0  18,0   18:23  -0,7   06:18   9,3   0,0   0,0   0,7  15,8   12:32     E
16  13,9  23,9   17:10   2,0   06:17   5,9   1,5   0,0   1,1  15,8   12:23     E
17  15,8  24,3   11:32   5,1   06:33   4,3   1,8   0,0   0,9  12,2   15:37   NNW
18  15,5  26,2   10:53   7,4   05:56   3,9   1,1   0,0   0,6  13,3   12:17   ENE
19  13,6  18,4   16:23  10,3   01:07   4,7   0,0   0,0   1,6  20,9   18:28     E
20  13,8  19,0   11:49   6,7   06:39   4,6   0,1   0,0   4,6  36,7   15:06     E
21  14,9  20,1   16:07   8,7   06:22   3,6   0,3   0,0   5,0  36,7   09:15     E
22  16,7  22,7   15:23   9,8   06:42   2,7   1,1   0,0   3,7  29,5   17:34     E
23  15,6  23,0   16:25   5,1   06:41   4,1   1,4   0,0   1,5  22,0   11:33     E
24  14,5  23,1   11:30   5,5   06:07   4,9   1,1   0,0   0,8  13,3   13:41   NNW
25  11,5  17,5   17:10   6,2   03:37   6,8   0,0   0,0   1,0  18,4   15:55   NNW
26  12,3  21,1   11:29   2,0   06:20   6,3   0,3   0,0   0,7  13,3   13:34     E
27  13,9  23,0   11:51   3,2   06:28   5,5   1,1   0,0   0,9  17,3   12:52   ENE
28  12,6  19,2   10:46   5,8   06:29   5,7   0,0   0,3   1,0  18,4   12:13     E
29  13,5  17,9   10:16  11,1   01:12   4,8   0,0   0,3   0,6  17,3   13:46    NE
30  11,7  16,7   14:58   7,3   21:09   6,6   0,0   9,6   1,4  19,4   15:11   ENE
----------------------------------------------------------------------------------
    12,3  26,2    18    -3,3     1   196,9  18,6  10,2   1,5  36,7    20     ENE

Max >=  27,0:  0
Max <=   0,0:  0
Min <=   0,0:  4
Min <= -18,0:  0
Max Rain: 9,6 on day 30
Days of Rain: 3 (>= 0,2 mm)  1 (>= 2,0 mm)  0 (>= 20,0 mm)
Heat Base: 18,3  Cool Base: 18,3  Method: Integration
 
  • Webcam

  • Webcam


  • Newsflash

  • Amtliche WARNUNG vor HITZE

    für Bundesland Nordrhein-Westfalen gültig Montag, 10.08.2020 11:00 Uhr bis: Dienstag, 11.08.2020 19:00 Uhr ausgegeben vom Deutschen Wetterdienst...

    [mehr »]
  • Ihre Meinung

  • Was finden Sie auf meiner Website interessant?
    Artikel
    FAQ
    Links
    Downloads
    Forum
    etwas anderes
    Archiv   Ergebnis
  • Status

  • Besucher
    Heute:
    601
    Gestern:
    616
    Gesamt:
    1.304.992

    Seitenzugriffe
    Heute:
    23.215
    Gestern:
    23.039
  • Benutzer & Gäste
    1 Benutzer registriert, davon online: 30 Gäste
 

Seite in 0.02199 Sekunden generiert