Logo Wetterstation Wiehl

NOAA - Klima Report


Report for 2020 Feb
                   Monthly Climatological Summary for Feb 2020

Name: Wetterstation   City: Wiehl   State: German
Elevation: 198 m  Lat: N 50° 58' 21"   Lon: E 007° 29' 36"

                  Temperature (°C), Rain (mm), Wind Speed (km/h)

                                      Heat  Cool        Avg
    Mean                              Deg   Deg         Wind                 Dom
Day Temp  High   Time   Low    Time   Days  Days  Rain  Speed High   Time    Dir
----------------------------------------------------------------------------------
 1  10,0  11,2   12:11   7,9   00:00   8,3   0,0  15,7   1,1  13,3   19:08    NE
 2   9,0  12,0   16:07   5,9   09:59   9,3   0,0   6,1   1,5  23,4   18:41    NE
 3   9,5  10,9   10:58   6,2   23:54   8,8   0,0   5,8   1,1  19,4   07:23   NNE
 4   4,2   6,2   00:00   1,7   12:07  14,1   0,0   7,1   1,1  19,4   01:21     N
 5   3,1   8,9   10:17  -0,3   23:38  15,2   0,0   0,0   0,4   7,2   00:14     N
 6   2,7   6,1   12:55  -0,1   00:00  15,8   0,0   0,0   0,1   6,1   13:54    NW
 7   2,6   7,3   14:33  -1,5   06:17  15,7   0,0   0,0   2,2  20,9   12:48     E
 8   3,7   7,5   15:10  -1,4   03:30  14,7   0,0   0,0   1,1   9,7   13:04     E
 9   9,0  12,6   23:10   4,1   04:54   9,3   0,0   1,3   5,3  37,8   14:45     E
10   7,6  10,9   00:00   4,7   08:58  10,4   0,0   7,4   3,3  37,8   15:41   NNW
11   4,3   7,3   13:51   1,2   20:25  14,0   0,0   2,2   2,7  29,5   09:03   NNE
12   4,4   6,9   15:04   2,0   22:48  13,9   0,0   1,0   2,0  23,4   09:45    NE
13   3,4   5,4   16:11   0,2   04:38  14,8   0,0   4,8   2,7  28,1   11:48     E
14   5,7   7,2   15:19   3,7   23:58  12,6   0,0   0,6   0,6  12,2   01:27   NNE
15   6,7  11,2   15:00   1,3   03:51  11,6   0,0   0,0   3,8  27,0   13:32     E
16  13,1  17,4   15:28   8,3   23:51   5,2   0,0   4,5   3,8  29,5   19:28   ENE
17   7,7  10,8   16:27   5,5   19:06  10,6   0,0   0,6   0,9  17,3   16:54     N
18   6,4   8,1   14:29   5,3   19:49  11,7   0,0   0,3   1,4  20,9   14:14     N
19   4,9   7,4   14:42   1,9   22:06  13,4   0,0   4,2   1,2  19,4   10:38   NNE
20   6,7  10,1   12:39   3,1   00:00  11,6   0,0   4,5   2,6  23,4   23:10     E
21   6,0   9,0   09:43   3,1   07:42  12,3   0,0   0,3   1,3  23,4   00:36   NNE
22   7,2  10,5   12:06   2,3   05:17  11,1   0,0   1,6   2,3  17,3   09:25   ENE
23   9,1  12,7   13:18   5,6   23:45   9,2   0,0   8,3   2,3  30,6   17:36     N
24   6,0  10,5   17:49   1,8   05:32  12,3   0,0   2,6   1,7  17,3   11:21     E
25   7,5   9,7   00:58   2,8   20:21  10,8   0,0   3,5   1,4  19,4   12:46     N
26   2,7   3,7   15:22   1,3   09:00  15,9   0,0   3,9   1,0  14,8   05:04   NNE
27   2,2   4,5   11:47   1,1   21:31  16,1   0,0   4,2   1,3  13,3   12:11     E
28   3,5   6,7   13:35   1,0   07:30  14,8   0,0   4,5   2,8  28,1   20:16     E
29   7,2  12,8   14:59   2,9   00:00  11,1   0,0   1,0   2,4  35,6   15:12     E
----------------------------------------------------------------------------------
     6,1  17,4    16    -1,5     7   354,6   0,0  96,0   1,9  37,8     9     ENE

Max >=  27,0:  0
Max <=   0,0:  0
Min <=   0,0:  4
Min <= -18,0:  0
Max Rain: 15,7 on day 1
Days of Rain: 24 (>= 0,2 mm)  16 (>= 2,0 mm)  0 (>= 20,0 mm)
Heat Base: 18,3  Cool Base: 18,3  Method: Integration
 
  • Webcam

  • Webcam


  • Ihre Meinung

  • Wie gefällt Ihnen meine Website?
    sehr gut!
    gut
    geht so
    naja
    ungenügend
    möchte ich nicht sagen
    Archiv   Ergebnis
  • Status

  • Besucher
    Heute:
    224
    Gestern:
    333
    Gesamt:
    1.469.992

    Seitenzugriffe
    Heute:
    2.508
    Gestern:
    10.422
  • Benutzer & Gäste
    1 Benutzer registriert, davon online: 5 Gäste
 

Seite in 0.03772 Sekunden generiert