Logo Wetterstation Wiehl

NOAA - Klima Report


Report for 2020 Jan
                   Monthly Climatological Summary for Jan 2020

Name: Wetterstation   City: Wiehl   State: German
Elevation: 198 m  Lat: N 50° 58' 21"   Lon: E 007° 29' 36"

                  Temperature (°C), Rain (mm), Wind Speed (km/h)

                                      Heat  Cool        Avg
    Mean                              Deg   Deg         Wind                 Dom
Day Temp  High   Time   Low    Time   Days  Days  Rain  Speed High   Time    Dir
----------------------------------------------------------------------------------
 1  -1,3   2,9   15:02  -4,5   07:57  19,6   0,0   0,0   0,5   9,7   11:05     E
 2   0,7   4,3   23:57  -4,0   01:44  17,6   0,0   0,0   2,8  18,4   21:16     E
 3   6,6   9,3   19:07   4,2   00:28  11,7   0,0   5,5   1,7  15,8   02:29     E
 4   5,1   6,1   15:14   3,4   03:35  13,2   0,0   1,0   1,2  14,8   12:57   NNE
 5   5,2   6,6   12:23   4,3   21:17  13,1   0,0   1,3   0,1   8,6   00:38     N
 6   3,8   6,3   13:46   0,1   22:24  14,5   0,0   0,0   0,9  13,3   13:11     E
 7   3,6   7,0   15:08   0,3   00:07  14,7   0,0   0,3   0,5  11,2   00:52     E
 8   7,2   9,5   23:42   3,7   01:54  11,1   0,0   3,2   3,2  14,8   11:16     E
 9  10,2  11,2   14:07   9,0   02:51   7,9   0,0  13,2   3,6  19,4   09:23     E
10   7,4   9,7   00:01   4,6   22:52  11,1   0,0   5,1   0,8  12,2   01:01   ENE
11   4,1   6,6   11:50   0,9   22:26  14,2   0,0   0,0   0,8  14,8   13:07     E
12   3,2   6,4   20:58  -0,9   03:21  15,1   0,0   0,6   1,1  15,8   14:10     E
13   6,1   7,5   14:21   4,0   08:46  12,2   0,0   0,0   3,0  18,4   21:36     E
14   9,6  11,9   23:43   7,3   00:12   8,7   0,0   0,0   5,0  28,1   04:08     E
15  10,7  12,1   14:34   8,9   08:46   7,6   0,0   0,6   4,4  25,6   10:13     E
16   6,1  11,1   13:55   1,4   09:21  12,2   0,0   0,0   0,7  15,8   13:27     E
17   6,5  10,3   09:55   3,7   03:33  11,8   0,0   3,2   1,0  13,3   13:19     E
18   4,1   5,7   13:01   2,9   18:35  14,2   0,0   0,3   0,2  11,2   20:25     N
19   3,4   5,1   15:05   1,9   23:53  14,9   0,0   0,3   0,2  11,2   05:42   NNW
20   2,0   6,0   14:23  -1,3   23:36  16,3   0,0   0,0   0,1   7,2   14:59     E
21  -0,9   5,8   10:15  -4,2   07:58  19,2   0,0   0,0   0,0   3,6   23:57   WNW
22  -1,4   1,9   13:25  -5,5   06:12  19,7   0,0   0,0   0,1   3,6   07:58    NE
23   1,6   3,0   10:30  -1,4   23:52  16,7   0,0   0,0   1,2  13,3   11:10     E
24  -0,2   0,5   15:22  -1,5   00:16  18,6   0,0   0,0   2,7  14,8   02:42     E
25   0,9   2,6   18:14  -0,7   00:00  17,4   0,0   0,0   1,5   9,7   14:53     E
26   2,9   6,5   14:43  -0,3   07:57  15,3   0,0   0,0   1,4  14,8   13:31     E
27   5,9   7,7   11:55   3,2   03:53  12,4   0,0   8,7   2,7  19,4   22:45     E
28   4,2   6,6   00:06   1,2   22:40  14,1   0,0   3,5   1,3  19,4   03:55    NE
29   3,9   5,4   12:59   2,0   00:00  14,4   0,0   0,6   1,0  11,2   12:21   NNE
30   6,8   9,1   23:57   3,8   00:00  11,5   0,0   7,7   2,4  20,9   17:45     E
31  11,1  14,1   15:11   7,9   23:14   7,2   0,0   0,3   0,8  15,8   03:47   NNE
----------------------------------------------------------------------------------
     4,5  14,1    31    -5,5    22   428,2   0,0  55,4   1,5  28,1    14       E

Max >=  27,0:  0
Max <=   0,0:  0
Min <=   0,0: 10
Min <= -18,0:  0
Max Rain: 13,2 on day 9
Days of Rain: 17 (>= 0,2 mm)  8 (>= 2,0 mm)  0 (>= 20,0 mm)
Heat Base: 18,3  Cool Base: 18,3  Method: Integration
 
  • Webcam

  • Webcam


  • Newsflash

  • Amtliche WARNUNG vor HITZE

    für Bundesland Nordrhein-Westfalen gültig Montag, 10.08.2020 11:00 Uhr bis: Dienstag, 11.08.2020 19:00 Uhr ausgegeben vom Deutschen Wetterdienst...

    [mehr »]
  • Ihre Meinung

  • Wie gefällt Ihnen meine Website?
    sehr gut!
    gut
    geht so
    naja
    ungenügend
    möchte ich nicht sagen
    Archiv   Ergebnis
  • Status

  • Besucher
    Heute:
    589
    Gestern:
    616
    Gesamt:
    1.304.980

    Seitenzugriffe
    Heute:
    21.493
    Gestern:
    23.039
  • Benutzer & Gäste
    1 Benutzer registriert, davon online: 13 Gäste
 

Seite in 0.02728 Sekunden generiert