Logo Wetterstation Wiehl / Bielstein

NOAA - Klima Report


Report for 2019 Dec
                   Monthly Climatological Summary for Dez 2019

Name: Wetterstation   City: Wiehl   State: German
Elevation: 198 m  Lat: N 50° 58' 21"   Lon: E 007° 29' 36"

                  Temperature (°C), Rain (mm), Wind Speed (km/h)

                                      Heat  Cool        Avg
    Mean                              Deg   Deg         Wind                 Dom
Day Temp  High   Time   Low    Time   Days  Days  Rain  Speed High   Time    Dir
----------------------------------------------------------------------------------
 1   0,8   4,0   13:25  -1,8   02:15  17,5   0,0   0,0   0,0   7,2   13:27    NW
 2   1,8   4,5   23:52  -1,0   05:31  16,5   0,0   0,3   0,0   5,0   16:57   NNW
 3   5,7   7,3   14:24   3,3   23:54  12,6   0,0   0,6   0,0   3,6   03:45   ENE
 4   2,0   5,7   13:54  -0,7   23:11  16,3   0,0   0,0   0,3   9,7   13:00     E
 5  -0,7   3,1   13:57  -3,1   08:34  19,0   0,0   0,0   0,1   8,6   13:49     E
 6   2,0   6,0   23:54  -3,0   00:11  16,3   0,0  13,5   3,7  22,0   16:20     E
 7   7,6   8,5   12:13   6,0   00:00  10,7   0,0   2,2   0,6  17,3   05:31    NE
 8   8,0  10,0   09:13   5,7   19:54  10,3   0,0   3,9   0,9  18,4   10:08     E
 9   5,9   7,5   09:54   3,4   23:59  12,4   0,0   2,9   1,2  18,4   18:45   NNW
10   3,0   5,4   12:55  -0,1   07:13  15,3   0,0   0,0   2,7  24,5   18:34     E
11   2,8   4,4   00:00   2,1   23:56  15,5   0,0  14,4   2,1  14,8   00:00     E
12   2,9   4,8   13:15   0,5   03:19  15,4   0,0   0,6   2,2  20,9   23:00     E
13   2,8   5,6   20:50   1,2   09:21  15,5   0,0   6,4   2,9  25,6   05:07     E
14   4,9   6,2   14:07   3,7   05:36  13,4   0,0   6,4   2,0  20,9   17:31   ENE
15   5,7   8,7   07:52   0,2   23:45  12,6   0,0   1,9   0,7  14,8   04:49     E
16   5,9   8,7   14:33   0,2   00:00  12,4   0,0   1,3   0,0   5,0   05:29     E
17   9,6  13,3   19:49   5,4   00:00   8,7   0,0   2,9   0,5  12,2   19:43     E
18   6,6  10,6   00:00   3,1   22:49  11,8   0,0   0,3   0,1   8,6   00:52   ENE
19   7,1  12,3   13:02   3,1   00:00  11,2   0,0   0,0   0,2   9,7   12:13     E
20   7,9  11,4   13:23   3,5   04:17  10,4   0,0   0,6   2,3  25,6   13:37     E
21   6,8   9,6   14:23   3,3   08:38  11,5   0,0   0,0   2,9  22,0   14:29     E
22   7,4   9,8   14:11   6,0   02:06  10,8   0,0   6,4   2,5  27,0   01:03     E
23   7,3   8,4   13:14   6,2   23:40  11,0   0,0   0,6   0,7  14,8   16:20    NE
24   6,8   9,1   15:28   4,6   07:15  11,5   0,0   4,2   1,6  18,4   15:20     E
25   7,1   8,1   02:16   5,9   22:42  11,2   0,0   2,9   0,7  13,3   09:57     N
26   4,9   6,7   13:07   3,6   22:44  13,4   0,0   0,0   0,1   6,1   15:03     E
27   3,9   5,7   14:09  -0,7   23:31  14,4   0,0   0,0   0,9  14,8   13:09     E
28  -0,7   2,1   13:48  -3,2   07:47  19,0   0,0   0,0   0,1   6,1   14:48     E
29  -0,8   3,5   14:42  -4,2   08:08  19,1   0,0   0,0   0,1   5,0   09:07     E
30  -0,3   5,3   13:52  -3,3   07:44  18,6   0,0   0,0   0,0   3,6   00:58     E
31   0,4   5,3   13:35  -3,4   02:48  18,2   0,0   0,0   0,0   3,6   06:24   ENE
----------------------------------------------------------------------------------
     4,4  13,3    17    -4,2    29   432,5   0,0  72,3   1,0  27,0    22       E

Max >=  27,0:  0
Max <=   0,0:  0
Min <=   0,0: 11
Min <= -18,0:  0
Max Rain: 14,4 on day 11
Days of Rain: 19 (>= 0,2 mm)  11 (>= 2,0 mm)  0 (>= 20,0 mm)
Heat Base: 18,3  Cool Base: 18,3  Method: Integration
 
  • Webcam

  • Webcam


  • Ihre Meinung

  • Was finden Sie auf meiner Website interessant?
    Artikel
    FAQ
    Links
    Downloads
    Forum
    etwas anderes
    Archiv   Ergebnis
  • Status

  • Besucher
    Heute:
    198
    Gestern:
    329
    Gesamt:
    1.808.681

    Seitenzugriffe
    Heute:
    2.406
    Gestern:
    5.921
  • Benutzer & Gäste
    1 Benutzer registriert, davon online: 3 Gäste
 

Seite in 0.02632 Sekunden generiert