Logo Wetterstation Wiehl

NOAA - Klima Report


Report for 2017 May
                   Monthly Climatological Summary for Mai 2017

Name: Wetterstation   City: Wiehl   State: German
Elevation: 289 m  Lat: N 50° 58' 14"   Lon: E 007° 31' 15"

                  Temperature (°C), Rain (mm), Wind Speed (km/h)

                                      Heat  Cool        Avg
    Mean                              Deg   Deg         Wind                 Dom
Day Temp  High   Time   Low    Time   Days  Days  Rain  Speed High   Time    Dir
----------------------------------------------------------------------------------
 1   8,4  10,9   01:03   6,2   23:11   9,9   0,0   6,4   3,9  23,4   03:05     N
 2   6,7  10,6   12:15   4,5   22:15  11,6   0,0   4,5   1,3  15,8   16:48    NW
 3   8,0  14,6   14:33   4,2   06:28  10,3   0,0   6,1   3,6  23,4   14:56   NNE
 4   8,8  13,5   14:29   6,6   23:40   9,5   0,0   1,0   3,4  23,4   15:43   NNE
 5   9,1  14,2   12:45   6,3   05:40   9,2   0,0   0,0   2,5  20,9   19:49     N
 6  12,6  23,1   16:31   2,7   05:17   6,0   0,3   0,0   4,5  33,1   11:47    NE
 7  12,7  18,6   13:50   8,2   04:57   5,6   0,0   0,0   2,5  18,4   15:08   WNW
 8   7,2  11,7   00:00   3,9   23:36  11,1   0,0   0,0   2,3  17,3   04:32   WNW
 9   7,6  16,0   16:08  -0,5   06:08  10,7   0,0   0,0   2,4  25,6   12:19   NNW
10   9,5  20,8   16:51  -1,2   05:51   8,8   0,1   0,0   2,1  22,0   13:07     W
11  13,7  21,9   16:06   2,9   06:17   5,0   0,5   0,0   5,6  37,8   17:41    SW
12  14,4  22,4   16:38  10,9   07:15   4,0   0,1   5,1   3,2  23,4   15:13     W
13  15,5  22,5   17:01   9,0   05:46   3,3   0,5   0,3   3,0  25,6   14:55     W
14  14,5  19,0   17:09   9,9   06:26   3,8   0,0   4,2   2,8  28,1   15:12     W
15  15,0  22,0   17:06   9,9   05:18   3,7   0,4   0,3   2,7  22,0   14:18     W
16  18,2  26,4   16:13  11,0   00:42   2,4   2,3   0,0   2,9  23,4   12:54   WSW
17  20,5  27,2   17:02  14,3   05:11   1,1   3,3   0,0   4,9  35,6   14:57    SW
18  17,4  22,3   10:40  13,2   23:39   1,4   0,5   9,0   2,8  31,7   17:10    NW
19  11,2  14,6   08:41   9,0   23:37   7,1   0,0   9,3   2,3  22,0   14:47   WNW
20  10,8  17,0   16:51   4,8   05:18   7,5   0,0   0,3   3,5  29,5   12:15     W
21  13,5  23,5   15:40   3,5   05:38   5,3   0,4   0,0   2,4  20,9   14:23   WNW
22  15,9  24,8   15:57   6,1   05:25   3,7   1,3   0,0   3,2  25,6   14:45   WSW
23  17,3  23,1   14:50  10,5   04:53   2,4   1,5   0,0   3,8  30,6   15:28   WNW
24  14,5  19,5   17:39   7,3   05:46   4,0   0,1   0,0   2,0  19,4   12:21   WNW
25  16,5  25,5   16:22   8,2   06:08   3,2   1,4   0,0   3,0  23,4   14:57     N
26  19,0  29,9   15:44   8,9   05:42   2,6   3,3   0,0   3,7  23,4   13:21   NNW
27  22,2  29,2   16:36  13,9   06:20   0,8   4,7   0,0   5,9  36,7   11:32   NNW
28  22,7  32,7   16:22  15,4   06:06   0,5   4,9   0,0   2,1  15,8   16:27    NW
29  25,0  32,6   15:52  17,6   03:09   0,1   6,8   0,0   3,9  30,6   13:54     W
30  21,1  26,0   11:34  16,8   23:59   0,1   2,9   2,6   3,0  24,5   17:54   WNW
31  18,4  25,0   16:47  12,8   05:40   1,4   1,6   0,0   2,4  20,9   12:12   WNW
----------------------------------------------------------------------------------
    14,4  32,7    28    -1,2    10   156,1  36,9  49,1   3,2  37,8    11     WNW

Max >=  27,0:  5
Max <=   0,0:  0
Min <=   0,0:  2
Min <= -18,0:  0
Max Rain: 9,3 on day 19
Days of Rain: 12 (>= 0,2 mm)  8 (>= 2,0 mm)  0 (>= 20,0 mm)
Heat Base: 18,3  Cool Base: 18,3  Method: Integration
 
  • Webcam

  • Webcam


  • Ihre Meinung

  • Wie gefällt Ihnen meine Website?
    sehr gut!
    gut
    geht so
    naja
    ungenügend
    möchte ich nicht sagen
    Archiv   Ergebnis
  • Status

  • Besucher
    Heute:
    313
    Gestern:
    454
    Gesamt:
    1.192.230

    Seitenzugriffe
    Heute:
    1.219
    Gestern:
    2.244
  • Benutzer & Gäste
    1 Benutzer registriert, davon online: 9 Gäste
 

Seite in 0.01358 Sekunden generiert