Logo Wetterstation Wiehl / Bielstein

NOAA - Klima Report


Report for 2017 Feb
                   Monthly Climatological Summary for Feb 2017

Name: Wetterstation   City: Wiehl   State: German
Elevation: 289 m  Lat: N 50° 58' 14"   Lon: E 007° 31' 15"

                  Temperature (°C), Rain (mm), Wind Speed (km/h)

                                      Heat  Cool        Avg
    Mean                              Deg   Deg         Wind                 Dom
Day Temp  High   Time   Low    Time   Days  Days  Rain  Speed High   Time    Dir
----------------------------------------------------------------------------------
 1   2,8   6,1   13:34   1,5   07:32  15,5   0,0   0,0   5,0  31,7   10:19     N
 2   6,1  13,0   14:16   3,8   23:59  12,2   0,0   1,3   4,1  17,3   13:13   NNE
 3   7,1  10,2   16:07   3,3   00:48  11,2   0,0   1,9   2,6  19,4   23:53    SW
 4   5,9   7,8   14:07   3,0   08:06  12,4   0,0   1,9   4,6  28,1   03:04     N
 5   5,4  10,0   14:14   1,9   23:22  12,9   0,0   0,3   3,1  27,0   02:43     W
 6   2,6   9,3   15:07  -2,2   07:05  15,6   0,0   0,3   1,3  14,8   15:28     N
 7   3,6   5,7   15:11   1,6   00:00  14,7   0,0   0,3   3,7  15,8   21:46   NNE
 8   2,8   7,4   14:12   0,0   23:59  15,5   0,0   0,0   3,5  17,3   13:11   NNE
 9   1,2   6,8   15:04  -1,2   02:19  17,1   0,0   0,0   4,3  23,4   21:33   NNE
10  -0,1   0,9   15:27  -1,3   04:55  18,4   0,0   0,0   4,7  23,4   02:49   NNE
11   2,2   5,0   16:05   0,3   03:58  16,1   0,0   2,9   4,0  19,4   21:12   NNE
12   3,9  11,5   13:24   0,1   03:23  14,4   0,0   0,0   5,5  27,0   13:32   NNE
13   4,6  13,9   16:36  -0,9   01:52  13,7   0,0   0,0   6,9  34,2   10:46   NNE
14   6,2  14,9   15:12   0,2   23:48  12,1   0,0   0,0   4,5  27,0   10:29   NNE
15   3,8  14,2   16:33  -2,0   07:24  14,5   0,0   0,0   1,2  13,3   11:06    SW
16   2,9  13,9   13:36  -3,4   02:56  15,4   0,0   0,0   1,1  13,3   14:59     W
17   4,1   4,7   15:52   3,3   00:00  14,2   0,0   2,6   2,1  20,9   10:41     W
18   3,3   5,8   11:28  -2,3   23:19  15,0   0,0   0,0   0,5   8,6   16:44     W
19   1,8   7,4   13:45  -3,9   03:26  16,5   0,0   1,3   1,9  20,9   15:05     W
20   5,8   8,2   23:33   4,1   07:08  12,5   0,0   1,3   5,8  25,6   20:26     W
21   7,7  11,1   13:55   6,6   20:36  10,8   0,0   3,2   4,8  28,1   01:28     W
22   7,5   8,3   04:32   7,0   00:00  10,8   0,0  16,1  13,1  45,4   09:29   WNW
23   6,4   8,1   17:02   2,4   23:16  11,9   0,0   6,7  15,8  66,2   20:29     W
24   2,8   8,0   15:13  -0,6   23:58  15,5   0,0   1,0   5,6  58,7   00:17   WNW
25   2,3   7,4   13:11  -2,9   07:16  16,0   0,0   0,0   5,6  37,8   15:25   WSW
26   6,6  11,1   16:16   2,9   00:09  11,7   0,0   0,0   7,9  36,7   17:37     W
27   7,7  10,1   16:15   4,3   20:09  10,6   0,0   6,1  10,8  42,8   14:30   WSW
28   3,0   6,5   12:13  -0,9   19:13  15,3   0,0   6,4   9,9  52,6   10:39     W
----------------------------------------------------------------------------------
     4,3  14,9    14    -3,9    19   392,5   0,0  53,6   5,1  66,2    23     WNW

Max >=  27,0:  0
Max <=   0,0:  0
Min <=   0,0: 12
Min <= -18,0:  0
Max Rain: 16,1 on day 22
Days of Rain: 16 (>= 0,2 mm)  7 (>= 2,0 mm)  0 (>= 20,0 mm)
Heat Base: 18,3  Cool Base: 18,3  Method: Integration
 
  • Webcam

  • Webcam


  • Ihre Meinung

  • Was finden Sie auf meiner Website interessant?
    Artikel
    FAQ
    Links
    Downloads
    Forum
    etwas anderes
    Archiv   Ergebnis
  • Status

  • Besucher
    Heute:
    495
    Gestern:
    546
    Gesamt:
    1.800.629

    Seitenzugriffe
    Heute:
    8.282
    Gestern:
    12.464
  • Benutzer & Gäste
    1 Benutzer registriert, davon online: 4 Gäste
 

Seite in 0.02814 Sekunden generiert