Logo Wetterstation Wiehl / Bielstein

NOAA - Klima Report


Report for 2016 Dec
                   Monthly Climatological Summary for Dez 2016

Name: Wetterstation   City: Wiehl   State: German
Elevation: 289 m  Lat: N 50° 58' 14"   Lon: E 007° 31' 15"

                  Temperature (°C), Rain (mm), Wind Speed (km/h)

                                      Heat  Cool        Avg
    Mean                              Deg   Deg         Wind                 Dom
Day Temp  High   Time   Low    Time   Days  Days  Rain  Speed High   Time    Dir
----------------------------------------------------------------------------------
 1   3,9   5,6   23:39   2,0   00:06  14,4   0,0   0,3   1,7  14,8   19:58     W
 2   4,8   7,3   14:09  -0,6   23:52  13,5   0,0   2,2   1,7  15,8   02:48   WNW
 3   0,0  11,2   13:22  -4,7   23:54  18,3   0,0   0,3   1,0  11,2   12:59     N
 4  -0,4  11,4   12:32  -6,9   08:32  18,7   0,0   0,3   2,1  22,0   13:27   NNE
 5  -0,4   8,5   14:06  -4,7   08:14  18,7   0,0   0,0   1,2  14,8   12:17   WSW
 6  -0,2   9,2   13:06  -4,9   05:08  18,5   0,0   0,0   0,7  11,2   11:24     W
 7   1,5   5,3   14:06  -2,6   00:00  16,8   0,0   0,0   2,1  13,3   12:28   NNE
 8   3,1   9,8   10:54   0,1   04:21  15,0   0,0   0,0   2,0  12,2   13:13   NNE
 9   5,7   8,4   15:05   2,9   00:00  12,4   0,0   0,0   0,8   9,7   14:42     N
10   6,3  14,4   12:54   0,5   05:44  12,0   0,0   0,0   1,3  13,3   14:23     W
11   7,4   9,2   05:07   6,6   22:54  10,9   0,0   2,2   5,2  41,8   05:04     W
12   6,7   8,7   13:46   5,8   23:27  11,6   0,0   1,3   1,1  11,2   00:25   WNW
13   5,1   5,8   00:00   3,8   04:25  13,2   0,0   1,0   1,6  12,2   09:24    SW
14   6,7   8,3   14:36   5,3   00:20  11,6   0,0   1,6   1,3  14,8   18:31   SSW
15   6,6   8,5   14:20   5,2   23:47  11,7   0,0   0,3   4,8  22,0   16:21   NNE
16   3,7   5,2   00:00   1,6   23:47  14,7   0,0   0,0   5,1  24,5   03:50    NE
17   3,5   8,0   13:34   0,6   04:23  14,8   0,0   0,0   2,0  14,8   05:04     N
18   5,3   7,1   13:50   4,3   00:07  13,0   0,0   0,0   0,8  11,2   13:26     W
19   4,0   9,8   11:15   0,5   08:36  14,3   0,0   0,0   3,1  27,0   17:43    NE
20   3,3  13,3   12:57  -1,7   05:20  15,0   0,0   0,0   3,4  15,8   13:39     N
21   0,7   2,3   15:05  -1,5   01:09  17,6   0,0   0,0   3,3  24,5   15:13    SW
22   3,1   4,0   15:31   2,0   01:20  15,2   0,0   7,4   2,3  22,0   01:59    SW
23   4,0   5,4   12:25   3,0   16:44  14,3   0,0   0,3   4,3  33,1   20:25    SW
24   6,3   8,2   13:18   4,0   00:00  12,0   0,0   3,5   7,8  30,6   13:10     W
25   8,1   9,0   15:43   7,1   00:41  10,2   0,0   1,3   8,8  33,1   09:14     W
26   6,8   9,7   10:35   3,0   23:44  11,5   0,0   2,2   6,1  27,0   11:02     W
27   4,5   6,9   15:35   2,4   01:57  13,7   0,0   0,0   2,4  22,0   03:51     W
28   4,4   5,9   14:15   1,0   23:59  14,0   0,0   0,0   1,2  14,8   01:28     W
29   1,7  11,3   11:37  -3,1   06:27  16,6   0,0   0,0   1,2  20,9   14:54   WNW
30   0,3  11,2   13:23  -4,3   08:23  18,0   0,0   0,3   0,4   9,7   06:51   WSW
31  -1,3  10,7   13:29  -6,9   08:28  19,6   0,0   0,0   0,8   8,6   13:18    SW
----------------------------------------------------------------------------------
     3,7  14,4    10    -6,9     4   451,8   0,0  24,5   2,6  41,8    11     WNW

Max >=  27,0:  0
Max <=   0,0:  0
Min <=   0,0: 11
Min <= -18,0:  0
Max Rain: 7,4 on day 22
Days of Rain: 15 (>= 0,2 mm)  5 (>= 2,0 mm)  0 (>= 20,0 mm)
Heat Base: 18,3  Cool Base: 18,3  Method: Integration
 
  • Webcam

  • Webcam


  • Ihre Meinung

  • Was finden Sie auf meiner Website interessant?
    Artikel
    FAQ
    Links
    Downloads
    Forum
    etwas anderes
    Archiv   Ergebnis
  • Status

  • Besucher
    Heute:
    201
    Gestern:
    329
    Gesamt:
    1.808.684

    Seitenzugriffe
    Heute:
    2.438
    Gestern:
    5.921
  • Benutzer & Gäste
    1 Benutzer registriert, davon online: 3 Gäste
 

Seite in 0.02585 Sekunden generiert