Logo Wetterstation Wiehl

NOAA - Klima Report


Report for 2016 Aug
                   Monthly Climatological Summary for Aug 2016

Name: Wetterstation   City: Wiehl   State: German
Elevation: 289 m  Lat: N 50° 58' 14"   Lon: E 007° 31' 15"

                  Temperature (°C), Rain (mm), Wind Speed (km/h)

                                      Heat  Cool        Avg
    Mean                              Deg   Deg         Wind                 Dom
Day Temp  High   Time   Low    Time   Days  Days  Rain  Speed High   Time    Dir
----------------------------------------------------------------------------------
 1  16,1  23,2   16:40   9,5   05:27   3,1   0,9   0,3   2,2  18,4   12:50     W
 2  15,1  16,4   16:08  13,8   05:41   3,2   0,0   6,7   4,0  19,4   16:27     W
 3  17,2  18,7   16:27  15,8   00:00   1,1   0,0  16,7   5,2  22,0   01:19     W
 4  17,0  19,4   14:29  13,7   23:42   1,4   0,1   0,3   2,6  17,3   16:51     W
 5  15,2  22,3   15:11  10,2   05:17   3,4   0,3   0,3   1,7  15,8   13:27     W
 6  16,7  23,9   16:37  10,1   05:30   2,7   1,2   0,3   2,0  18,4   19:10     W
 7  18,7  27,2   16:59   9,9   05:59   2,3   2,8   0,0   2,7  24,5   15:42     W
 8  17,9  20,0   17:40  14,2   22:48   0,7   0,4   0,0   4,0  20,9   07:37     W
 9  14,7  19,9   14:06  10,5   23:57   3,6   0,1   0,6   2,0  25,6   14:36     W
10  12,6  18,9   17:11   9,4   23:30   5,7   0,0   0,0   1,8  17,3   12:32     W
11  11,0  16,5   13:37   5,5   04:56   7,3   0,0   3,9   3,8  23,4   17:11     W
12  15,9  19,9   19:01  11,8   00:00   2,6   0,2   2,6   2,2  14,8   10:19     W
13  18,9  27,0   16:48  11,8   06:21   1,7   2,3   0,0   3,1  80,6   13:16     W
14  18,3  25,0   14:30  13,4   05:56   1,9   1,9   0,0   1,4  13,3   13:56    NW
15  18,4  27,6   17:41  10,2   06:27   2,5   2,6   0,0   2,1  18,4   15:48   NNE
16  18,5  29,7   17:12   9,3   06:24   2,8   3,0   1,0   1,8  15,8   13:59     N
17  19,7  31,7   16:50  10,6   06:06   2,2   3,6   0,0   3,0  19,4   14:09     N
18  19,5  28,4   13:56   9,5   06:58   2,2   3,4   0,0   2,7  18,4   14:07    NW
19  19,7  28,0   14:23  11,7   06:09   1,7   3,0   0,0   2,9  20,9   16:46   WNW
20  18,4  24,1   17:05  15,7   05:47   0,9   1,0   0,0   4,4  27,0   12:40     W
21  15,6  18,4   15:21  14,1   04:26   2,7   0,0   6,7   4,7  25,6   08:31     W
22  15,9  20,8   18:15  12,8   06:20   2,7   0,3   0,6   2,5  18,4   11:17   WSW
23  20,3  34,1   17:58  10,4   06:34   2,1   4,1   0,0   1,8  13,3   11:37    NW
24  23,4  35,5   16:51  13,5   06:49   1,3   6,4   0,0   2,4  24,5   13:24    NW
25  25,1  36,1   16:24  15,2   05:55   0,5   7,4   0,0   2,7  25,6   13:41   WNW
26  25,9  40,1   17:30  15,2   06:09   0,5   8,1   0,0   1,3  11,2   11:33    NW
27  27,0  38,8   17:18  17,9   06:59   0,0   8,7   0,0   1,8  14,8   12:56   WNW
28  23,4  33,6   13:40  16,9   23:47   0,1   5,1  35,6   2,7  28,1   12:50   WNW
29  17,5  21,6   17:53  14,2   04:30   1,4   0,5   1,0   1,4  20,9   13:45     W
30  19,3  32,1   16:41  12,0   06:28   2,1   3,1   0,3   2,0  17,3   15:42   NNE
31  19,1  29,2   16:35   9,3   07:06   2,5   3,4   0,0   1,8  19,4   15:00   WNW
----------------------------------------------------------------------------------
    18,5  40,1    26     5,5    11    68,9  73,9  76,9   2,6  80,6    13     WNW

Max >=  27,0: 15
Max <=   0,0:  0
Min <=   0,0:  0
Min <= -18,0:  0
Max Rain: 35,6 on day 28
Days of Rain: 15 (>= 0,2 mm)  6 (>= 2,0 mm)  1 (>= 20,0 mm)
Heat Base: 18,3  Cool Base: 18,3  Method: Integration
 
  • Webcam

  • Webcam


  • Ihre Meinung

  • Was finden Sie auf meiner Website interessant?
    Artikel
    FAQ
    Links
    Downloads
    Forum
    etwas anderes
    Archiv   Ergebnis
  • Status

  • Besucher
    Heute:
    320
    Gestern:
    454
    Gesamt:
    1.192.237

    Seitenzugriffe
    Heute:
    1.274
    Gestern:
    2.244
  • Benutzer & Gäste
    1 Benutzer registriert, davon online: 2 Gäste
 

Seite in 0.02477 Sekunden generiert