Logo Wetterstation Wiehl / Bielstein

NOAA - Klima Report


Report for 2015 Sep
                   Monthly Climatological Summary for Sep 2015

Name: Wetterstation   City: Wiehl   State: German
Elevation: 289 m  Lat: N 50° 58' 14"   Lon: E 007° 31' 15"

                  Temperature (°C), Rain (mm), Wind Speed (km/h)

                                      Heat  Cool        Avg
    Mean                              Deg   Deg         Wind                 Dom
Day Temp  High   Time   Low    Time   Days  Days  Rain  Speed High   Time    Dir
----------------------------------------------------------------------------------
 1  17,1  21,1   00:37  12,8   23:23   1,7   0,5  13,5   1,7  15,8   01:48     W
 2  14,2  22,3   16:12   9,9   06:12   4,3   0,2   2,9   1,0  15,8   16:14     W
 3  14,8  21,7   16:27  11,6   22:15   3,8   0,4   0,3   1,7  19,4   15:30     W
 4  13,6  18,6   15:50  10,7   00:59   4,7   0,0   0,0   5,4  28,1   12:32     W
 5  12,9  17,0   13:04   9,7   23:52   5,4   0,0   3,2   4,2  28,1   18:08     W
 6  11,9  16,9   17:25   9,2   07:26   6,4   0,0   1,9   2,3  22,0   10:44     W
 7  13,4  18,2   14:56  11,3   01:31   4,9   0,0   3,9   2,3  18,4   15:01     W
 8  13,6  16,0   14:17  11,3   04:06   4,7   0,0   0,3   0,7  11,2   14:06   WNW
 9  16,8  26,6   16:38   9,8   23:36   3,0   1,6   0,0   3,4  19,4   12:15   NNE
10  15,2  26,4   16:18   7,5   06:37   4,6   1,5   0,0   4,0  28,1   12:47   NNE
11  14,9  26,4   18:14   7,5   06:46   4,6   1,2   0,0   1,9  17,3   11:12   NNW
12  16,1  26,1   15:27  10,5   01:24   3,4   1,2  19,6   3,0  19,4   12:50     N
13  16,8  21,5   18:22  14,7   04:06   1,8   0,2   5,8   2,0  17,3   10:46     N
14  16,4  21,9   13:48  13,3   23:00   2,3   0,4   3,5   5,1  36,7   12:53     W
15  13,1  17,7   15:03  10,3   22:56   5,2   0,0   1,6   5,8  49,0   14:52     W
16  14,8  20,0   17:03  11,0   00:00   3,5   0,0  21,8   4,8  39,2   23:14    NW
17  14,8  16,9   00:00  11,0   23:55   3,5   0,0   6,1   5,7  50,0   00:21     W
18  14,8  21,2   15:43   9,8   07:13   3,8   0,3   0,0   3,3  33,1   14:47     W
19  14,5  19,7   15:14  11,6   07:36   3,8   0,0   0,3   1,5  18,4   13:26     W
20  13,2  19,1   13:25  11,1   03:06   5,1   0,0   0,0   0,9  17,3   13:17     W
21  14,2  20,9   13:37   7,9   07:33   4,3   0,2   0,0   1,9  24,5   14:18     W
22  13,0  16,4   16:01  11,0   23:51   5,2   0,0  13,5   2,3  14,8   04:36   WSW
23  11,9  16,7   15:39   9,5   04:06   6,5   0,0  10,9   3,4  18,4   20:51     W
24  14,1  20,2   18:10  10,0   06:54   4,3   0,0   0,0   4,3  23,4   12:32     W
25  14,0  18,1   17:27   9,3   23:54   4,3   0,0   0,3   1,3  28,1   00:19     W
26  11,1  17,9   11:32   6,7   05:48   7,2   0,0   0,0   1,0  15,8   15:30   NNE
27  12,7  24,1   13:20   4,2   07:29   6,7   1,0   0,0   3,3  30,6   12:08   NNE
28  12,6  26,2   15:27   3,8   06:42   6,8   1,1   0,0   3,3  22,0   13:40   NNE
29  13,0  23,0   14:42   5,0   07:03   5,9   0,6   0,0   5,2 189,0   18:47   NNE
30  12,7  21,7   14:48   5,0   07:43   5,9   0,4   0,0   5,6  35,6   11:24   NNE
----------------------------------------------------------------------------------
    14,1  26,6     9     3,8    28   137,6  10,8 109,4   3,1 189,0    29     WNW

Max >=  27,0:  0
Max <=   0,0:  0
Min <=   0,0:  0
Min <= -18,0:  0
Max Rain: 21,8 on day 16
Days of Rain: 17 (>= 0,2 mm)  11 (>= 2,0 mm)  1 (>= 20,0 mm)
Heat Base: 18,3  Cool Base: 18,3  Method: Integration
 
  • Webcam

  • Webcam


  • Ihre Meinung

  • Was finden Sie auf meiner Website interessant?
    Artikel
    FAQ
    Links
    Downloads
    Forum
    etwas anderes
    Archiv   Ergebnis
  • Status

  • Besucher
    Heute:
    193
    Gestern:
    329
    Gesamt:
    1.808.676

    Seitenzugriffe
    Heute:
    2.332
    Gestern:
    5.921
  • Benutzer & Gäste
    1 Benutzer registriert, davon online: 3 Gäste
 

Seite in 0.03047 Sekunden generiert