Logo Wetterstation Wiehl

NOAA - Klima Report


Report for 2013 Feb
                   Monthly Climatological Summary for Feb 2013

Name: Wetterstation   City: Wiehl   State: German
Elevation: 241 m  Lat: N 50° 58' 14"   Lon: E 007° 31' 15"

                  Temperature (°C), Rain (mm), Wind Speed (km/h)

                                      Heat  Cool        Avg
    Mean                              Deg   Deg         Wind                 Dom
Day Temp  High   Time   Low    Time   Days  Days  Rain  Speed High   Time    Dir
----------------------------------------------------------------------------------
 1   5,2   6,8   01:35   2,6   23:46  13,1   0,0  12,9   5,2  37,8   01:16     W
 2   2,3   4,2   15:52   1,0   23:07  16,0   0,0   1,5   1,7  27,0   12:23     W
 3   2,1   3,8   23:59   0,6   17:40  16,2   0,0   4,9   5,0  36,7   15:23     W
 4   5,7   8,0   14:10   3,7   00:07  12,6   0,0   8,6   6,2  39,2   01:46     W
 5   2,5   5,1   02:59  -1,0   23:44  15,8   0,0   3,7   7,3  46,4   10:32     W
 6   0,4   3,3   14:36  -1,2   20:08  17,9   0,0   2,5   2,1  20,9   02:53   NNW
 7   1,4   6,3   14:16  -0,1   19:56  16,9   0,0   2,2   1,1  19,4   14:09     W
 8   0,2   2,6   13:07  -1,7   23:07  18,2   0,0   2,2   0,4  13,3   13:25   WNW
 9  -1,4   6,6   13:36  -5,9   23:13  19,6   0,0   1,5   0,8  13,3   13:42    NW
10  -3,1   3,4   13:22  -7,3   07:51  21,4   0,0   0,6   3,7  34,2   14:38   WNW
11  -2,1   2,0   15:07  -4,3   00:00  20,5   0,0   0,0   6,9  30,6   16:40     N
12  -2,2   0,0   13:41  -4,5   02:19  20,5   0,0   0,0   3,7  22,0   10:08     N
13  -1,7   3,9   14:08  -4,9   07:47  20,0   0,0   0,0   0,7   8,6   04:47     N
14  -2,8   0,7   15:07  -8,1   04:34  21,2   0,0   0,0   3,3  31,7   15:23   WSW
15   0,4   2,4   14:47  -1,7   00:00  17,9   0,0   2,5   0,6  12,2   12:11     W
16   2,3   4,2   15:41   1,0   02:19  15,9   0,0   0,9   0,3   8,6   06:43   NNW
17   3,0   8,1   13:23  -0,7   23:56  15,3   0,0   0,0   1,6  14,8   11:28   NNW
18   1,1   8,0   15:19  -3,9   07:20  17,2   0,0   0,0   0,9  15,8   11:45     W
19   0,3   1,9   14:39  -1,8   02:50  17,9   0,0   0,9   0,9  23,4   22:49    NW
20  -1,4   2,0   12:45  -3,9   06:55  19,7   0,0   0,0   5,2  34,2   11:32   NNE
21  -2,3   1,3   12:53  -4,9   07:27  20,6   0,0   0,0   7,0  33,1   10:55   NNE
22  -3,6  -1,2   12:12  -5,1   00:41  21,9   0,0   0,0   7,8  35,6   11:49   NNE
23  -3,8  -2,8   15:07  -5,4   05:35  22,1   0,0   0,0   6,0  29,5   12:14   NNE
24  -0,5   1,7   12:36  -2,9   02:12  18,8   0,0   1,5   1,7  18,4   14:45   NNE
25   1,5   2,7   13:38   0,4   00:56  16,8   0,0   1,2   2,9  17,3   03:54   NNE
26   3,3   8,5   15:18   0,7   05:17  15,0   0,0   0,3   3,7  23,4   20:33   NNE
27   1,3   2,8   15:42   0,2   08:10  17,1   0,0   0,0   4,2  17,3   07:18   NNE
28   2,4   9,2   14:40  -0,8   22:08  15,9   0,0   0,0   2,0  15,8   11:42   NNW
----------------------------------------------------------------------------------
     0,4   9,2    28    -8,1    14   502,0   0,0  47,9   3,3  46,4     5     NNW

Max >=  27,0:  0
Max <=   0,0:  3
Min <=   0,0: 20
Min <= -18,0:  0
Max Rain: 12,9 on day 1
Days of Rain: 16 (>= 0,2 mm)  8 (>= 2,0 mm)  0 (>= 20,0 mm)
Heat Base: 18,3  Cool Base: 18,3  Method: Integration
 
  • Webcam

  • Webcam


  • Newsflash

  • Amtliche WARNUNG vor HITZE

    für Bundesland Nordrhein-Westfalen gültig Montag, 10.08.2020 11:00 Uhr bis: Dienstag, 11.08.2020 19:00 Uhr ausgegeben vom Deutschen Wetterdienst...

    [mehr »]
  • Ihre Meinung

  • Was finden Sie auf meiner Website interessant?
    Artikel
    FAQ
    Links
    Downloads
    Forum
    etwas anderes
    Archiv   Ergebnis
  • Status

  • Besucher
    Heute:
    593
    Gestern:
    616
    Gesamt:
    1.304.984

    Seitenzugriffe
    Heute:
    22.209
    Gestern:
    23.039
  • Benutzer & Gäste
    1 Benutzer registriert, davon online: 20 Gäste
 

Seite in 0.02911 Sekunden generiert